This is the mail archive of the
gcc-testresults@gcc.gnu.org
mailing list for the GCC project.
Results for 4.2.0 20051128 (experimental) testsuite on sparc-sun-solaris2.8
- From: Andreas Tobler <toa at pop dot agri dot ch>
- To: gcc-testresults at gcc dot gnu dot org
- Date: Mon, 28 Nov 2005 23:20:17 +0100
- Subject: Results for 4.2.0 20051128 (experimental) testsuite on sparc-sun-solaris2.8
LAST_UPDATED: Mon Nov 28 07:37:44 UTC 2005 (revision 107597M)
Native configuration is sparc-sun-solaris2.8
=== g++ tests ===
Running target unix/-m64
WARNING: g++.dg/other/ucnid-1.C compilation failed to produce executable
XPASS: g++.dg/tree-ssa/pr14814.C scan-tree-dump-times &this 0
=== g++ Summary for unix/-m64 ===
# of expected passes 11479
# of unexpected successes 1
# of expected failures 68
# of unsupported tests 133
Running target unix
WARNING: g++.dg/other/ucnid-1.C compilation failed to produce executable
XPASS: g++.dg/tree-ssa/pr14814.C scan-tree-dump-times &this 0
=== g++ Summary for unix ===
# of expected passes 11511
# of unexpected successes 1
# of expected failures 68
# of unsupported tests 131
=== g++ Summary ===
# of expected passes 22990
# of unexpected successes 2
# of expected failures 136
# of unsupported tests 264
/export/data/devel-test/gcc-svn/objdir/gcc/testsuite/../g++ version 4.2.0 20051128 (experimental)
=== gcc tests ===
Running target unix/-m64
WARNING: gcc.dg/ucnid-2.c compilation failed to produce executable
WARNING: gcc.dg/ucnid-3.c compilation failed to produce executable
WARNING: gcc.dg/ucnid-4.c compilation failed to produce executable
XPASS: gcc.dg/vect/pr20122.c scan-tree-dump-times vectorized 1 loops 2
FAIL: gcc.dg/vect/pr24300.c (test for excess errors)
XPASS: gcc.dg/vect/vect-105.c scan-tree-dump-times vectorized 1 loops 1
FAIL: gcc.dg/vect/vect-62.c scan-tree-dump-times not vectorized: redundant loop. no profit to vectorize. 1
XPASS: gcc.dg/vect/vect-75.c scan-tree-dump-times vectorized 1 loops 1
XPASS: gcc.dg/vect/vect-76.c scan-tree-dump-times vectorized 3 loops 1
FAIL: gcc.dg/vect/vect-76.c scan-tree-dump-times vectorized 1 loops 1
FAIL: gcc.dg/vect/vect-reduc-1char.c scan-tree-dump-times vectorized 3 loops 1
FAIL: gcc.dg/vect/vect-reduc-1short.c scan-tree-dump-times vectorized 3 loops 1
FAIL: gcc.dg/vect/vect-reduc-2char.c scan-tree-dump-times vectorized 3 loops 1
FAIL: gcc.dg/vect/vect-reduc-2short.c scan-tree-dump-times vectorized 3 loops 1
=== gcc Summary for unix/-m64 ===
# of expected passes 37066
# of unexpected failures 7
# of unexpected successes 4
# of expected failures 109
# of untested testcases 28
# of unsupported tests 396
Running target unix
WARNING: gcc.dg/ucnid-2.c compilation failed to produce executable
WARNING: gcc.dg/ucnid-3.c compilation failed to produce executable
WARNING: gcc.dg/ucnid-4.c compilation failed to produce executable
XPASS: gcc.dg/torture/fp-int-convert-timode.c -O0 execution test
XPASS: gcc.dg/torture/fp-int-convert-timode.c -O1 execution test
XPASS: gcc.dg/torture/fp-int-convert-timode.c -O2 execution test
XPASS: gcc.dg/torture/fp-int-convert-timode.c -O3 -fomit-frame-pointer execution test
XPASS: gcc.dg/torture/fp-int-convert-timode.c -O3 -g execution test
XPASS: gcc.dg/torture/fp-int-convert-timode.c -Os execution test
XPASS: gcc.dg/vect/pr20122.c scan-tree-dump-times vectorized 1 loops 2
FAIL: gcc.dg/vect/pr24300.c (test for excess errors)
XPASS: gcc.dg/vect/vect-105.c scan-tree-dump-times vectorized 1 loops 1
FAIL: gcc.dg/vect/vect-62.c scan-tree-dump-times not vectorized: redundant loop. no profit to vectorize. 1
XPASS: gcc.dg/vect/vect-75.c scan-tree-dump-times vectorized 1 loops 1
XPASS: gcc.dg/vect/vect-76.c scan-tree-dump-times vectorized 3 loops 1
FAIL: gcc.dg/vect/vect-76.c scan-tree-dump-times vectorized 1 loops 1
FAIL: gcc.dg/vect/vect-reduc-1char.c scan-tree-dump-times vectorized 3 loops 1
FAIL: gcc.dg/vect/vect-reduc-1short.c scan-tree-dump-times vectorized 3 loops 1
FAIL: gcc.dg/vect/vect-reduc-2char.c scan-tree-dump-times vectorized 3 loops 1
FAIL: gcc.dg/vect/vect-reduc-2short.c scan-tree-dump-times vectorized 3 loops 1
=== gcc Summary for unix ===
# of expected passes 37072
# of unexpected failures 7
# of unexpected successes 10
# of expected failures 103
# of untested testcases 28
# of unsupported tests 393
=== gcc Summary ===
# of expected passes 74138
# of unexpected failures 14
# of unexpected successes 14
# of expected failures 212
# of untested testcases 56
# of unsupported tests 789
/export/data/devel-test/gcc-svn/objdir/gcc/xgcc version 4.2.0 20051128 (experimental)
=== gfortran tests ===
Running target unix/-m64
FAIL: gfortran.dg/vect/vect-5.f90 -O scan-tree-dump-times Alignment of access forced using versioning. 3
=== gfortran Summary for unix/-m64 ===
# of expected passes 10665
# of unexpected failures 1
# of expected failures 7
# of unsupported tests 55
Running target unix
FAIL: gfortran.dg/cray_pointers_2.f90 -O3 -fomit-frame-pointer -funroll-loops execution test
FAIL: gfortran.dg/cray_pointers_2.f90 -O3 -fomit-frame-pointer -funroll-all-loops -finline-functions execution test
=== gfortran Summary for unix ===
# of expected passes 10633
# of unexpected failures 2
# of expected failures 6
# of unsupported tests 71
=== gfortran Summary ===
# of expected passes 21298
# of unexpected failures 3
# of expected failures 13
# of unsupported tests 126
/export/data/devel-test/gcc-svn/objdir/gcc/testsuite/../gfortran version 4.2.0 20051128 (experimental)
=== obj-c++ tests ===
Running target unix/-m64
FAIL: obj-c++.dg/bitfield-1.mm (test for excess errors)
FAIL: obj-c++.dg/bitfield-4.mm (test for excess errors)
FAIL: obj-c++.dg/cxx-ivars-2.mm execution test
FAIL: obj-c++.dg/encode-3.mm execution test
FAIL: obj-c++.dg/encode-8.mm execution test
FAIL: obj-c++.dg/isa-field-1.mm (test for excess errors)
FAIL: obj-c++.dg/layout-1.mm (test for excess errors)
FAIL: obj-c++.dg/lookup-2.mm (test for excess errors)
WARNING: obj-c++.dg/lookup-2.mm compilation failed to produce executable
FAIL: obj-c++.dg/try-catch-2.mm (test for excess errors)
WARNING: obj-c++.dg/try-catch-2.mm compilation failed to produce executable
FAIL: obj-c++.dg/try-catch-9.mm (test for excess errors)
WARNING: obj-c++.dg/try-catch-9.mm compilation failed to produce executable
=== obj-c++ Summary for unix/-m64 ===
# of expected passes 419
# of unexpected failures 10
# of unsupported tests 13
Running target unix
FAIL: obj-c++.dg/cxx-ivars-2.mm execution test
FAIL: obj-c++.dg/encode-8.mm execution test
FAIL: obj-c++.dg/isa-field-1.mm (test for excess errors)
FAIL: obj-c++.dg/lookup-2.mm (test for excess errors)
WARNING: obj-c++.dg/lookup-2.mm compilation failed to produce executable
FAIL: obj-c++.dg/try-catch-2.mm (test for excess errors)
WARNING: obj-c++.dg/try-catch-2.mm compilation failed to produce executable
FAIL: obj-c++.dg/try-catch-9.mm (test for excess errors)
WARNING: obj-c++.dg/try-catch-9.mm compilation failed to produce executable
=== obj-c++ Summary for unix ===
# of expected passes 423
# of unexpected failures 6
# of unsupported tests 13
=== obj-c++ Summary ===
# of expected passes 842
# of unexpected failures 16
# of unsupported tests 26
/export/data/devel-test/gcc-svn/objdir/gcc/testsuite/../g++ version 4.2.0 20051128 (experimental)
=== objc tests ===
Running target unix/-m64
=== objc Summary for unix/-m64 ===
# of expected passes 1674
# of unsupported tests 22
Running target unix
=== objc Summary for unix ===
# of expected passes 1674
# of unsupported tests 22
=== objc Summary ===
# of expected passes 3348
# of unsupported tests 44
/export/data/devel-test/gcc-svn/objdir/gcc/xgcc version 4.2.0 20051128 (experimental)
=== libffi tests ===
Running target unix/-m64
=== libffi Summary for unix/-m64 ===
# of expected passes 228
# of unsupported tests 2
Running target unix
=== libffi Summary for unix ===
# of expected passes 228
# of unsupported tests 2
=== libffi Summary ===
# of expected passes 456
# of unsupported tests 4
=== libjava tests ===
Running target unix/-m64
FAIL: PR16923 run
FAIL: Array_3 execution - gij test
FAIL: Array_3 execution - gij test
FAIL: Class_1 execution - source compiled test
FAIL: Class_1 execution - bytecode->native test
FAIL: Class_1 -O3 execution - source compiled test
FAIL: Class_1 -O3 execution - bytecode->native test
FAIL: ExtraClassLoader output - source compiled test
FAIL: ExtraClassLoader output - gij test
FAIL: ExtraClassLoader output - bytecode->native test
FAIL: ExtraClassLoader -O3 output - source compiled test
FAIL: ExtraClassLoader output - gij test
FAIL: ExtraClassLoader -O3 output - bytecode->native test
FAIL: FileHandleGcTest execution - source compiled test
FAIL: FileHandleGcTest execution - gij test
FAIL: FileHandleGcTest execution - bytecode->native test
FAIL: FileHandleGcTest -O3 execution - source compiled test
FAIL: FileHandleGcTest execution - gij test
FAIL: FileHandleGcTest -O3 execution - bytecode->native test
FAIL: InvokeInterface execution - bytecode->native test
FAIL: InvokeInterface -O3 execution - bytecode->native test
FAIL: PR12416 execution - bytecode->native test
FAIL: PR12416 -O3 execution - bytecode->native test
FAIL: PR18699 execution - gij test
FAIL: PR260 execution - bytecode->native test
FAIL: PR260 -O3 execution - bytecode->native test
FAIL: Process_6 execution - bytecode->native test
FAIL: SyncTest execution - bytecode->native test
FAIL: SyncTest -O3 execution - bytecode->native test
FAIL: Throw_2 execution - gij test
FAIL: Throw_2 execution - gij test
FAIL: invokethrow execution - bytecode->native test
FAIL: invokethrow -O3 execution - bytecode->native test
FAIL: pr179 execution - bytecode->native test
FAIL: pr179 -O3 execution - bytecode->native test
FAIL: pr8415 execution - bytecode->native test
FAIL: pr8415 -O3 execution - bytecode->native test
FAIL: stringconst2 output - source compiled test
FAIL: stringconst2 output - bytecode->native test
FAIL: stringconst2 -O3 output - source compiled test
FAIL: stringconst2 -O3 output - bytecode->native test
FAIL: pr21115 run
=== libjava Summary for unix/-m64 ===
# of expected passes 3914
# of unexpected failures 42
# of expected failures 10
# of untested testcases 40
Running target unix
FAIL: Array_3 execution - gij test
FAIL: Array_3 execution - gij test
FAIL: Class_1 execution - source compiled test
FAIL: Class_1 execution - bytecode->native test
FAIL: Class_1 -O3 execution - source compiled test
FAIL: Class_1 -O3 execution - bytecode->native test
FAIL: ExtraClassLoader output - source compiled test
FAIL: ExtraClassLoader output - gij test
FAIL: ExtraClassLoader output - bytecode->native test
FAIL: ExtraClassLoader -O3 output - source compiled test
FAIL: ExtraClassLoader output - gij test
FAIL: ExtraClassLoader -O3 output - bytecode->native test
FAIL: FileHandleGcTest execution - source compiled test
FAIL: FileHandleGcTest execution - bytecode->native test
FAIL: FileHandleGcTest -O3 execution - bytecode->native test
FAIL: InvokeInterface execution - bytecode->native test
FAIL: InvokeInterface -O3 execution - bytecode->native test
FAIL: PR12416 execution - bytecode->native test
FAIL: PR12416 -O3 execution - bytecode->native test
FAIL: PR260 execution - bytecode->native test
FAIL: PR260 -O3 execution - bytecode->native test
FAIL: SyncTest execution - bytecode->native test
FAIL: SyncTest -O3 execution - bytecode->native test
FAIL: invokethrow execution - bytecode->native test
FAIL: invokethrow -O3 execution - bytecode->native test
FAIL: pr179 execution - bytecode->native test
FAIL: pr179 -O3 execution - bytecode->native test
FAIL: pr8415 execution - bytecode->native test
FAIL: pr8415 -O3 execution - bytecode->native test
FAIL: stringconst2 output - source compiled test
FAIL: stringconst2 output - bytecode->native test
FAIL: stringconst2 -O3 output - source compiled test
FAIL: stringconst2 -O3 output - bytecode->native test
FAIL: pr21115 run
=== libjava Summary for unix ===
# of expected passes 3929
# of unexpected failures 34
# of expected failures 10
# of untested testcases 32
=== libjava Summary ===
# of expected passes 7843
# of unexpected failures 76
# of expected failures 20
# of untested testcases 72
=== libstdc++ tests ===
Running target unix/-m64
FAIL: ext/array_allocator/2.cc execution test
=== libstdc++ Summary for unix/-m64 ===
# of expected passes 2630
# of unexpected failures 1
# of expected failures 11
# of unsupported tests 151
Running target unix
=== libstdc++ Summary for unix ===
# of expected passes 2631
# of expected failures 11
# of unsupported tests 151
=== libstdc++ Summary ===
# of expected passes 5261
# of unexpected failures 1
# of expected failures 22
# of unsupported tests 302
Compiler version: 4.2.0 20051128 (experimental)
Platform: sparc-sun-solaris2.8
configure flags: --with-as=/usr/ccs/bin/as --with-ld=/usr/ccs/bin/ld --disable-checking --prefix=/export/data/devel-test/gcc-svn/testbin --disable-static --with-gmp=/export/data/devel-test/tools/install --with-mpfr=/export/data/devel-test/tools/install --enable-languages=c,c++,fortran,java,objc,obj-c++