This is the mail archive of the gcc-testresults@gcc.gnu.org mailing list for the GCC project.
Index Nav: | [Date Index] [Subject Index] [Author Index] [Thread Index] | |
---|---|---|
Message Nav: | [Date Prev] [Date Next] | [Thread Prev] [Thread Next] |
Other format: | [Raw text] |
LAST_UPDATED: Sun Nov 27 08:10:07 UTC 2005 (revision 107562) Native configuration is i686-pc-linux-gnu === g++ tests === Running target unix XPASS: g++.dg/tree-ssa/pr14814.C scan-tree-dump-times &this 0 === g++ Summary === # of expected passes 11665 # of unexpected successes 1 # of expected failures 66 # of unsupported tests 64 /scratch/gcc/nightly-2005-11-27-4.1/i686-pc-linux-gnu/build_gcc/install/bin/c++ version 4.1.0 20051127 (prerelease) === gcc tests === Running target unix FAIL: gcc.dg/vect/vect-62.c scan-tree-dump-times not vectorized: redundant loop. no profit to vectorize. 1 === gcc Summary === # of expected passes 37846 # of unexpected failures 1 # of expected failures 97 # of untested testcases 28 # of unsupported tests 235 /scratch/gcc/nightly-2005-11-27-4.1/i686-pc-linux-gnu/build_gcc/install/bin/gcc version 4.1.0 20051127 (prerelease) === libstdc++ tests === Running target unix FAIL: 22_locale/messages/members/char/1.cc execution test FAIL: 22_locale/messages/members/char/2.cc execution test FAIL: 22_locale/messages/members/char/wrapped_env.cc execution test FAIL: 22_locale/messages/members/char/wrapped_locale.cc execution test FAIL: 22_locale/messages_byname/named_equivalence.cc execution test === libstdc++ Summary === # of expected passes 4008 # of unexpected failures 5 # of expected failures 13 # of unsupported tests 5 Compiler version: 4.1.0 20051127 (prerelease) Platform: i686-pc-linux-gnu configure flags: --disable-nls --build=i686-pc-linux-gnu --host=i686-pc-linux-gnu --target=i686-pc-linux-gnu --enable-shared --enable-threads --disable-libmudflap --disable-libssp --disable-libstdcxx-pch --with-gnu-as --with-as=/scratch/gcc/nightly-2005-11-27-4.1/i686-pc-linux-gnu/build_gcc/install/bin/as --with-gnu-ld --with-ld=/scratch/gcc/nightly-2005-11-27-4.1/i686-pc-linux-gnu/build_gcc/install/bin/ld --prefix=/scratch/gcc/nightly-2005-11-27-4.1/i686-pc-linux-gnu/build_gcc/install --enable-languages=c,c++
Index Nav: | [Date Index] [Subject Index] [Author Index] [Thread Index] | |
---|---|---|
Message Nav: | [Date Prev] [Date Next] | [Thread Prev] [Thread Next] |