This is the mail archive of the
gcc-testresults@gcc.gnu.org
mailing list for the GCC project.
Results for 4.0.3 20051126 (prerelease) testsuite on x86_64-unknown-linux-gnu
- From: "Kaveh R. Ghazi" <ghazi at caipclassic dot rutgers dot edu>
- To: gcc-testresults at gcc dot gnu dot org
- Date: Sat, 26 Nov 2005 11:28:34 -0500 (EST)
- Subject: Results for 4.0.3 20051126 (prerelease) testsuite on x86_64-unknown-linux-gnu
LAST_UPDATED:
Native configuration is x86_64-unknown-linux-gnu
=== g++ tests ===
Running target unix/-fPIC
=== g++ Summary for unix/-fPIC ===
# of expected passes 11248
# of expected failures 69
# of unsupported tests 91
Running target unix/-fpic
=== g++ Summary for unix/-fpic ===
# of expected passes 11248
# of expected failures 69
# of unsupported tests 91
Running target unix
=== g++ Summary for unix ===
# of expected passes 11248
# of expected failures 69
# of unsupported tests 91
=== g++ Summary ===
# of expected passes 33744
# of expected failures 207
# of unsupported tests 273
/tmp/kg/40/build/gcc/testsuite/../g++ version 4.0.3 20051126 (prerelease)
=== gcc tests ===
Running target unix/-fPIC
FAIL: gcc.c-torture/execute/builtins/strlen-3.c execution, -O2
FAIL: gcc.c-torture/execute/builtins/strlen-3.c execution, -O3 -fomit-frame-pointer
FAIL: gcc.c-torture/execute/builtins/strlen-3.c execution, -O3 -fomit-frame-pointer -funroll-loops
FAIL: gcc.c-torture/execute/builtins/strlen-3.c execution, -O3 -fomit-frame-pointer -funroll-all-loops -finline-functions
FAIL: gcc.c-torture/execute/builtins/strlen-3.c execution, -O3 -g
FAIL: gcc.dg/20040203-1.c (test for excess errors)
FAIL: gcc.dg/assign-warn-3.c (test for warnings, line 9)
FAIL: gcc.dg/assign-warn-3.c (test for warnings, line 13)
FAIL: gcc.dg/cast-1.c (test for errors, line 26)
FAIL: gcc.dg/cast-1.c (test for errors, line 27)
FAIL: gcc.dg/cast-1.c (test for errors, line 28)
FAIL: gcc.dg/cast-1.c (test for errors, line 29)
FAIL: gcc.dg/cast-1.c (test for errors, line 30)
FAIL: gcc.dg/cast-1.c (test for errors, line 31)
FAIL: gcc.dg/cast-1.c (test for errors, line 32)
FAIL: gcc.dg/cast-1.c (test for errors, line 33)
FAIL: gcc.dg/cast-1.c (test for errors, line 34)
FAIL: gcc.dg/cast-1.c (test for warnings, line 37)
FAIL: gcc.dg/cast-1.c (test for warnings, line 39)
FAIL: gcc.dg/cast-1.c (test for excess errors)
FAIL: gcc.dg/cast-2.c (test for errors, line 26)
FAIL: gcc.dg/cast-2.c (test for errors, line 27)
FAIL: gcc.dg/cast-2.c (test for errors, line 28)
FAIL: gcc.dg/cast-2.c (test for errors, line 29)
FAIL: gcc.dg/cast-2.c (test for errors, line 30)
FAIL: gcc.dg/cast-2.c (test for errors, line 31)
FAIL: gcc.dg/cast-2.c (test for errors, line 32)
FAIL: gcc.dg/cast-2.c (test for errors, line 33)
FAIL: gcc.dg/cast-2.c (test for errors, line 34)
FAIL: gcc.dg/cast-2.c (test for warnings, line 37)
FAIL: gcc.dg/cast-2.c (test for warnings, line 39)
FAIL: gcc.dg/cast-2.c (test for excess errors)
FAIL: gcc.dg/cast-3.c (test for errors, line 26)
FAIL: gcc.dg/cast-3.c (test for errors, line 27)
FAIL: gcc.dg/cast-3.c (test for errors, line 28)
FAIL: gcc.dg/cast-3.c (test for errors, line 29)
FAIL: gcc.dg/cast-3.c (test for errors, line 30)
FAIL: gcc.dg/cast-3.c (test for errors, line 31)
FAIL: gcc.dg/cast-3.c (test for errors, line 32)
FAIL: gcc.dg/cast-3.c (test for errors, line 33)
FAIL: gcc.dg/cast-3.c (test for errors, line 34)
FAIL: gcc.dg/cast-3.c (test for warnings, line 37)
FAIL: gcc.dg/cast-3.c (test for warnings, line 39)
FAIL: gcc.dg/cast-3.c (test for excess errors)
FAIL: gcc.dg/i386-cmov1.c scan-assembler sar[^\\\\n]*magic_namea
FAIL: gcc.dg/i386-cmov1.c scan-assembler sar[^\\\\n]*magic_nameb
FAIL: gcc.dg/i386-cmov1.c scan-assembler sar[^\\\\n]*magic_namec
FAIL: gcc.dg/i386-cmov1.c scan-assembler shr[^\\\\n]*magic_named
FAIL: gcc.dg/i386-cmov1.c scan-assembler shr[^\\\\n]*magic_namee
FAIL: gcc.dg/i386-cmov1.c scan-assembler shr[^\\\\n]*magic_namef
FAIL: gcc.dg/i386-mul.c scan-assembler and[^\\\\n]*magic
FAIL: gcc.dg/i386-ssetype-1.c scan-assembler andpd[^\\\\n]*magic
FAIL: gcc.dg/i386-ssetype-1.c scan-assembler andnpd[^\\\\n]*magic
FAIL: gcc.dg/i386-ssetype-1.c scan-assembler xorpd[^\\\\n]*magic
FAIL: gcc.dg/i386-ssetype-1.c scan-assembler orpd[^\\\\n]*magic
FAIL: gcc.dg/i386-ssetype-1.c scan-assembler movapd[^\\\\n]*magic
FAIL: gcc.dg/i386-ssetype-3.c scan-assembler andps[^\\\\n]*magic
FAIL: gcc.dg/i386-ssetype-3.c scan-assembler andnps[^\\\\n]*magic
FAIL: gcc.dg/i386-ssetype-3.c scan-assembler xorps[^\\\\n]*magic
FAIL: gcc.dg/i386-ssetype-3.c scan-assembler orps[^\\\\n]*magic
FAIL: gcc.dg/i386-ssetype-3.c scan-assembler movaps[^\\\\n]*magic
FAIL: gcc.dg/i386-ssetype-5.c scan-assembler pand[^\\\\n]*magic
FAIL: gcc.dg/i386-ssetype-5.c scan-assembler pandn[^\\\\n]*magic
FAIL: gcc.dg/i386-ssetype-5.c scan-assembler pxor[^\\\\n]*magic
FAIL: gcc.dg/i386-ssetype-5.c scan-assembler por[^\\\\n]*magic
FAIL: gcc.dg/setjmp-2.c (test for excess errors)
WARNING: gcc.dg/setjmp-2.c compilation failed to produce executable
FAIL: gcc.dg/short-compare-1.c (test for excess errors)
WARNING: gcc.dg/short-compare-1.c compilation failed to produce executable
FAIL: gcc.dg/short-compare-2.c (test for excess errors)
WARNING: gcc.dg/short-compare-2.c compilation failed to produce executable
FAIL: gcc.dg/tls/pr24428.c execution test
FAIL: gcc.dg/tree-ssa/ssa-dce-2.c scan-tree-dump-times if 0
XPASS: gcc.dg/vect/vect-22.c scan-tree-dump-times vectorized 3 loops 1
=== gcc Summary for unix/-fPIC ===
# of expected passes 35040
# of unexpected failures 70
# of unexpected successes 1
# of expected failures 98
# of untested testcases 28
# of unsupported tests 444
Running target unix/-fpic
FAIL: gcc.c-torture/execute/builtins/strlen-3.c execution, -O2
FAIL: gcc.c-torture/execute/builtins/strlen-3.c execution, -O3 -fomit-frame-pointer
FAIL: gcc.c-torture/execute/builtins/strlen-3.c execution, -O3 -fomit-frame-pointer -funroll-loops
FAIL: gcc.c-torture/execute/builtins/strlen-3.c execution, -O3 -fomit-frame-pointer -funroll-all-loops -finline-functions
FAIL: gcc.c-torture/execute/builtins/strlen-3.c execution, -O3 -g
FAIL: gcc.dg/20040203-1.c (test for excess errors)
FAIL: gcc.dg/assign-warn-3.c (test for warnings, line 9)
FAIL: gcc.dg/assign-warn-3.c (test for warnings, line 13)
FAIL: gcc.dg/cast-1.c (test for errors, line 26)
FAIL: gcc.dg/cast-1.c (test for errors, line 27)
FAIL: gcc.dg/cast-1.c (test for errors, line 28)
FAIL: gcc.dg/cast-1.c (test for errors, line 29)
FAIL: gcc.dg/cast-1.c (test for errors, line 30)
FAIL: gcc.dg/cast-1.c (test for errors, line 31)
FAIL: gcc.dg/cast-1.c (test for errors, line 32)
FAIL: gcc.dg/cast-1.c (test for errors, line 33)
FAIL: gcc.dg/cast-1.c (test for errors, line 34)
FAIL: gcc.dg/cast-1.c (test for warnings, line 37)
FAIL: gcc.dg/cast-1.c (test for warnings, line 39)
FAIL: gcc.dg/cast-1.c (test for excess errors)
FAIL: gcc.dg/cast-2.c (test for errors, line 26)
FAIL: gcc.dg/cast-2.c (test for errors, line 27)
FAIL: gcc.dg/cast-2.c (test for errors, line 28)
FAIL: gcc.dg/cast-2.c (test for errors, line 29)
FAIL: gcc.dg/cast-2.c (test for errors, line 30)
FAIL: gcc.dg/cast-2.c (test for errors, line 31)
FAIL: gcc.dg/cast-2.c (test for errors, line 32)
FAIL: gcc.dg/cast-2.c (test for errors, line 33)
FAIL: gcc.dg/cast-2.c (test for errors, line 34)
FAIL: gcc.dg/cast-2.c (test for warnings, line 37)
FAIL: gcc.dg/cast-2.c (test for warnings, line 39)
FAIL: gcc.dg/cast-2.c (test for excess errors)
FAIL: gcc.dg/cast-3.c (test for errors, line 26)
FAIL: gcc.dg/cast-3.c (test for errors, line 27)
FAIL: gcc.dg/cast-3.c (test for errors, line 28)
FAIL: gcc.dg/cast-3.c (test for errors, line 29)
FAIL: gcc.dg/cast-3.c (test for errors, line 30)
FAIL: gcc.dg/cast-3.c (test for errors, line 31)
FAIL: gcc.dg/cast-3.c (test for errors, line 32)
FAIL: gcc.dg/cast-3.c (test for errors, line 33)
FAIL: gcc.dg/cast-3.c (test for errors, line 34)
FAIL: gcc.dg/cast-3.c (test for warnings, line 37)
FAIL: gcc.dg/cast-3.c (test for warnings, line 39)
FAIL: gcc.dg/cast-3.c (test for excess errors)
FAIL: gcc.dg/i386-cmov1.c scan-assembler sar[^\\\\n]*magic_namea
FAIL: gcc.dg/i386-cmov1.c scan-assembler sar[^\\\\n]*magic_nameb
FAIL: gcc.dg/i386-cmov1.c scan-assembler sar[^\\\\n]*magic_namec
FAIL: gcc.dg/i386-cmov1.c scan-assembler shr[^\\\\n]*magic_named
FAIL: gcc.dg/i386-cmov1.c scan-assembler shr[^\\\\n]*magic_namee
FAIL: gcc.dg/i386-cmov1.c scan-assembler shr[^\\\\n]*magic_namef
FAIL: gcc.dg/i386-mul.c scan-assembler and[^\\\\n]*magic
FAIL: gcc.dg/i386-ssetype-1.c scan-assembler andpd[^\\\\n]*magic
FAIL: gcc.dg/i386-ssetype-1.c scan-assembler andnpd[^\\\\n]*magic
FAIL: gcc.dg/i386-ssetype-1.c scan-assembler xorpd[^\\\\n]*magic
FAIL: gcc.dg/i386-ssetype-1.c scan-assembler orpd[^\\\\n]*magic
FAIL: gcc.dg/i386-ssetype-1.c scan-assembler movapd[^\\\\n]*magic
FAIL: gcc.dg/i386-ssetype-3.c scan-assembler andps[^\\\\n]*magic
FAIL: gcc.dg/i386-ssetype-3.c scan-assembler andnps[^\\\\n]*magic
FAIL: gcc.dg/i386-ssetype-3.c scan-assembler xorps[^\\\\n]*magic
FAIL: gcc.dg/i386-ssetype-3.c scan-assembler orps[^\\\\n]*magic
FAIL: gcc.dg/i386-ssetype-3.c scan-assembler movaps[^\\\\n]*magic
FAIL: gcc.dg/i386-ssetype-5.c scan-assembler pand[^\\\\n]*magic
FAIL: gcc.dg/i386-ssetype-5.c scan-assembler pandn[^\\\\n]*magic
FAIL: gcc.dg/i386-ssetype-5.c scan-assembler pxor[^\\\\n]*magic
FAIL: gcc.dg/i386-ssetype-5.c scan-assembler por[^\\\\n]*magic
FAIL: gcc.dg/setjmp-2.c (test for excess errors)
WARNING: gcc.dg/setjmp-2.c compilation failed to produce executable
FAIL: gcc.dg/short-compare-1.c (test for excess errors)
WARNING: gcc.dg/short-compare-1.c compilation failed to produce executable
FAIL: gcc.dg/short-compare-2.c (test for excess errors)
WARNING: gcc.dg/short-compare-2.c compilation failed to produce executable
FAIL: gcc.dg/tls/pr24428.c execution test
FAIL: gcc.dg/tree-ssa/ssa-dce-2.c scan-tree-dump-times if 0
XPASS: gcc.dg/vect/vect-22.c scan-tree-dump-times vectorized 3 loops 1
=== gcc Summary for unix/-fpic ===
# of expected passes 35040
# of unexpected failures 70
# of unexpected successes 1
# of expected failures 98
# of untested testcases 28
# of unsupported tests 444
Running target unix
FAIL: gcc.dg/20040203-1.c (test for excess errors)
FAIL: gcc.dg/cast-1.c (test for errors, line 26)
FAIL: gcc.dg/cast-1.c (test for errors, line 27)
FAIL: gcc.dg/cast-1.c (test for errors, line 28)
FAIL: gcc.dg/cast-1.c (test for errors, line 29)
FAIL: gcc.dg/cast-1.c (test for errors, line 30)
FAIL: gcc.dg/cast-1.c (test for errors, line 31)
FAIL: gcc.dg/cast-1.c (test for errors, line 32)
FAIL: gcc.dg/cast-1.c (test for errors, line 33)
FAIL: gcc.dg/cast-1.c (test for errors, line 34)
FAIL: gcc.dg/cast-1.c (test for warnings, line 37)
FAIL: gcc.dg/cast-1.c (test for warnings, line 39)
FAIL: gcc.dg/cast-1.c (test for excess errors)
FAIL: gcc.dg/cast-2.c (test for errors, line 26)
FAIL: gcc.dg/cast-2.c (test for errors, line 27)
FAIL: gcc.dg/cast-2.c (test for errors, line 28)
FAIL: gcc.dg/cast-2.c (test for errors, line 29)
FAIL: gcc.dg/cast-2.c (test for errors, line 30)
FAIL: gcc.dg/cast-2.c (test for errors, line 31)
FAIL: gcc.dg/cast-2.c (test for errors, line 32)
FAIL: gcc.dg/cast-2.c (test for errors, line 33)
FAIL: gcc.dg/cast-2.c (test for errors, line 34)
FAIL: gcc.dg/cast-2.c (test for warnings, line 37)
FAIL: gcc.dg/cast-2.c (test for warnings, line 39)
FAIL: gcc.dg/cast-2.c (test for excess errors)
FAIL: gcc.dg/cast-3.c (test for errors, line 26)
FAIL: gcc.dg/cast-3.c (test for errors, line 27)
FAIL: gcc.dg/cast-3.c (test for errors, line 28)
FAIL: gcc.dg/cast-3.c (test for errors, line 29)
FAIL: gcc.dg/cast-3.c (test for errors, line 30)
FAIL: gcc.dg/cast-3.c (test for errors, line 31)
FAIL: gcc.dg/cast-3.c (test for errors, line 32)
FAIL: gcc.dg/cast-3.c (test for errors, line 33)
FAIL: gcc.dg/cast-3.c (test for errors, line 34)
FAIL: gcc.dg/cast-3.c (test for warnings, line 37)
FAIL: gcc.dg/cast-3.c (test for warnings, line 39)
FAIL: gcc.dg/cast-3.c (test for excess errors)
FAIL: gcc.dg/setjmp-2.c (test for excess errors)
WARNING: gcc.dg/setjmp-2.c compilation failed to produce executable
FAIL: gcc.dg/short-compare-1.c (test for excess errors)
WARNING: gcc.dg/short-compare-1.c compilation failed to produce executable
FAIL: gcc.dg/short-compare-2.c (test for excess errors)
WARNING: gcc.dg/short-compare-2.c compilation failed to produce executable
XPASS: gcc.dg/vect/vect-22.c scan-tree-dump-times vectorized 3 loops 1
=== gcc Summary for unix ===
# of expected passes 35070
# of unexpected failures 40
# of unexpected successes 1
# of expected failures 98
# of untested testcases 28
# of unsupported tests 444
=== gcc Summary ===
# of expected passes 105150
# of unexpected failures 180
# of unexpected successes 3
# of expected failures 294
# of untested testcases 84
# of unsupported tests 1332
/tmp/kg/40/build/gcc/xgcc version 4.0.3 20051126 (prerelease)
=== gfortran tests ===
Running target unix/-fPIC
FAIL: gfortran.fortran-torture/execute/intrinsic_eoshift.f90 compilation, -O3 -fomit-frame-pointer -funroll-loops
FAIL: gfortran.fortran-torture/execute/intrinsic_eoshift.f90 compilation, -O3 -fomit-frame-pointer -funroll-all-loops -finline-functions
=== gfortran Summary for unix/-fPIC ===
# of expected passes 8770
# of unexpected failures 2
# of expected failures 1
# of untested testcases 2
# of unsupported tests 16
Running target unix/-fpic
FAIL: gfortran.fortran-torture/execute/intrinsic_eoshift.f90 compilation, -O3 -fomit-frame-pointer -funroll-loops
FAIL: gfortran.fortran-torture/execute/intrinsic_eoshift.f90 compilation, -O3 -fomit-frame-pointer -funroll-all-loops -finline-functions
=== gfortran Summary for unix/-fpic ===
# of expected passes 8770
# of unexpected failures 2
# of expected failures 1
# of untested testcases 2
# of unsupported tests 16
Running target unix
FAIL: gfortran.fortran-torture/execute/intrinsic_eoshift.f90 compilation, -O3 -fomit-frame-pointer -funroll-loops
FAIL: gfortran.fortran-torture/execute/intrinsic_eoshift.f90 compilation, -O3 -fomit-frame-pointer -funroll-all-loops -finline-functions
=== gfortran Summary for unix ===
# of expected passes 8770
# of unexpected failures 2
# of expected failures 1
# of untested testcases 2
# of unsupported tests 16
=== gfortran Summary ===
# of expected passes 26310
# of unexpected failures 6
# of expected failures 3
# of untested testcases 6
# of unsupported tests 48
/tmp/kg/40/build/gcc/testsuite/../gfortran version 4.0.3 20051126 (prerelease)
=== objc tests ===
Running target unix/-fPIC
=== objc Summary for unix/-fPIC ===
# of expected passes 1536
# of unsupported tests 10
Running target unix/-fpic
=== objc Summary for unix/-fpic ===
# of expected passes 1536
# of unsupported tests 10
Running target unix
=== objc Summary for unix ===
# of expected passes 1536
# of unsupported tests 10
=== objc Summary ===
# of expected passes 4608
# of unsupported tests 30
/tmp/kg/40/build/gcc/xgcc version 4.0.3 20051126 (prerelease)
=== libffi tests ===
Running target unix/-fPIC
=== libffi Summary for unix/-fPIC ===
# of expected passes 219
# of unsupported tests 2
Running target unix/-fpic
=== libffi Summary for unix/-fpic ===
# of expected passes 219
# of unsupported tests 2
Running target unix
=== libffi Summary for unix ===
# of expected passes 219
# of unsupported tests 2
=== libffi Summary ===
# of expected passes 657
# of unsupported tests 6
=== libjava tests ===
Running target unix/-fPIC
=== libjava Summary for unix/-fPIC ===
# of expected passes 3874
# of expected failures 10
# of untested testcases 8
Running target unix/-fpic
=== libjava Summary for unix/-fpic ===
# of expected passes 3874
# of expected failures 10
# of untested testcases 8
Running target unix
=== libjava Summary for unix ===
# of expected passes 3874
# of expected failures 10
# of untested testcases 8
=== libjava Summary ===
# of expected passes 11622
# of expected failures 30
# of untested testcases 24
=== libmudflap tests ===
Running target unix/-fPIC
WARNING: program timed out.
FAIL: libmudflap.cth/pass39-frag.c (-O3) (rerun 4) execution test
FAIL: libmudflap.cth/pass39-frag.c (-O3) (rerun 4) output pattern test
=== libmudflap Summary for unix/-fPIC ===
# of expected passes 1286
# of unexpected failures 2
Running target unix/-fpic
=== libmudflap Summary for unix/-fpic ===
# of expected passes 1288
Running target unix
=== libmudflap Summary for unix ===
# of expected passes 1288
=== libmudflap Summary ===
# of expected passes 3862
# of unexpected failures 2
=== libstdc++ tests ===
Running target unix/-fPIC
XPASS: 22_locale/locale/cons/12658_thread-1.cc execution test
XPASS: 27_io/fpos/14320-1.cc execution test
=== libstdc++ Summary for unix/-fPIC ===
# of expected passes 3711
# of unexpected successes 2
# of expected failures 12
Running target unix/-fpic
XPASS: 22_locale/locale/cons/12658_thread-1.cc execution test
XPASS: 27_io/fpos/14320-1.cc execution test
=== libstdc++ Summary for unix/-fpic ===
# of expected passes 3711
# of unexpected successes 2
# of expected failures 12
Running target unix
XPASS: 22_locale/locale/cons/12658_thread-1.cc execution test
XPASS: 26_numerics/cmath/c99_classification_macros_c.cc (test for excess errors)
XPASS: 27_io/fpos/14320-1.cc execution test
=== libstdc++ Summary for unix ===
# of expected passes 3711
# of unexpected successes 3
# of expected failures 11
=== libstdc++ Summary ===
# of expected passes 11133
# of unexpected successes 7
# of expected failures 35
Compiler version: 4.0.3 20051126 (prerelease)
Platform: x86_64-unknown-linux-gnu
configure flags: --verbose --enable-checking=yes,rtl --enable-multilib=no --enable-languages=c,c++,f95,java,objc