This is the mail archive of the
gcc-testresults@gcc.gnu.org
mailing list for the GCC project.
Results for 4.0.2 testsuite on x86_64-unknown-linux-gnu
- From: root at buzzard dot Timmy (root)
- To: gcc-testresults at gcc dot gnu dot org
- Date: Fri, 25 Nov 2005 01:01:19 -0800
- Subject: Results for 4.0.2 testsuite on x86_64-unknown-linux-gnu
System config:
OS: Suse 9.3 with updates
MB: ASUS SK-8V
CPU: FX-51 w/ 2 g
Build uneventful.
LAST_UPDATED: Obtained from CVS: -rgcc_4_0_2_release
Native configuration is x86_64-unknown-linux-gnu
=== gcc tests ===
Running target unix
XPASS: gcc.dg/vect/vect-22.c scan-tree-dump-times vectorized 3 loops 1
=== gcc Summary ===
# of expected passes 34944
# of unexpected successes 1
# of expected failures 98
# of untested testcases 28
# of unsupported tests 441
/Applications/Programming/gccbuild/gcc/xgcc version 4.0.2
=== gfortran tests ===
Running target unix
=== gfortran Summary ===
# of expected passes 8193
# of expected failures 1
# of unsupported tests 16
/Applications/Programming/gccbuild/gcc/testsuite/../gfortran version 4.0.2
=== g++ tests ===
Running target unix
FAIL: g++.dg/template/array14.C (test for excess errors)
=== g++ Summary ===
# of expected passes 11033
# of unexpected failures 1
# of expected failures 69
# of unsupported tests 90
/Applications/Programming/gccbuild/gcc/testsuite/../g++ version 4.0.2
=== objc tests ===
Running target unix
=== objc Summary ===
# of expected passes 1536
# of unsupported tests 10
/Applications/Programming/gccbuild/gcc/xgcc version 4.0.2
=== libffi tests ===
Running target unix
=== libffi Summary ===
# of expected passes 219
# of unsupported tests 2
=== libjava tests ===
Running target unix
=== libjava Summary ===
# of expected passes 3814
# of expected failures 14
# of untested testcases 16
=== libmudflap tests ===
Running target unix
=== libmudflap Summary ===
# of expected passes 1288
=== libstdc++ tests ===
Running target unix
XPASS: 22_locale/locale/cons/12658_thread-1.cc execution test
XPASS: 26_numerics/cmath/c99_classification_macros_c.cc (test for excess errors)
XPASS: 27_io/fpos/14320-1.cc execution test
=== libstdc++ Summary ===
# of expected passes 3668
# of unexpected successes 3
# of expected failures 11
Compiler version: 4.0.2
Platform: x86_64-unknown-linux-gnu
configure flags: --prefix=/opt/gcc4 --enable-language=c,c++,f95 --enable-languages=c,c++,f95,java,objc