This is the mail archive of the
gcc-testresults@gcc.gnu.org
mailing list for the GCC project.
Results for 4.2.020051122(experimental) testsuite on i686-pc-linux-gnu
- From: Georg Bauhaus <bauhaus at futureapps dot de>
- To: gcc-testresults at gcc dot gnu dot org
- Date: Thu, 24 Nov 2005 02:41:48 +0100
- Subject: Results for 4.2.020051122(experimental) testsuite on i686-pc-linux-gnu
test c93005e from ACATS had to be killed by sending SIGHUP.
It had run for some hours not consuming much CPU time.
Linux sonnenregen 2.6.12-9-686-smp #1 SMP Mon Oct 10 13:36:57 BST 2005 i686 GNU/Linux
bootstrapped using GCC 4.2 from the previous build (20051120).
LAST_UPDATED:
=== acats tests ===
FAIL: c32001e
FAIL: c52103x
FAIL: c52104x
FAIL: c52104y
FAIL: c64105b
FAIL: c93005e
FAIL: c95086b
FAIL: c954a01
FAIL: ca11c01
FAIL: cdd2a02
=== acats Summary ===
# of expected passes 2309
# of unexpected failures 10
Native configuration is i686-pc-linux-gnu
=== gcc tests ===
Running target unix
FAIL: gcc.dg/vect/vect-62.c scan-tree-dump-times not vectorized: redundant loop. no profit to vectorize. 1
=== gcc Summary ===
# of expected passes 37880
# of unexpected failures 1
# of expected failures 97
# of untested testcases 28
# of unsupported tests 234
/werkstatt/georg/build/gcc/xgcc version 4.2.0 20051122 (experimental)
=== gfortran tests ===
Running target unix
FAIL: gfortran.dg/namelist_21.f90 -O0 execution test
FAIL: gfortran.dg/namelist_21.f90 -O1 execution test
FAIL: gfortran.dg/namelist_21.f90 -O2 execution test
FAIL: gfortran.dg/namelist_21.f90 -O3 -fomit-frame-pointer execution test
FAIL: gfortran.dg/namelist_21.f90 -O3 -fomit-frame-pointer -funroll-loops execution test
FAIL: gfortran.dg/namelist_21.f90 -O3 -fomit-frame-pointer -funroll-all-loops -finline-functions execution test
FAIL: gfortran.dg/namelist_21.f90 -O3 -g execution test
FAIL: gfortran.dg/namelist_21.f90 -Os execution test
FAIL: gfortran.dg/namelist_22.f90 -O0 execution test
FAIL: gfortran.dg/namelist_22.f90 -O1 execution test
FAIL: gfortran.dg/namelist_22.f90 -O2 execution test
FAIL: gfortran.dg/namelist_22.f90 -O3 -fomit-frame-pointer execution test
FAIL: gfortran.dg/namelist_22.f90 -O3 -fomit-frame-pointer -funroll-loops execution test
FAIL: gfortran.dg/namelist_22.f90 -O3 -fomit-frame-pointer -funroll-all-loops -finline-functions execution test
FAIL: gfortran.dg/namelist_22.f90 -O3 -g execution test
FAIL: gfortran.dg/namelist_22.f90 -Os execution test
=== gfortran Summary ===
# of expected passes 10694
# of unexpected failures 16
# of expected failures 15
# of unsupported tests 16
/werkstatt/georg/build/gcc/testsuite/../gfortran version 4.2.0 20051122 (experimental)
=== g++ tests ===
Running target unix
FAIL: g++.dg/other/i386-1.C execution test
XPASS: g++.dg/tree-ssa/pr14814.C scan-tree-dump-times &this 0
=== g++ Summary ===
# of expected passes 11664
# of unexpected failures 1
# of unexpected successes 1
# of expected failures 66
# of unsupported tests 64
/werkstatt/georg/build/gcc/testsuite/../g++ version 4.2.0 20051122 (experimental)
=== libstdc++ tests ===
Running target unix
FAIL: abi_check
XPASS: 26_numerics/cmath/c99_classification_macros_c.cc (test for excess errors)
=== libstdc++ Summary ===
# of expected passes 3387
# of unexpected failures 1
# of unexpected successes 1
# of expected failures 12
# of unsupported tests 319
Compiler version: 4.2.020051122(experimental)
Platform: i686-pc-linux-gnu
configure flags: --prefix=/opt/GCC/42 --disable-nls --enable-languages=c,ada,c++,fortran