This is the mail archive of the
gcc-testresults@gcc.gnu.org
mailing list for the GCC project.
Results for 4.2.0 20051120 (experimental) testsuite on sparc-unknown-linux-gnu
- From: Christian Joensson <chj at j-son dot org>
- To: gcc-testresults at gcc dot gnu dot org
- Date: Mon, 21 Nov 2005 18:20:36 +0100
- Subject: Results for 4.2.0 20051120 (experimental) testsuite on sparc-unknown-linux-gnu
Aurora SPARC Linux release 2.0b2 (Kashmir FC3) UltraSparc IIi (Sabre) sun4u:
(still missing are glibc-2.3.5-0.fc3.1.sparc64,
glibc-devel-2.3.5-0.fc3.1.sparc64, gmp-4.1.4-3sparc.sparc64,
gmp-devel-4.1.4-3sparc.sparc64, libgcc-3.4.3-22.sparc.sparc64,
libstdc++-3.4.3-22.sparc.sparc64, libstdc++-devel-3.4.3-22.sparc.sparc64)
binutils-2.15.92.0.2-5.sparc
bison-1.875c-2.sparc
dejagnu-1.4.4-2.noarch
expect-5.42.1-1.sparc
gcc-3.4.2-6.fc3.sparc
package gcc4 is not installed
glibc-2.3.3-99.sparcv9
glibc-devel-2.3.3-99.sparc
glibc-headers-2.3.3-99.sparc
glibc-kernheaders-2.6-20sparc.sparc
gmp-4.1.4-3sparc.sparc
gmp-devel-4.1.4-3sparc.sparc
kernel-2.6.13-1.1603sp8.sparc64
kernel-devel-2.6.13-1.1603sp8.sparc
kernel-devel-2.6.13-1.1603sp8.sparc64
package kernel-smp is not installed
libgcc-3.4.2-6.fc3.sparc
libstdc++-3.4.2-6.fc3.sparc
libstdc++-devel-3.4.2-6.fc3.sparc
make-3.80-5.sparc
nptl-devel-2.3.3-99.sparcv9
tcl-8.4.7-2.sparc
LAST_UPDATED: Sun Nov 20 15:47:33 UTC 2005 (revision 107252)
Native configuration is sparc-unknown-linux-gnu
=== gcc tests ===
Running target unix
XPASS: gcc.dg/vect/pr20122.c scan-tree-dump-times vectorized 1 loops 2
FAIL: gcc.dg/vect/pr24300.c (test for excess errors)
XPASS: gcc.dg/vect/vect-105.c scan-tree-dump-times vectorized 1 loops 1
FAIL: gcc.dg/vect/vect-62.c scan-tree-dump-times not vectorized: redundant loop. no profit to vectorize. 1
XPASS: gcc.dg/vect/vect-75.c scan-tree-dump-times vectorized 1 loops 1
XPASS: gcc.dg/vect/vect-76.c scan-tree-dump-times vectorized 3 loops 1
FAIL: gcc.dg/vect/vect-76.c scan-tree-dump-times vectorized 1 loops 1
FAIL: gcc.dg/vect/vect-reduc-1char.c scan-tree-dump-times vectorized 3 loops 1
FAIL: gcc.dg/vect/vect-reduc-1short.c scan-tree-dump-times vectorized 3 loops 1
FAIL: gcc.dg/vect/vect-reduc-2char.c scan-tree-dump-times vectorized 3 loops 1
FAIL: gcc.dg/vect/vect-reduc-2short.c scan-tree-dump-times vectorized 3 loops 1
=== gcc Summary ===
# of expected passes 37113
# of unexpected failures 7
# of unexpected successes 4
# of expected failures 102
# of untested testcases 28
# of unsupported tests 344
/usr/local/src/trunk/objdir32/gcc/xgcc version 4.2.0 20051120 (experimental)
=== gfortran tests ===
Running target unix
FAIL: gfortran.dg/cray_pointers_2.f90 -O3 -fomit-frame-pointer -funroll-loops execution test
FAIL: gfortran.dg/cray_pointers_2.f90 -O3 -fomit-frame-pointer -funroll-all-loops -finline-functions execution test
=== gfortran Summary ===
# of expected passes 10539
# of unexpected failures 2
# of expected failures 14
# of unsupported tests 63
/usr/local/src/trunk/objdir32/gcc/testsuite/../gfortran version 4.2.0 20051120 (experimental)
=== g++ tests ===
Running target unix
XPASS: g++.old-deja/g++.other/init5.C execution test
=== g++ Summary ===
# of expected passes 11593
# of unexpected successes 1
# of expected failures 66
# of unsupported tests 102
/usr/local/src/trunk/objdir32/gcc/testsuite/../g++ version 4.2.0 20051120 (experimental)
=== objc tests ===
Running target unix
=== objc Summary ===
# of expected passes 1672
# of unsupported tests 22
/usr/local/src/trunk/objdir32/gcc/xgcc version 4.2.0 20051120 (experimental)
=== libffi tests ===
Running target unix
=== libffi Summary ===
# of expected passes 228
# of unsupported tests 2
=== libjava tests ===
Running target unix
=== libjava Summary ===
# of expected passes 3986
# of expected failures 10
# of untested testcases 8
=== libmudflap tests ===
Running target unix
FAIL: libmudflap.c/pass54-frag.c execution test
FAIL: libmudflap.c/pass54-frag.c execution test
FAIL: libmudflap.c/pass54-frag.c (-static) execution test
FAIL: libmudflap.c/pass54-frag.c (-static) execution test
=== libmudflap Summary ===
# of expected passes 1785
# of unexpected failures 4
=== libstdc++ tests ===
Running target unix
XPASS: 26_numerics/cmath/c99_classification_macros_c.cc (test for excess errors)
=== libstdc++ Summary ===
# of expected passes 4024
# of unexpected successes 1
# of expected failures 12
Compiler version: 4.2.0 20051120 (experimental)
Platform: sparc-unknown-linux-gnu
configure flags: sparc-linux --enable-__cxa_atexit --disable-multilib --enable-shared --enable-languages=c,c++,fortran,java,objc
Counting all warnings,
there are 48 warnings in stage0 of this bootstrap.
Number of warnings per file:
14 gcc/fixincludes/fixincl.x
6 libmudflap/mf-runtime.c
4 include/gc_config.h
4 include/config.h
2 libtool
2 gcc/boehm-gc/os_dep.c
2 ./fpu-target.h
2 fastjar/shift.c
1 libobjc/thr.c
1 libobjc/sendmsg.c
1 libobjc/Object.m
1 libjava/prims.cc
1 libjava/gnu/gcj/io/shs.cc
1 libgfortran/io/read.c
1 java/net/natVMNetworkInterface.cc
1 gcc/unwind-pe.h
1 gcc/coretypes.h
1 gcc/boehm-gc/mark_rts.c
1 fastjar/jartool.c
1 fastjar/compress.c
Number of warning types:
15 string length \`???' is greater than the length \`???' ISO C89 compilers are required to support
5 this is the location of the previous definition
2 unused parameter \`???'
2 \`???' is ignored for convenience libraries
2 \`???' is deprecated (declared at /usr/include/signal.h:184)
2 implicit declaration of function \`???'
2 format \`???' expects type \`???', but argument 6 has type \`???'
2 format \`???' expects type \`???', but argument 4 has type \`???'
2 format \`???' expects type \`???', but argument 15 has type \`???'
2 comparison between signed and unsigned
1 unused variable \`???'
1 \`rtx' redefined
1 \`PACKAGE_VERSION' redefined
1 \`PACKAGE_TARNAME' redefined
1 \`PACKAGE_STRING' redefined
1 \`PACKAGE_NAME' redefined
1 function returns address of local variable
1 \`???' function does return
1 \`???' defined but not used
1 \`???' declared \`???' but never defined
1 comparison of distinct pointer types lacks a cast
1 comparison between signed and unsigned integer expressions
Counting all warnings,
there are 10 warnings in stage3 of this bootstrap.
Number of warnings per file:
4 gcc/gcc.c
3 gengtype-lex.c
2 gcc/objc/lang-specs.h
1 gcc/java/jvspec.c
Number of warning types:
7 string length \`???' is greater than the length \`???' ISO C89 compilers are required to support
3 old-style function definition