This is the mail archive of the
gcc-testresults@gcc.gnu.org
mailing list for the GCC project.
Results for 4.1.0 20051118 (experimental) testsuite on i686-pc-linux-gnu
- From: Laurent GUERBY <laurent at guerby dot net>
- To: gcc-test <gcc-testresults at gcc dot gnu dot org>
- Date: Sat, 19 Nov 2005 10:26:26 +0100
- Subject: Results for 4.1.0 20051118 (experimental) testsuite on i686-pc-linux-gnu
LAST_UPDATED: Fri Nov 18 21:53:12 UTC 2005 (revision 107191M)
=== acats tests ===
FAIL: c32001e
FAIL: c64105b
FAIL: c95086b
FAIL: ca11c01
FAIL: cdd2a02
=== acats Summary ===
# of expected passes 2314
# of unexpected failures 5
Native configuration is i686-pc-linux-gnu
=== gcc tests ===
Running target unix
FAIL: gcc.dg/vect/vect-62.c scan-tree-dump-times not vectorized: redundant loop. no profit to vectorize. 1
=== gcc Summary ===
# of expected passes 37825
# of unexpected failures 1
# of expected failures 97
# of untested testcases 28
# of unsupported tests 251
/home/guerby/work/gcc/build/build-20051118T231550/gcc/xgcc version 4.1.0 20051118 (experimental)
Compiler version: 4.1.0 20051118 (experimental)
Platform: i686-pc-linux-gnu
configure flags: --prefix=/home/guerby/work/gcc/install/install-20051118T231550 --enable-__cxa_atexit --disable-nls --enable-threads=posix --disable-multilib --enable-checking --enable-languages=c,ada