This is the mail archive of the
gcc-testresults@gcc.gnu.org
mailing list for the GCC project.
Results for 4.1.0 20051116 (experimental) testsuite on s390-ibm-linux-gnu
- From: Ulrich Weigand <uweigand at de dot ibm dot com>
- To: gcc-testresults at gcc dot gnu dot org
- Date: Thu, 17 Nov 2005 02:04:16 +0100
- Subject: Results for 4.1.0 20051116 (experimental) testsuite on s390-ibm-linux-gnu
LAST_UPDATED:
=== acats tests ===
FAIL: c32001e
FAIL: c34007p
FAIL: c34007r
FAIL: c45282b
FAIL: c52103x
FAIL: c52104x
FAIL: c52104y
FAIL: c64105b
FAIL: c95086b
FAIL: ca11c01
FAIL: ce3810b
=== acats Summary ===
# of expected passes 2308
# of unexpected failures 11
Native configuration is s390-ibm-linux-gnu
=== gcc tests ===
Running target unix
XPASS: gcc.dg/tree-ssa/20040204-1.c scan-tree-dump-times link_error 0
=== gcc Summary ===
# of expected passes 36729
# of unexpected successes 1
# of expected failures 74
# of untested testcases 28
# of unsupported tests 301
/mnt/dasdc1/fsf/gcc-head-build/gcc/xgcc version 4.1.0 20051116 (experimental)
=== libmudflap tests ===
Running target unix
=== libmudflap Summary ===
# of expected passes 1680
# of unsupported tests 2
Compiler version: 4.1.0 20051116 (experimental)
Platform: s390-ibm-linux-gnu
configure flags: --prefix=/home/uweigand/fsf/gcc-head-install --enable-__cxa_atexit --enable-languages=c,ada