This is the mail archive of the
gcc-testresults@gcc.gnu.org
mailing list for the GCC project.
Results for 4.1.0 20051108 (experimental) testsuite onx86_64-unknown-linux-gnu
- From: Laurent GUERBY <laurent at guerby dot net>
- To: gcc-test <gcc-testresults at gcc dot gnu dot org>
- Date: Wed, 09 Nov 2005 22:37:46 +0100
- Subject: Results for 4.1.0 20051108 (experimental) testsuite onx86_64-unknown-linux-gnu
LAST_UPDATED: Tue Nov 8 23:06:18 UTC 2005 (revision 106664)
=== acats tests ===
FAIL: c34007p
FAIL: c34007r
FAIL: c45282b
FAIL: c52103x
FAIL: c52104x
FAIL: c52104y
FAIL: c954025
FAIL: c99004a
FAIL: ca11c01
FAIL: cdd2a02
=== acats Summary ===
# of expected passes 2309
# of unexpected failures 10
Native configuration is x86_64-unknown-linux-gnu
=== gcc tests ===
Running target unix
FAIL: tmpdir-gcc.dg-struct-layout-1/t026 c_compat_x_tst.o-c_compat_y_tst.o execute
FAIL: gcc.dg/ipa/ipa-5.c scan-ipa-dump-times versioned function 2
FAIL: gcc.dg/ipa/ipa-5.c scan-ipa-dump-times propagating const 2
FAIL: gcc.dg/tree-ssa/loop-3.c scan-tree-dump-times step: 1
=== gcc Summary ===
# of expected passes 37558
# of unexpected failures 4
# of expected failures 95
# of untested testcases 28
# of unsupported tests 367
/home/guerby/work/gcc/build/build-20051109T001806/gcc/xgcc version 4.1.0 20051108 (experimental)
Compiler version: 4.1.0 20051108 (experimental)
Platform: x86_64-unknown-linux-gnu
configure flags: --prefix=/home/guerby/work/gcc/install/install-20051109T001806 --enable-__cxa_atexit --disable-nls --enable-threads=posix --disable-multilib --enable-checking --enable-languages=c,ada