This is the mail archive of the
gcc-testresults@gcc.gnu.org
mailing list for the GCC project.
Results for 4.1.0 20051025 (experimental) testsuite on hppa2.0w-hp-hpux11.11
- From: John David Anglin <dave at hiauly3 dot hia dot nrc dot ca>
- To: dave at hiauly3 dot hia dot nrc dot ca, gcc-testresults at gcc dot gnu dot org
- Date: Tue, 25 Oct 2005 09:24:27 -0400 (EDT)
- Subject: Results for 4.1.0 20051025 (experimental) testsuite on hppa2.0w-hp-hpux11.11
LAST_UPDATED: Tue Oct 25 02:32:33 UTC 2005
Native configuration is hppa2.0w-hp-hpux11.11
=== g++ tests ===
Running target unix
FAIL: g++.old-deja/g++.abi/cxa_vec.C execution test
FAIL: g++.old-deja/g++.abi/vtable2.C (test for excess errors)
WARNING: g++.old-deja/g++.abi/vtable2.C compilation failed to produce executable
=== g++ Summary ===
# of expected passes 11119
# of unexpected failures 2
# of expected failures 67
# of unsupported tests 142
/test/gnu/gcc-3.3/objdir/gcc/testsuite/../g++ version 4.1.0 20051025 (experimental)
=== gcc tests ===
Running target unix
FAIL: gcc.dg/ipa/ipa-5.c scan-ipa-dump-times versioned function 2
FAIL: gcc.dg/ipa/ipa-5.c scan-ipa-dump-times propagating const 2
FAIL: gcc.dg/weak/weak-14.c (test for excess errors)
WARNING: gcc.dg/weak/weak-14.c compilation failed to produce executable
=== gcc Summary ===
# of expected passes 35864
# of unexpected failures 3
# of expected failures 76
# of untested testcases 28
# of unsupported tests 621
/test/gnu/gcc-3.3/objdir/gcc/xgcc version 4.1.0 20051025 (experimental)
=== gfortran tests ===
Running target unix
FAIL: gfortran.dg/large_real_kind_2.F90 -O0 (test for excess errors)
WARNING: gfortran.dg/large_real_kind_2.F90 -O0 compilation failed to produce executable
FAIL: gfortran.dg/large_real_kind_2.F90 -O1 (test for excess errors)
WARNING: gfortran.dg/large_real_kind_2.F90 -O1 compilation failed to produce executable
FAIL: gfortran.dg/large_real_kind_2.F90 -O2 (test for excess errors)
WARNING: gfortran.dg/large_real_kind_2.F90 -O2 compilation failed to produce executable
FAIL: gfortran.dg/large_real_kind_2.F90 -O3 -fomit-frame-pointer (test for excess errors)
WARNING: gfortran.dg/large_real_kind_2.F90 -O3 -fomit-frame-pointer compilation failed to produce executable
FAIL: gfortran.dg/large_real_kind_2.F90 -O3 -fomit-frame-pointer -funroll-loops (test for excess errors)
WARNING: gfortran.dg/large_real_kind_2.F90 -O3 -fomit-frame-pointer -funroll-loops compilation failed to produce executable
FAIL: gfortran.dg/large_real_kind_2.F90 -O3 -fomit-frame-pointer -funroll-all-loops -finline-functions (test for excess errors)
WARNING: gfortran.dg/large_real_kind_2.F90 -O3 -fomit-frame-pointer -funroll-all-loops -finline-functions compilation failed to produce executable
FAIL: gfortran.dg/large_real_kind_2.F90 -O3 -g (test for excess errors)
WARNING: gfortran.dg/large_real_kind_2.F90 -O3 -g compilation failed to produce executable
FAIL: gfortran.dg/large_real_kind_2.F90 -Os (test for excess errors)
WARNING: gfortran.dg/large_real_kind_2.F90 -Os compilation failed to produce executable
FAIL: gfortran.dg/module_equivalence_1.f90 -O0 (test for excess errors)
WARNING: gfortran.dg/module_equivalence_1.f90 -O0 compilation failed to produce executable
FAIL: gfortran.dg/module_equivalence_1.f90 -O1 (test for excess errors)
WARNING: gfortran.dg/module_equivalence_1.f90 -O1 compilation failed to produce executable
FAIL: gfortran.dg/module_equivalence_1.f90 -O2 (test for excess errors)
WARNING: gfortran.dg/module_equivalence_1.f90 -O2 compilation failed to produce executable
FAIL: gfortran.dg/module_equivalence_1.f90 -O3 -fomit-frame-pointer (test for excess errors)
WARNING: gfortran.dg/module_equivalence_1.f90 -O3 -fomit-frame-pointer compilation failed to produce executable
FAIL: gfortran.dg/module_equivalence_1.f90 -O3 -fomit-frame-pointer -funroll-loops (test for excess errors)
WARNING: gfortran.dg/module_equivalence_1.f90 -O3 -fomit-frame-pointer -funroll-loops compilation failed to produce executable
FAIL: gfortran.dg/module_equivalence_1.f90 -O3 -fomit-frame-pointer -funroll-all-loops -finline-functions (test for excess errors)
WARNING: gfortran.dg/module_equivalence_1.f90 -O3 -fomit-frame-pointer -funroll-all-loops -finline-functions compilation failed to produce executable
FAIL: gfortran.dg/module_equivalence_1.f90 -O3 -g (test for excess errors)
WARNING: gfortran.dg/module_equivalence_1.f90 -O3 -g compilation failed to produce executable
FAIL: gfortran.dg/module_equivalence_1.f90 -Os (test for excess errors)
WARNING: gfortran.dg/module_equivalence_1.f90 -Os compilation failed to produce executable
=== gfortran Summary ===
# of expected passes 9901
# of unexpected failures 16
# of expected failures 1
# of unsupported tests 34
/test/gnu/gcc-3.3/objdir/gcc/testsuite/../gfortran version 4.1.0 20051025 (experimental)
=== objc tests ===
Running target unix
=== objc Summary ===
# of expected passes 1670
# of unsupported tests 23
/test/gnu/gcc-3.3/objdir/gcc/xgcc version 4.1.0 20051025 (experimental)
=== libstdc++ tests ===
Running target unix
FAIL: ext/pool_allocator/allocate_chunk.cc execution test
=== libstdc++ Summary ===
# of expected passes 2582
# of unexpected failures 1
# of expected failures 13
# of unsupported tests 158
Compiler version: 4.1.0 20051025 (experimental)
Platform: hppa2.0w-hp-hpux11.11
configure flags: --with-gnu-as --with-as=/opt/gnu/bin/as --enable-shared --disable-nls --with-local-prefix=/opt/gnu --prefix=/opt/gnu/gcc/gcc-4.1.0 --enable-debug=no --enable-threads=posix --with-gmp=/opt/gnu --disable-libmudflap --enable-languages=c,c++,fortran,java,objc