This is the mail archive of the
gcc-testresults@gcc.gnu.org
mailing list for the GCC project.
Results for 3.4.5 20051022 (prerelease) testsuite on i686-pc-linux-gnu
- From: Al Stone <ahs3 at fc dot hp dot com>
- To: gcc-testresults at gcc dot gnu dot org
- Date: Sun, 23 Oct 2005 05:59:48 -0600 (MDT)
- Subject: Results for 3.4.5 20051022 (prerelease) testsuite on i686-pc-linux-gnu
LAST_UPDATED:
Native configuration is i686-pc-linux-gnu
=== g++ tests ===
Running target unix
ERROR: tcl error sourcing /home/builder/nightly-build/build/src/upstream/gcc-3.4/gcc/testsuite/g++.dg/dg.exp.
ERROR: couldn't open "/home/builder/nightly-build/build/src/upstream/gcc-3.4/gcc/testsuite/g++.dg/parse/stmtexpr1.C": no such file or directory
ERROR: /home/builder/nightly-build/build/src/upstream/gcc-3.4/gcc/testsuite/g++.dg/gcov/gcov.exp does not exist.
ERROR: /home/builder/nightly-build/build/src/upstream/gcc-3.4/gcc/testsuite/g++.dg/pch/pch.exp does not exist.
ERROR: /home/builder/nightly-build/build/src/upstream/gcc-3.4/gcc/testsuite/g++.dg/special/ecos.exp does not exist.
ERROR: /home/builder/nightly-build/build/src/upstream/gcc-3.4/gcc/testsuite/g++.dg/tls/tls.exp does not exist.
=== g++ Summary ===
# of expected passes 2197
# of expected failures 12
# of unsupported tests 34
/home/builder/nightly-build/build/i686/obj/upstream/gcc-3.4/gcc/testsuite/../g++ version 3.4.5 20051022 (prerelease)
=== gcc tests ===
Running target unix
FAIL: gcc.c-torture/execute/va-arg-25.c execution, -Os
FAIL: gcc.dg/cleanup-8.c execution test
FAIL: gcc.dg/cleanup-9.c execution test
=== gcc Summary ===
# of expected passes 25350
# of unexpected failures 3
# of expected failures 70
# of untested testcases 7
# of unsupported tests 213
/home/builder/nightly-build/build/i686/obj/upstream/gcc-3.4/gcc/xgcc version 3.4.5 20051022 (prerelease)
Compiler version: 3.4.5 20051022 (prerelease)
Platform: i686-pc-linux-gnu
configure flags: --prefix=/opt/toolchain/tot-20051022 --program-suffix=-3.4 --enable-languages=c,c++ --with-system-zlib --enable-nls --without-included-gettext
Counting all warnings,
there are 0 warnings in stage3 of this bootstrap.
Number of warnings per file:
Number of warning types: