This is the mail archive of the
gcc-testresults@gcc.gnu.org
mailing list for the GCC project.
Results for 4.1.0 20051014 (experimental) testsuite on x86_64-unknown-linux-gnu
- From: hjl at gnu-13 dot sc dot intel dot com (H.J. Lu)
- To: gcc-testresults at gcc dot gnu dot org
- Date: Fri, 14 Oct 2005 17:25:10 -0700 (PDT)
- Subject: Results for 4.1.0 20051014 (experimental) testsuite on x86_64-unknown-linux-gnu
LAST_UPDATED: Fri Oct 14 21:28:09 UTC 2005
Native configuration is x86_64-unknown-linux-gnu
=== gcc tests ===
Running target unix/-m32
FAIL: gcc.dg/i386-sse-vect-types.c (test for errors, line 17)
FAIL: gcc.dg/ipa/ipa-5.c scan-ipa-dump-times versioned function 2
FAIL: gcc.dg/ipa/ipa-5.c scan-ipa-dump-times propagating const 2
FAIL: gcc.dg/tree-ssa/loop-9.c scan-assembler-times lea 0
=== gcc Summary for unix/-m32 ===
# of expected passes 37492
# of unexpected failures 4
# of expected failures 96
# of untested testcases 28
# of unsupported tests 365
Running target unix
FAIL: tmpdir-gcc.dg-struct-layout-1/t026 c_compat_x_tst.o-c_compat_y_tst.o execute
FAIL: gcc.dg/i386-sse-vect-types.c (test for errors, line 17)
FAIL: gcc.dg/ipa/ipa-5.c scan-ipa-dump-times versioned function 2
FAIL: gcc.dg/ipa/ipa-5.c scan-ipa-dump-times propagating const 2
FAIL: gcc.dg/tree-ssa/loop-3.c scan-tree-dump-times step: 1
FAIL: gcc.misc-tests/mg.c
FAIL: compiler driver --coverage option(s) (compiler options)
FAIL: gcc.target/i386/amd64-abi-1.c (test for errors, line 5)
FAIL: gcc.target/i386/amd64-abi-1.c (test for excess errors)
FAIL: gcc.target/i386/asm-1.c (test for errors, line 4)
FAIL: gcc.target/i386/asm-1.c (test for excess errors)
=== gcc Summary for unix ===
# of expected passes 37435
# of unexpected failures 11
# of expected failures 95
# of untested testcases 28
# of unsupported tests 459
=== gcc Summary ===
# of expected passes 74927
# of unexpected failures 15
# of expected failures 191
# of untested testcases 56
# of unsupported tests 824
=== gfortran tests ===
Running target unix/-m32
=== gfortran Summary for unix/-m32 ===
# of expected passes 9624
# of expected failures 12
# of unsupported tests 24
Running target unix
=== gfortran Summary for unix ===
# of expected passes 9637
# of expected failures 15
# of unsupported tests 16
=== gfortran Summary ===
# of expected passes 19261
# of expected failures 27
# of unsupported tests 40
/export/build/gnu/gcc/build-x86_64-linux/gcc/testsuite/../gfortran version 4.1.0 20051014 (experimental)
=== g++ tests ===
Running target unix/-m32
FAIL: g++.dg/other/switch2.C (test for errors, line 16)
FAIL: g++.dg/other/switch2.C (test for errors, line 17)
FAIL: g++.dg/other/switch2.C (test for errors, line 18)
FAIL: g++.dg/other/switch2.C (test for errors, line 19)
FAIL: g++.dg/other/switch2.C (test for errors, line 20)
=== g++ Summary for unix/-m32 ===
# of expected passes 11474
# of unexpected failures 5
# of expected failures 67
# of unsupported tests 69
Running target unix
FAIL: g++.dg/other/switch2.C (test for errors, line 16)
FAIL: g++.dg/other/switch2.C (test for errors, line 17)
FAIL: g++.dg/other/switch2.C (test for errors, line 18)
FAIL: g++.dg/other/switch2.C (test for errors, line 19)
FAIL: g++.dg/other/switch2.C (test for errors, line 20)
FAIL: g++.old-deja/g++.eh/spec1.C execution test
FAIL: g++.old-deja/g++.eh/spec2.C execution test
FAIL: g++.old-deja/g++.eh/spec3.C execution test
FAIL: g++.old-deja/g++.eh/spec4.C execution test
FAIL: g++.old-deja/g++.mike/dyncast1.C execution test
FAIL: g++.old-deja/g++.mike/dyncast2.C execution test
FAIL: g++.old-deja/g++.mike/eh21.C execution test
FAIL: g++.old-deja/g++.mike/eh35.C execution test
FAIL: g++.old-deja/g++.mike/eh38.C execution test
FAIL: g++.old-deja/g++.mike/eh40.C execution test
FAIL: g++.old-deja/g++.mike/eh8.C execution test
FAIL: g++.old-deja/g++.robertl/eh990323-4.C execution test
=== g++ Summary for unix ===
# of expected passes 11387
# of unexpected failures 17
# of expected failures 67
# of unsupported tests 92
=== g++ Summary ===
# of expected passes 22861
# of unexpected failures 22
# of expected failures 134
# of unsupported tests 161
/export/build/gnu/gcc/build-x86_64-linux/gcc/testsuite/../g++ version 4.1.0 20051014 (experimental)
=== objc tests ===
Running target unix/-m32
=== objc Summary for unix/-m32 ===
# of expected passes 1672
# of unsupported tests 22
Running target unix
=== objc Summary for unix ===
# of expected passes 1672
# of unsupported tests 22
=== objc Summary ===
# of expected passes 3344
# of unsupported tests 44
/export/build/gnu/gcc/build-x86_64-linux/gcc/xgcc version 4.1.0 20051014 (experimental)
=== libffi tests ===
Running target unix/-m32
=== libffi Summary for unix/-m32 ===
# of expected passes 228
# of unsupported tests 2
Running target unix
=== libffi Summary for unix ===
# of expected passes 228
# of unsupported tests 2
=== libffi Summary ===
# of expected passes 456
# of unsupported tests 4
=== libjava tests ===
Running target unix/-m32
=== libjava Summary for unix/-m32 ===
# of expected passes 3986
# of expected failures 10
# of untested testcases 8
Running target unix
=== libjava Summary for unix ===
# of expected passes 3986
# of expected failures 10
# of untested testcases 8
=== libjava Summary ===
# of expected passes 7972
# of expected failures 20
# of untested testcases 16
=== libmudflap tests ===
Running target unix/-m32
FAIL: libmudflap.cth/pass37-frag.c (-static -DSTATIC) execution test
FAIL: libmudflap.cth/pass37-frag.c (-static -DSTATIC) output pattern test
FAIL: libmudflap.cth/pass37-frag.c (-static -DSTATIC) (rerun 1) execution test
FAIL: libmudflap.cth/pass37-frag.c (-static -DSTATIC) (rerun 1) output pattern test
FAIL: libmudflap.cth/pass37-frag.c (-static -DSTATIC) (rerun 2) execution test
FAIL: libmudflap.cth/pass37-frag.c (-static -DSTATIC) (rerun 2) output pattern test
FAIL: libmudflap.cth/pass37-frag.c (-static -DSTATIC) (rerun 3) execution test
FAIL: libmudflap.cth/pass37-frag.c (-static -DSTATIC) (rerun 3) output pattern test
FAIL: libmudflap.cth/pass37-frag.c (-static -DSTATIC) (rerun 4) execution test
FAIL: libmudflap.cth/pass37-frag.c (-static -DSTATIC) (rerun 4) output pattern test
FAIL: libmudflap.cth/pass37-frag.c (-static -DSTATIC) (rerun 5) execution test
FAIL: libmudflap.cth/pass37-frag.c (-static -DSTATIC) (rerun 5) output pattern test
FAIL: libmudflap.cth/pass37-frag.c (-static -DSTATIC) (rerun 6) execution test
FAIL: libmudflap.cth/pass37-frag.c (-static -DSTATIC) (rerun 6) output pattern test
FAIL: libmudflap.cth/pass37-frag.c (-static -DSTATIC) (rerun 7) execution test
FAIL: libmudflap.cth/pass37-frag.c (-static -DSTATIC) (rerun 7) output pattern test
FAIL: libmudflap.cth/pass37-frag.c (-static -DSTATIC) (rerun 8) execution test
FAIL: libmudflap.cth/pass37-frag.c (-static -DSTATIC) (rerun 8) output pattern test
FAIL: libmudflap.cth/pass37-frag.c (-static -DSTATIC) (rerun 9) execution test
FAIL: libmudflap.cth/pass37-frag.c (-static -DSTATIC) (rerun 9) output pattern test
FAIL: libmudflap.cth/pass37-frag.c (-static -DSTATIC) (rerun 10) execution test
FAIL: libmudflap.cth/pass37-frag.c (-static -DSTATIC) (rerun 10) output pattern test
FAIL: libmudflap.cth/pass37-frag.c (-static -DSTATIC) (rerun 11) execution test
FAIL: libmudflap.cth/pass37-frag.c (-static -DSTATIC) (rerun 11) output pattern test
FAIL: libmudflap.cth/pass37-frag.c (-static -DSTATIC) (rerun 12) execution test
FAIL: libmudflap.cth/pass37-frag.c (-static -DSTATIC) (rerun 12) output pattern test
FAIL: libmudflap.cth/pass37-frag.c (-static -DSTATIC) (rerun 13) execution test
FAIL: libmudflap.cth/pass37-frag.c (-static -DSTATIC) (rerun 13) output pattern test
FAIL: libmudflap.cth/pass37-frag.c (-static -DSTATIC) (rerun 14) execution test
FAIL: libmudflap.cth/pass37-frag.c (-static -DSTATIC) (rerun 14) output pattern test
FAIL: libmudflap.cth/pass37-frag.c (-static -DSTATIC) (rerun 15) execution test
FAIL: libmudflap.cth/pass37-frag.c (-static -DSTATIC) (rerun 15) output pattern test
FAIL: libmudflap.cth/pass37-frag.c (-static -DSTATIC) (rerun 16) execution test
FAIL: libmudflap.cth/pass37-frag.c (-static -DSTATIC) (rerun 16) output pattern test
FAIL: libmudflap.cth/pass37-frag.c (-static -DSTATIC) (rerun 17) execution test
FAIL: libmudflap.cth/pass37-frag.c (-static -DSTATIC) (rerun 17) output pattern test
FAIL: libmudflap.cth/pass37-frag.c (-static -DSTATIC) (rerun 18) execution test
FAIL: libmudflap.cth/pass37-frag.c (-static -DSTATIC) (rerun 18) output pattern test
FAIL: libmudflap.cth/pass37-frag.c (-static -DSTATIC) (rerun 19) execution test
FAIL: libmudflap.cth/pass37-frag.c (-static -DSTATIC) (rerun 19) output pattern test
FAIL: libmudflap.cth/pass39-frag.c (-static -DSTATIC) execution test
FAIL: libmudflap.cth/pass39-frag.c (-static -DSTATIC) output pattern test
FAIL: libmudflap.cth/pass39-frag.c (-static -DSTATIC) (rerun 1) execution test
FAIL: libmudflap.cth/pass39-frag.c (-static -DSTATIC) (rerun 1) output pattern test
FAIL: libmudflap.cth/pass39-frag.c (-static -DSTATIC) (rerun 2) execution test
FAIL: libmudflap.cth/pass39-frag.c (-static -DSTATIC) (rerun 2) output pattern test
FAIL: libmudflap.cth/pass39-frag.c (-static -DSTATIC) (rerun 3) execution test
FAIL: libmudflap.cth/pass39-frag.c (-static -DSTATIC) (rerun 3) output pattern test
FAIL: libmudflap.cth/pass39-frag.c (-static -DSTATIC) (rerun 4) execution test
FAIL: libmudflap.cth/pass39-frag.c (-static -DSTATIC) (rerun 4) output pattern test
FAIL: libmudflap.cth/pass39-frag.c (-static -DSTATIC) (rerun 5) execution test
FAIL: libmudflap.cth/pass39-frag.c (-static -DSTATIC) (rerun 5) output pattern test
FAIL: libmudflap.cth/pass39-frag.c (-static -DSTATIC) (rerun 6) execution test
FAIL: libmudflap.cth/pass39-frag.c (-static -DSTATIC) (rerun 6) output pattern test
FAIL: libmudflap.cth/pass39-frag.c (-static -DSTATIC) (rerun 7) execution test
FAIL: libmudflap.cth/pass39-frag.c (-static -DSTATIC) (rerun 7) output pattern test
FAIL: libmudflap.cth/pass39-frag.c (-static -DSTATIC) (rerun 8) execution test
FAIL: libmudflap.cth/pass39-frag.c (-static -DSTATIC) (rerun 8) output pattern test
FAIL: libmudflap.cth/pass39-frag.c (-static -DSTATIC) (rerun 9) execution test
FAIL: libmudflap.cth/pass39-frag.c (-static -DSTATIC) (rerun 9) output pattern test
FAIL: libmudflap.cth/pass39-frag.c (-static -DSTATIC) (rerun 10) execution test
FAIL: libmudflap.cth/pass39-frag.c (-static -DSTATIC) (rerun 10) output pattern test
FAIL: libmudflap.cth/pass39-frag.c (-static -DSTATIC) (rerun 11) execution test
FAIL: libmudflap.cth/pass39-frag.c (-static -DSTATIC) (rerun 11) output pattern test
FAIL: libmudflap.cth/pass39-frag.c (-static -DSTATIC) (rerun 12) execution test
FAIL: libmudflap.cth/pass39-frag.c (-static -DSTATIC) (rerun 12) output pattern test
FAIL: libmudflap.cth/pass39-frag.c (-static -DSTATIC) (rerun 13) execution test
FAIL: libmudflap.cth/pass39-frag.c (-static -DSTATIC) (rerun 13) output pattern test
FAIL: libmudflap.cth/pass39-frag.c (-static -DSTATIC) (rerun 14) execution test
FAIL: libmudflap.cth/pass39-frag.c (-static -DSTATIC) (rerun 14) output pattern test
FAIL: libmudflap.cth/pass39-frag.c (-static -DSTATIC) (rerun 15) execution test
FAIL: libmudflap.cth/pass39-frag.c (-static -DSTATIC) (rerun 15) output pattern test
FAIL: libmudflap.cth/pass39-frag.c (-static -DSTATIC) (rerun 16) execution test
FAIL: libmudflap.cth/pass39-frag.c (-static -DSTATIC) (rerun 16) output pattern test
FAIL: libmudflap.cth/pass39-frag.c (-static -DSTATIC) (rerun 17) execution test
FAIL: libmudflap.cth/pass39-frag.c (-static -DSTATIC) (rerun 17) output pattern test
FAIL: libmudflap.cth/pass39-frag.c (-static -DSTATIC) (rerun 18) execution test
FAIL: libmudflap.cth/pass39-frag.c (-static -DSTATIC) (rerun 18) output pattern test
FAIL: libmudflap.cth/pass39-frag.c (-static -DSTATIC) (rerun 19) execution test
FAIL: libmudflap.cth/pass39-frag.c (-static -DSTATIC) (rerun 19) output pattern test
FAIL: libmudflap.cth/pass40-frag.c (-static -DSTATIC) execution test
FAIL: libmudflap.cth/pass40-frag.c (-static -DSTATIC) output pattern test
=== libmudflap Summary for unix/-m32 ===
# of expected passes 1707
# of unexpected failures 82
Running target unix
=== libmudflap Summary for unix ===
# of expected passes 1789
=== libmudflap Summary ===
# of expected passes 3496
# of unexpected failures 82
=== libstdc++ tests ===
Running target unix/-m32
FAIL: 22_locale/messages/members/char/1.cc execution test
FAIL: 22_locale/messages/members/char/2.cc execution test
FAIL: 22_locale/messages/members/char/wrapped_env.cc execution test
FAIL: 22_locale/messages/members/char/wrapped_locale.cc execution test
FAIL: 22_locale/messages_byname/named_equivalence.cc execution test
XPASS: 26_numerics/cmath/c99_classification_macros_c.cc (test for excess errors)
FAIL: tr1/3_function_objects/bind/all_bound.cc (test for excess errors)
FAIL: tr1/3_function_objects/bind/nested.cc (test for excess errors)
FAIL: tr1/3_function_objects/bind/placeholders.cc (test for excess errors)
FAIL: tr1/3_function_objects/bind/ref.cc (test for excess errors)
FAIL: tr1/3_function_objects/function/1.cc (test for excess errors)
FAIL: tr1/3_function_objects/function/2.cc (test for excess errors)
FAIL: tr1/3_function_objects/function/3.cc (test for excess errors)
FAIL: tr1/3_function_objects/function/4.cc (test for excess errors)
FAIL: tr1/3_function_objects/function/5.cc (test for excess errors)
FAIL: tr1/3_function_objects/function/6.cc (test for excess errors)
FAIL: tr1/3_function_objects/function/7.cc (test for excess errors)
FAIL: tr1/3_function_objects/function/8.cc (test for excess errors)
FAIL: tr1/3_function_objects/function/9.cc (test for excess errors)
FAIL: tr1/3_function_objects/mem_fn.cc (test for excess errors)
FAIL: tr1/3_function_objects/reference_wrapper/invoke.cc (test for excess errors)
FAIL: tr1/3_function_objects/reference_wrapper/typedefs.cc (test for excess errors)
FAIL: tr1/3_function_objects/result_of.cc (test for excess errors)
FAIL: tr1/6_containers/tuple/comparison_operators/comparisons.cc (test for excess errors)
FAIL: tr1/6_containers/tuple/cons/assignment.cc (test for excess errors)
FAIL: tr1/6_containers/tuple/cons/big_tuples.cc (test for excess errors)
FAIL: tr1/6_containers/tuple/cons/constructor.cc (test for excess errors)
FAIL: tr1/6_containers/tuple/creation_functions/23978.cc (test for excess errors)
FAIL: tr1/6_containers/tuple/creation_functions/make_tuple.cc (test for excess errors)
FAIL: tr1/6_containers/tuple/creation_functions/tie.cc (test for excess errors)
FAIL: tr1/6_containers/tuple/element_access/get.cc (test for excess errors)
FAIL: tr1/6_containers/tuple/tuple_element.cc (test for excess errors)
FAIL: tr1/6_containers/tuple/tuple_size.cc (test for excess errors)
FAIL: tr1/6_containers/unordered/23781.cc (test for excess errors)
FAIL: tr1/6_containers/unordered/erase/24061-map.cc (test for excess errors)
FAIL: tr1/6_containers/unordered/erase/24061-multimap.cc (test for excess errors)
FAIL: tr1/6_containers/unordered/erase/24061-multiset.cc (test for excess errors)
FAIL: tr1/6_containers/unordered/erase/24061-set.cc (test for excess errors)
FAIL: tr1/6_containers/unordered/find/map1.cc (test for excess errors)
FAIL: tr1/6_containers/unordered/find/multimap1.cc (test for excess errors)
FAIL: tr1/6_containers/unordered/find/multiset1.cc (test for excess errors)
FAIL: tr1/6_containers/unordered/find/set1.cc (test for excess errors)
FAIL: tr1/6_containers/unordered/hashtable/23053.cc (test for excess errors)
FAIL: tr1/6_containers/unordered/hashtable/23465.cc (test for excess errors)
FAIL: tr1/6_containers/unordered/hashtable/24054.cc (test for excess errors)
FAIL: tr1/6_containers/unordered/hashtable/24064.cc (test for excess errors)
FAIL: tr1/6_containers/unordered/insert/24061-map.cc (test for excess errors)
FAIL: tr1/6_containers/unordered/insert/24061-multimap.cc (test for excess errors)
FAIL: tr1/6_containers/unordered/insert/24061-multiset.cc (test for excess errors)
FAIL: tr1/6_containers/unordered/insert/24061-set.cc (test for excess errors)
FAIL: tr1/6_containers/unordered/insert/array_syntax.cc (test for excess errors)
FAIL: tr1/6_containers/unordered/insert/map_range.cc (test for excess errors)
FAIL: tr1/6_containers/unordered/insert/map_single.cc (test for excess errors)
FAIL: tr1/6_containers/unordered/insert/multimap_range.cc (test for excess errors)
FAIL: tr1/6_containers/unordered/insert/multimap_single.cc (test for excess errors)
FAIL: tr1/6_containers/unordered/insert/multiset_range.cc (test for excess errors)
FAIL: tr1/6_containers/unordered/insert/multiset_single.cc (test for excess errors)
FAIL: tr1/6_containers/unordered/insert/set_range.cc (test for excess errors)
FAIL: tr1/6_containers/unordered/insert/set_single.cc (test for excess errors)
FAIL: tr1/6_containers/unordered/instantiate/hash.cc (test for excess errors)
FAIL: tr1/6_containers/unordered/instantiate/map.cc (test for excess errors)
FAIL: tr1/6_containers/unordered/instantiate/multimap.cc (test for excess errors)
FAIL: tr1/6_containers/unordered/instantiate/multiset.cc (test for excess errors)
FAIL: tr1/6_containers/unordered/instantiate/set.cc (test for excess errors)
FAIL: tr1/6_containers/unordered/types/map_iterator.cc (test for excess errors)
FAIL: tr1/6_containers/unordered/types/multimap_iterator.cc (test for excess errors)
FAIL: tr1/6_containers/unordered/types/multiset_iterator.cc (test for excess errors)
FAIL: tr1/6_containers/unordered/types/set_iterator.cc (test for excess errors)
=== libstdc++ Summary for unix/-m32 ===
# of expected passes 3915
# of unexpected failures 67
# of unexpected successes 1
# of expected failures 15
# of unsupported tests 4
Running target unix
FAIL: 20_util/memory/allocator/8230.cc execution test
FAIL: 21_strings/basic_string/cons/char/1.cc execution test
FAIL: 21_strings/basic_string/cons/char/3.cc execution test
FAIL: 21_strings/basic_string/cons/wchar_t/1.cc execution test
FAIL: 21_strings/basic_string/cons/wchar_t/3.cc execution test
FAIL: 21_strings/basic_string/insert/char/1.cc execution test
FAIL: 21_strings/basic_string/insert/wchar_t/1.cc execution test
FAIL: 21_strings/basic_string/inserters_extractors/pod/10081-in.cc execution test
FAIL: 22_locale/locale/cons/12352.cc execution test
FAIL: 22_locale/locale/cons/12438.cc execution test
FAIL: 22_locale/numpunct/members/pod/2.cc execution test
FAIL: 23_containers/bitset/to_ulong/1.cc execution test
FAIL: 23_containers/vector/capacity/8230.cc execution test
FAIL: 23_containers/vector/resize/1.cc execution test
XPASS: 26_numerics/cmath/c99_classification_macros_c.cc (test for excess errors)
FAIL: 27_io/basic_filebuf/overflow/char/13858.cc execution test
FAIL: 27_io/basic_filebuf/overflow/char/9182-2.cc execution test
FAIL: 27_io/basic_filebuf/overflow/wchar_t/13858.cc execution test
FAIL: 27_io/basic_filebuf/seekoff/wchar_t/3.cc execution test
FAIL: 27_io/basic_filebuf/seekpos/wchar_t/1.cc execution test
FAIL: 27_io/basic_filebuf/sync/char/9182-1.cc execution test
FAIL: 27_io/basic_ios/copyfmt/char/1.cc execution test
FAIL: 27_io/basic_ios/exceptions/char/1.cc execution test
FAIL: 27_io/basic_ios/imbue/14072.cc execution test
FAIL: 27_io/basic_istream/extractors_arithmetic/char/exceptions_failbit.cc execution test
FAIL: 27_io/basic_istream/extractors_arithmetic/pod/3983-1.cc execution test
FAIL: 27_io/basic_istream/extractors_arithmetic/wchar_t/exceptions_failbit.cc execution test
FAIL: 27_io/basic_istream/extractors_character/pod/3983-2.cc execution test
FAIL: 27_io/basic_istream/extractors_other/char/exceptions_failbit_throw.cc execution test
FAIL: 27_io/basic_istream/extractors_other/char/exceptions_null.cc execution test
FAIL: 27_io/basic_istream/extractors_other/pod/3983-3.cc execution test
FAIL: 27_io/basic_istream/extractors_other/wchar_t/exceptions_failbit_throw.cc execution test
FAIL: 27_io/basic_istream/extractors_other/wchar_t/exceptions_null.cc execution test
FAIL: 27_io/basic_istream/sentry/char/12297.cc execution test
FAIL: 27_io/basic_istream/sentry/pod/1.cc execution test
FAIL: 27_io/basic_istream/sentry/wchar_t/12297.cc execution test
FAIL: 27_io/basic_ostream/inserters_other/char/exceptions_failbit_throw.cc execution test
FAIL: 27_io/basic_ostream/inserters_other/char/exceptions_null.cc execution test
FAIL: 27_io/basic_ostream/inserters_other/wchar_t/exceptions_failbit_throw.cc execution test
FAIL: 27_io/basic_ostream/inserters_other/wchar_t/exceptions_null.cc execution test
XPASS: 27_io/fpos/14320-1.cc execution test
FAIL: 27_io/ios_base/storage/2.cc execution test
FAIL: ext/array_allocator/1.cc execution test
FAIL: ext/array_allocator/3.cc execution test
FAIL: ext/array_allocator/check_allocate_max_size.cc execution test
FAIL: ext/bitmap_allocator/check_allocate_max_size.cc execution test
FAIL: ext/malloc_allocator/check_allocate_max_size.cc execution test
FAIL: ext/mt_allocator/22309_thread.cc execution test
FAIL: ext/mt_allocator/check_allocate_max_size.cc execution test
FAIL: ext/new_allocator/check_allocate_max_size.cc execution test
FAIL: ext/pool_allocator/check_allocate_max_size.cc execution test
=== libstdc++ Summary for unix ===
# of expected passes 3933
# of unexpected failures 49
# of unexpected successes 2
# of expected failures 14
# of unsupported tests 4
=== libstdc++ Summary ===
# of expected passes 7848
# of unexpected failures 116
# of unexpected successes 3
# of expected failures 29
# of unsupported tests 8
Compiler version: 4.1.0 20051014 (experimental)
Platform: x86_64-unknown-linux-gnu
configure flags: --enable-clocale=gnu --with-system-zlib --with-demangler-in-ld --enable-shared --enable-threads=posix --enable-haifa --disable-checking --prefix=/usr/gcc-4.1 --with-local-prefix=/usr/local --enable-languages=c,c++,fortran,java,objc