This is the mail archive of the
gcc-testresults@gcc.gnu.org
mailing list for the GCC project.
Results for 3.3.6 (Debian 1:3.3.6-10) testsuite on arm-unknown-linux-gnu
- From: Matthias Klose <doko at debian dot org>
- To: gcc-testresults at gcc dot gnu dot org
- Cc: debian-gcc at lists dot debian dot org
- Date: Fri, 07 Oct 2005 17:55:07 -0600
- Subject: Results for 3.3.6 (Debian 1:3.3.6-10) testsuite on arm-unknown-linux-gnu
- Reply-to: Matthias Klose <doko at debian dot org>
LAST_UPDATED:
Native configuration is arm-unknown-linux-gnu
=== libstdc++-v3 tests ===
Running target unix
XPASS: 22_locale/collate_byname.cc execution test
XPASS: 22_locale/collate_members_char.cc execution test
XPASS: 22_locale/collate_members_wchar_t.cc execution test
XPASS: 22_locale/ctype_is_char.cc execution test
XPASS: 22_locale/ctype_is_wchar_t.cc execution test
XPASS: 22_locale/members.cc execution test
XPASS: 22_locale/messages_byname.cc execution test
XPASS: 22_locale/messages_members_char.cc execution test
XPASS: 22_locale/money_get_members_char.cc execution test
XPASS: 22_locale/money_get_members_wchar_t.cc execution test
XPASS: 22_locale/money_put_members_char.cc execution test
XPASS: 22_locale/money_put_members_wchar_t.cc execution test
XPASS: 22_locale/moneypunct_byname.cc execution test
XPASS: 22_locale/moneypunct_members_char.cc execution test
XPASS: 22_locale/moneypunct_members_wchar_t.cc execution test
XPASS: 22_locale/num_get_members_char.cc execution test
XPASS: 22_locale/num_get_members_wchar_t.cc execution test
XPASS: 22_locale/num_put_members_char.cc execution test
XPASS: 22_locale/num_put_members_wchar_t.cc execution test
XPASS: 22_locale/numpunct_byname.cc execution test
XPASS: 22_locale/numpunct_members_char.cc execution test
XPASS: 22_locale/numpunct_members_wchar_t.cc execution test
XPASS: 22_locale/time_get_members_char.cc execution test
XPASS: 22_locale/time_get_members_wchar_t.cc execution test
XPASS: 22_locale/time_put_members_char.cc execution test
XPASS: 22_locale/time_put_members_wchar_t.cc execution test
WARNING: program timed out.
FAIL: 27_io/filebuf_members.cc execution test
WARNING: program timed out.
FAIL: thread/pthread5.cc execution test
WARNING: program timed out.
FAIL: thread/pthread6.cc execution test
=== libstdc++-v3 Summary ===
# of expected passes 450
# of unexpected failures 3
# of unexpected successes 26
# of expected failures 2
=== g++ tests ===
Running target unix
FAIL: g++.dg/abi/empty6.C (test for warnings, line 6)
FAIL: g++.dg/abi/vbase10.C (test for warnings, line 6)
FAIL: g++.dg/init/array16.C execution test
XPASS: g++.dg/other/packed1.C execution test
FAIL: 258: expected branch percentages not found: 25
FAIL: g++.dg/gcov/gcov-1.C gcov: 0 failures in line counts, 1 in branch percentages, 0 in return percentages
XPASS: g++.other/init5.C Execution test
=== g++ Summary ===
# of expected passes 8184
# of unexpected failures 5
# of unexpected successes 2
# of expected failures 97
# of untested testcases 23
# of unsupported tests 30
/build/buildd/gcc-3.3-3.3.6/build/gcc/testsuite/../g++ version 3.3.6 (Debian 1:3.3.6-10)
=== gcc tests ===
Running target unix
WARNING: program timed out.
FAIL: gcc.c-torture/compile/20001226-1.c, -O3 -g
XPASS: gcc.c-torture/execute/20020720-1.c compilation, -O1
XPASS: gcc.c-torture/execute/20020720-1.c compilation, -O2
XPASS: gcc.c-torture/execute/20020720-1.c compilation, -O3 -fomit-frame-pointer
XPASS: gcc.c-torture/execute/20020720-1.c compilation, -O3 -g
XPASS: gcc.c-torture/execute/20020720-1.c compilation, -Os
FAIL: gcc.c-torture/execute/ieee/fp-cmp-1.c execution, -O0
FAIL: gcc.c-torture/execute/ieee/fp-cmp-1.c execution, -O1
FAIL: gcc.c-torture/execute/ieee/fp-cmp-1.c execution, -O2
FAIL: gcc.c-torture/execute/ieee/fp-cmp-1.c execution, -O3 -fomit-frame-pointer
FAIL: gcc.c-torture/execute/ieee/fp-cmp-1.c execution, -O3 -fomit-frame-pointer -funroll-loops
FAIL: gcc.c-torture/execute/ieee/fp-cmp-1.c execution, -O3 -fomit-frame-pointer -funroll-all-loops -finline-functions
FAIL: gcc.c-torture/execute/ieee/fp-cmp-1.c execution, -O3 -g
FAIL: gcc.c-torture/execute/ieee/fp-cmp-1.c execution, -Os
FAIL: gcc.c-torture/execute/ieee/fp-cmp-2.c execution, -O0
FAIL: gcc.c-torture/execute/ieee/fp-cmp-2.c execution, -O1
FAIL: gcc.c-torture/execute/ieee/fp-cmp-2.c execution, -O2
FAIL: gcc.c-torture/execute/ieee/fp-cmp-2.c execution, -O3 -fomit-frame-pointer
FAIL: gcc.c-torture/execute/ieee/fp-cmp-2.c execution, -O3 -fomit-frame-pointer -funroll-loops
FAIL: gcc.c-torture/execute/ieee/fp-cmp-2.c execution, -O3 -fomit-frame-pointer -funroll-all-loops -finline-functions
FAIL: gcc.c-torture/execute/ieee/fp-cmp-2.c execution, -O3 -g
FAIL: gcc.c-torture/execute/ieee/fp-cmp-2.c execution, -Os
FAIL: gcc.c-torture/execute/ieee/fp-cmp-3.c execution, -O0
FAIL: gcc.c-torture/execute/ieee/fp-cmp-3.c execution, -O1
FAIL: gcc.c-torture/execute/ieee/fp-cmp-3.c execution, -O2
FAIL: gcc.c-torture/execute/ieee/fp-cmp-3.c execution, -O3 -fomit-frame-pointer
FAIL: gcc.c-torture/execute/ieee/fp-cmp-3.c execution, -O3 -fomit-frame-pointer -funroll-loops
FAIL: gcc.c-torture/execute/ieee/fp-cmp-3.c execution, -O3 -fomit-frame-pointer -funroll-all-loops -finline-functions
FAIL: gcc.c-torture/execute/ieee/fp-cmp-3.c execution, -O3 -g
FAIL: gcc.c-torture/execute/ieee/fp-cmp-3.c execution, -Os
FAIL: gcc.c-torture/execute/ieee/fp-cmp-4.c execution, -O0
FAIL: gcc.c-torture/execute/ieee/fp-cmp-4.c execution, -O1
FAIL: gcc.c-torture/execute/ieee/fp-cmp-4.c execution, -O2
FAIL: gcc.c-torture/execute/ieee/fp-cmp-4.c execution, -O3 -fomit-frame-pointer
FAIL: gcc.c-torture/execute/ieee/fp-cmp-4.c execution, -O3 -fomit-frame-pointer -funroll-loops
FAIL: gcc.c-torture/execute/ieee/fp-cmp-4.c execution, -O3 -fomit-frame-pointer -funroll-all-loops -finline-functions
FAIL: gcc.c-torture/execute/ieee/fp-cmp-4.c execution, -O3 -g
FAIL: gcc.c-torture/execute/ieee/fp-cmp-4.c execution, -Os
FAIL: gcc.c-torture/execute/ieee/fp-cmp-5.c execution, -O0
FAIL: gcc.c-torture/execute/ieee/fp-cmp-5.c execution, -O1
FAIL: gcc.c-torture/execute/ieee/fp-cmp-5.c execution, -O2
FAIL: gcc.c-torture/execute/ieee/fp-cmp-5.c execution, -O3 -fomit-frame-pointer
FAIL: gcc.c-torture/execute/ieee/fp-cmp-5.c execution, -O3 -fomit-frame-pointer -funroll-loops
FAIL: gcc.c-torture/execute/ieee/fp-cmp-5.c execution, -O3 -fomit-frame-pointer -funroll-all-loops -finline-functions
FAIL: gcc.c-torture/execute/ieee/fp-cmp-5.c execution, -O3 -g
FAIL: gcc.c-torture/execute/ieee/fp-cmp-5.c execution, -Os
FAIL: gcc.dg/20021014-1.c execution test
FAIL: gcc.dg/duff-2.c (test for excess errors)
FAIL: gcc.dg/nest.c execution test
FAIL: gcc.dg/pack-test-1.c (test for excess errors)
FAIL: gcc.dg/pack-test-2.c (test for errors, line 7)
FAIL: gcc.dg/pack-test-2.c (test for errors, line 14)
FAIL: gcc.dg/pack-test-2.c (test for errors, line 19)
FAIL: gcc.dg/pack-test-2.c (test for excess errors)
FAIL: 209: expected branch percentages not found: 25
FAIL: gcc.misc-tests/gcov-4b.c gcov: 0 failures in line counts, 1 in branch percentages, 0 in return percentages
=== gcc Summary ===
# of expected passes 21145
# of unexpected failures 51
# of unexpected successes 5
# of expected failures 69
# of unsupported tests 199
/build/buildd/gcc-3.3-3.3.6/build/gcc/xgcc version 3.3.6 (Debian 1:3.3.6-10)
Compiler version: 3.3.6 (Debian 1:3.3.6-10)
Platform: arm-unknown-linux-gnu
configure flags: --host=arm-linux-gnu -v --enable-languages=c,c++ --prefix=/usr --mandir=/usr/share/man --infodir=/usr/share/info --with-gxx-include-dir=/usr/include/c++/3.3 --enable-shared --enable-__cxa_atexit --with-system-zlib --enable-nls --without-included-gettext --enable-clocale=gnu --enable-debug
BOOT_CFLAGS=-g -O2
Build Dependencies:
Desired=Unknown/Install/Remove/Purge/Hold
| Status=Not/Installed/Config-files/Unpacked/Failed-config/Half-installed
|/ Err?=(none)/Hold/Reinst-required/X=both-problems (Status,Err: uppercase=bad)
||/ Name Version Description
+++-==============-==============-==============================================
ii binutils 2.16.1-3 The GNU assembler, linker and binary utilities
ii libc6-dev 2.3.5-3 GNU C Library: Development Libraries and Heade
Patches that Debian applied in this version:
pr14925:
Backport of PR14925 to the gcc-3.3 branch
pr17684:
Backport of PR17684 to the gcc-3.3 branch
pr18153:
Backport of PR18153 to the gcc-3.3 branch
pr18380:
Backport of PR18380 to the gcc-3.3 branch
pr18508:
Backport of PR18508 to the gcc-3.3 branch
pr10692:
2005-01-05 Richard Henderson <rth@redhat.com>
PR rtl-opt/10692
* reload1.c (do_input_reload): Restrict the optimization deleteing
a previous output reload to RELOAD_FOR_INPUT.
pr23241:
Fix PR rtl-optimization/23241
gcc-version:
Add "(Debian <package version>)" to the gcc version string
rename-info-files:
Allow transformations on info file names. Reference the
transformed info file names in the texinfo files.
libf2c-update:
libf2c update taken from the 3.4.1 release.
libobjc-update:
libobjc update taken from the 3.4.1 release.
libstdc++-pic:
Build and install libstdc++_pic.a library.
libstdc++-doclink:
link local libstdc++ documentation to local source-level documentation
gccbug:
Use sensible-editor instead of vi as fallback editor
gccbug-posix:
Make gccbug POSIX compliant (patch by David Weinehall)
http://www.opengroup.org/onlinepubs/009695399/utilities/test.html
hppa-libffi:
libffi support for hppa
hppa-libjava:
Enable libjava support for hppa
libffi-config:
ffi.h.in: correctly #define ffi_type_[us]long on 32bit archs
i386-mtune:
2004-07-08 Paolo Bonzini <bonzini@gnu.org>
Jakub Jelinek <jakub@redhat.com>
* config/i386/i386.c (override_options): Enable
SSE prefetches with -mtune, as long as we are
compiling for i686 or higher. All i686 processors
accept SSE prefetches as NOPS, some i586's don't.
link-libs:
gcc-doc-locale:
gcc/doc/invoke.texi: Fix locale name.
gcc-mips-update:
http://gcc.gnu.org/ml/gcc-patches/2004-06/msg01187.html
Backport from 3.4: Don't use empic relocs for mips-linux eh
libtool-rpath:
2003-03-10 Andreas Schwab <schwab at suse dot de>
With the introduction of multi-os-directory the libdir specification in
*.la files have /. appended to \$(libdir). This confuses libtool when it
tries to find out whether to add -rpath, because it only matches literally
against sys_lib_dlsearch_path members. Tested on i386-linux.
arm-tune:
ARM patch for default tuning
arm-gotoff:
use GOTOFF not GOT relocs for .LCn and other local symbols;
don't use gotoff for non-static functions, even if defined locally
arm-ldm:
try harder to avoid ldm in function epilogues
reporting:
Add Debian URL for bug reporting isntructions.
configure-deplibs_check_method:
In all configure scripts for libraries, use
deplibs_check_method=pass_all unconditionally for all linux architectures.
Counting all warnings,
there are 50 warnings in stage3 of this bootstrap.
Number of warnings per file:
5 gcc/gcc.c
5 gcc/dwarf2out.c
5 c-p15339.c
4 gcc/reload1.c
3 gcc/unwind-sjlj.c
3 gcc/tlink.c
3 gcc/emit-rtl.c
3 gcc/config/arm/arm.c
2 gengtype-yacc.c
2 gcc/stor-layout.c
2 gcc/regclass.c
2 gcc/flow.c
2 gcc/dbxout.c
2 gcc/cp/class.c
1 gcc/varasm.c
1 gcc/reload.c
1 gcc/regmove.c
1 gcc/ra-colorize.c
1 gcc/function.c
1 gcc/diagnostic.c
1 gcc/collect2.c
Number of warning types:
20 comparison between signed and unsigned
7 traditional C rejects ISO C style function definitions
5 comparison of unsigned expression < 0 is always false
3 string length `???' is greater than the length `???' ISO C89 compilers are required to support
3 signed and unsigned type in conditional expression
3 `???' might be used uninitialized in this function
2 unused parameter `???'
2 traditional C rejects string concatenation
2 assignment discards qualifiers from pointer target type
1 too many arguments for format
1 return makes integer from pointer without a cast
1 function declaration isn't a prototype