This is the mail archive of the
gcc-testresults@gcc.gnu.org
mailing list for the GCC project.
Results for 4.0.3 20051003 (prerelease) testsuite on sparc-sun-solaris2.8
- From: Joe Buck <Joe dot Buck at synopsys dot com>
- To: gcc-testresults at gcc dot gnu dot org
- Date: Mon, 3 Oct 2005 17:36:31 -0700 (PDT)
- Subject: Results for 4.0.3 20051003 (prerelease) testsuite on sparc-sun-solaris2.8
OS: Solaris 8 (or 2.8, or SunOS 5.8, you pick)
System: 4-way 400 MHz SUNW,UltraSPARC-II, 4GB RAM, 6.4GB swap
GNU as and GNU ld used (version 2.16.1)
+ patch at http://sourceware.org/ml/binutils-cvs/2005-01/msg00019.html )
gcc 2.95.2 used for bootstrapping
Only C, C++, ObjC are tested (no Java).
LAST_UPDATED: Mon Oct 3 07:43:24 UTC 2005
Native configuration is sparc-sun-solaris2.8
=== g++ tests ===
Running target unix
FAIL: g++.dg/abi/mangle13.C (test for excess errors)
ERROR: g++.dg/abi/mangle13.C: error executing dg-final: couldn't open "mangle13.s": no such file or directory
UNRESOLVED: g++.dg/abi/mangle13.C: error executing dg-final: couldn't open "mangle13.s": no such file or directory
FAIL: g++.dg/abi/mangle14.C (test for warnings, line 12)
FAIL: g++.dg/abi/mangle14.C (test for excess errors)
FAIL: g++.dg/abi/mangle15.C (test for excess errors)
ERROR: g++.dg/abi/mangle15.C: error executing dg-final: couldn't open "mangle15.s": no such file or directory
UNRESOLVED: g++.dg/abi/mangle15.C: error executing dg-final: couldn't open "mangle15.s": no such file or directory
FAIL: g++.dg/template/non-dependent7.C (test for excess errors)
FAIL: g++.dg/template/non-dependent8.C (test for errors, line 20)
FAIL: g++.dg/template/non-dependent8.C (test for excess errors)
FAIL: g++.dg/template/non-dependent9.C (test for excess errors)
FAIL: g++.dg/template/partial-specialization.C (test for excess errors)
FAIL: g++.dg/template/ptrmem1.C (test for excess errors)
FAIL: g++.dg/template/ptrmem3.C (test for excess errors)
FAIL: g++.dg/template/ptrmem5.C (test for excess errors)
FAIL: g++.dg/template/ptrmem7.C (test for excess errors)
FAIL: g++.dg/template/static2.C (test for excess errors)
XPASS: g++.dg/special/conpr-2.C execution test
XPASS: g++.dg/special/initp1.C execution test
FAIL: g++.old-deja/g++.mike/mangle3.C (test for excess errors)
WARNING: g++.old-deja/g++.mike/mangle3.C compilation failed to produce executable
FAIL: g++.old-deja/g++.mike/p5840.C (test for excess errors)
WARNING: g++.old-deja/g++.mike/p5840.C compilation failed to produce executable
FAIL: g++.old-deja/g++.pt/nontype4.C (test for excess errors)
FAIL: g++.old-deja/g++.pt/ptrmem2.C (test for excess errors)
WARNING: g++.old-deja/g++.pt/ptrmem2.C compilation failed to produce executable
FAIL: g++.old-deja/g++.pt/ptrmem6.C (test for excess errors)
FAIL: g++.old-deja/g++.pt/ptrmem7.C (test for excess errors)
=== g++ Summary for unix ===
# of expected passes 11028
# of unexpected failures 20
# of unexpected successes 2
# of expected failures 69
# of unresolved testcases 2
# of unsupported tests 97
Running target unix/-m64
FAIL: g++.dg/abi/mangle13.C (test for excess errors)
ERROR: g++.dg/abi/mangle13.C: error executing dg-final: couldn't open "mangle13.s": no such file or directory
UNRESOLVED: g++.dg/abi/mangle13.C: error executing dg-final: couldn't open "mangle13.s": no such file or directory
FAIL: g++.dg/abi/mangle14.C (test for warnings, line 12)
FAIL: g++.dg/abi/mangle14.C (test for excess errors)
FAIL: g++.dg/abi/mangle15.C (test for excess errors)
ERROR: g++.dg/abi/mangle15.C: error executing dg-final: couldn't open "mangle15.s": no such file or directory
UNRESOLVED: g++.dg/abi/mangle15.C: error executing dg-final: couldn't open "mangle15.s": no such file or directory
FAIL: g++.dg/template/non-dependent7.C (test for excess errors)
FAIL: g++.dg/template/non-dependent8.C (test for errors, line 20)
FAIL: g++.dg/template/non-dependent8.C (test for excess errors)
FAIL: g++.dg/template/non-dependent9.C (test for excess errors)
FAIL: g++.dg/template/partial-specialization.C (test for excess errors)
FAIL: g++.dg/template/ptrmem1.C (test for excess errors)
FAIL: g++.dg/template/ptrmem3.C (test for excess errors)
FAIL: g++.dg/template/ptrmem5.C (test for excess errors)
FAIL: g++.dg/template/ptrmem7.C (test for excess errors)
FAIL: g++.dg/template/static2.C (test for excess errors)
XPASS: g++.dg/special/conpr-2.C execution test
XPASS: g++.dg/special/initp1.C execution test
FAIL: g++.old-deja/g++.mike/mangle3.C (test for excess errors)
WARNING: g++.old-deja/g++.mike/mangle3.C compilation failed to produce executable
FAIL: g++.old-deja/g++.mike/p5840.C (test for excess errors)
WARNING: g++.old-deja/g++.mike/p5840.C compilation failed to produce executable
FAIL: g++.old-deja/g++.pt/nontype4.C (test for excess errors)
FAIL: g++.old-deja/g++.pt/ptrmem2.C (test for excess errors)
WARNING: g++.old-deja/g++.pt/ptrmem2.C compilation failed to produce executable
FAIL: g++.old-deja/g++.pt/ptrmem6.C (test for excess errors)
FAIL: g++.old-deja/g++.pt/ptrmem7.C (test for excess errors)
=== g++ Summary for unix/-m64 ===
# of expected passes 10996
# of unexpected failures 20
# of unexpected successes 2
# of expected failures 69
# of unresolved testcases 2
# of unsupported tests 99
=== g++ Summary ===
# of expected passes 22024
# of unexpected failures 40
# of unexpected successes 4
# of expected failures 138
# of unresolved testcases 4
# of unsupported tests 196
/remote/atg2/jbuck/solaris.tmp/4_0_branch/gcc/testsuite/../g++ version 4.0.3 20051003 (prerelease)
=== gcc tests ===
Running target unix
=== gcc Summary for unix ===
# of expected passes 34722
# of expected failures 95
# of untested testcases 28
# of unsupported tests 540
Running target unix/-m64
FAIL: gcc.dg/special/gcsec-1.c (test for excess errors)
WARNING: gcc.dg/special/gcsec-1.c compilation failed to produce executable
FAIL: gcc.dg/tls/alias-1.c (test for excess errors)
FAIL: gcc.dg/tls/opt-2.c (test for excess errors)
=== gcc Summary for unix/-m64 ===
# of expected passes 34713
# of unexpected failures 3
# of expected failures 95
# of untested testcases 28
# of unsupported tests 542
=== gcc Summary ===
# of expected passes 69435
# of unexpected failures 3
# of expected failures 190
# of untested testcases 56
# of unsupported tests 1082
/remote/atg2/jbuck/solaris.tmp/4_0_branch/gcc/xgcc version 4.0.3 20051003 (prerelease)
=== objc tests ===
Running target unix
=== objc Summary for unix ===
# of expected passes 1536
# of unsupported tests 10
Running target unix/-m64
=== objc Summary for unix/-m64 ===
# of expected passes 1536
# of unsupported tests 10
=== objc Summary ===
# of expected passes 3072
# of unsupported tests 20
/remote/atg2/jbuck/solaris.tmp/4_0_branch/gcc/xgcc version 4.0.3 20051003 (prerelease)
=== libstdc++ tests ===
Running target unix
=== libstdc++ Summary for unix ===
# of expected passes 3651
# of expected failures 14
# of unsupported tests 9
Running target unix/-m64
FAIL: ext/array_allocator/2.cc execution test
FAIL: tr1/3_function_objects/bind/ref.cc execution test
=== libstdc++ Summary for unix/-m64 ===
# of expected passes 3649
# of unexpected failures 2
# of expected failures 14
# of unsupported tests 9
=== libstdc++ Summary ===
# of expected passes 7300
# of unexpected failures 2
# of expected failures 28
# of unsupported tests 18
Compiler version: 4.0.3 20051003 (prerelease)
Platform: sparc-sun-solaris2.8
configure flags: --prefix=/u/jbuck/cvs.sol2/4_0_branch --with-gnu-as --with-as=/u/jbuck/gnu.sol2/bin/as --with-gnu-ld --with-ld=/u/jbuck/gnu.sol2/bin/ld --with-libiconv-prefix=/depot/libiconv --enable-languages=c,c++,objc