This is the mail archive of the
gcc-testresults@gcc.gnu.org
mailing list for the GCC project.
Results for 4.1.0 20051001 (experimental) testsuite on alphaev67-unknown-linux-gnu
- From: Richard Henderson <rth at twiddle dot net>
- To: gcc-testresults at gcc dot gnu dot org
- Date: Sun, 02 Oct 2005 10:23:08 -0700
- Subject: Results for 4.1.0 20051001 (experimental) testsuite on alphaev67-unknown-linux-gnu
LAST_UPDATED: Sun Oct 2 02:11:11 UTC 2005
Native configuration is alphaev67-unknown-linux-gnu
=== libffi tests ===
Running target unix
=== libffi Summary ===
# of expected passes 228
# of unsupported tests 2
=== libjava tests ===
Running target unix
=== libjava Summary ===
# of expected passes 3968
# of expected failures 10
# of untested testcases 8
=== libstdc++ tests ===
Running target unix
XPASS: 27_io/fpos/14320-1.cc execution test
=== libstdc++ Summary ===
# of expected passes 3307
# of unexpected successes 1
# of expected failures 15
# of unsupported tests 319
=== g++ tests ===
Running target unix
FAIL: g++.dg/init/struct3.C (test for excess errors)
=== g++ Summary ===
# of expected passes 11297
# of unexpected failures 1
# of expected failures 67
# of unsupported tests 101
/home/rth/work/gcc/bld-cron/gcc/testsuite/../g++ version 4.1.0 20051001 (experimental)
=== gcc tests ===
Running target unix
=== gcc Summary ===
# of expected passes 36670
# of expected failures 92
# of untested testcases 28
# of unsupported tests 587
/home/rth/work/gcc/bld-cron/gcc/xgcc version 4.1.0 20051001 (experimental)
=== gfortran tests ===
Running target unix
=== gfortran Summary ===
# of expected passes 9547
# of expected failures 4
# of unsupported tests 31
/home/rth/work/gcc/bld-cron/gcc/testsuite/../gfortran version 4.1.0 20051001 (experimental)
=== objc tests ===
Running target unix
=== objc Summary ===
# of expected passes 1670
# of unsupported tests 23
/home/rth/work/gcc/bld-cron/gcc/xgcc version 4.1.0 20051001 (experimental)
Compiler version: 4.1.0 20051001 (experimental)
Platform: alphaev67-unknown-linux-gnu
configure flags: --disable-libmudflap --enable-clocale=gnu --prefix=/home/rth/work/gcc/run-41 --enable-languages=c,c++,fortran,java,objc