This is the mail archive of the
gcc-testresults@gcc.gnu.org
mailing list for the GCC project.
Results for 4.0.2 testsuite on sparc-sun-solaris2.8
- From: eric at linux dot site (Eric Botcazou)
- To: gcc-testresults at gcc dot gnu dot org
- Date: Sun, 02 Oct 2005 11:33:50 +0200
- Subject: Results for 4.0.2 testsuite on sparc-sun-solaris2.8
LAST_UPDATED: Fri Sep 30 07:30:03 UTC 2005
=== acats tests ===
FAIL: ce3810b
=== acats Summary ===
# of expected passes 2319
# of unexpected failures 1
Native configuration is sparc-sun-solaris2.8
=== g++ tests ===
Running target unix
=== g++ Summary for unix ===
# of expected passes 10980
# of expected failures 69
# of unsupported tests 117
Running target unix/-m64
=== g++ Summary for unix/-m64 ===
# of expected passes 10948
# of expected failures 69
# of unsupported tests 119
=== g++ Summary ===
# of expected passes 21928
# of expected failures 138
# of unsupported tests 236
/opt/build/eric/gcc-4_0-branch/gcc/testsuite/../g++ version 4.0.2
=== gcc tests ===
Running target unix
=== gcc Summary for unix ===
# of expected passes 34635
# of expected failures 94
# of untested testcases 28
# of unsupported tests 550
Running target unix/-m64
=== gcc Summary for unix/-m64 ===
# of expected passes 34630
# of expected failures 94
# of untested testcases 28
# of unsupported tests 552
=== gcc Summary ===
# of expected passes 69265
# of expected failures 188
# of untested testcases 56
# of unsupported tests 1102
/opt/build/eric/gcc-4_0-branch/gcc/xgcc version 4.0.2
=== gfortran tests ===
Running target unix
=== gfortran Summary for unix ===
# of expected passes 8188
# of expected failures 1
# of unsupported tests 17
Running target unix/-m64
=== gfortran Summary for unix/-m64 ===
# of expected passes 8188
# of expected failures 1
# of unsupported tests 17
=== gfortran Summary ===
# of expected passes 16376
# of expected failures 2
# of unsupported tests 34
/opt/build/eric/gcc-4_0-branch/gcc/testsuite/../gfortran version 4.0.2
=== objc tests ===
Running target unix
=== objc Summary for unix ===
# of expected passes 1536
# of unsupported tests 10
Running target unix/-m64
=== objc Summary for unix/-m64 ===
# of expected passes 1536
# of unsupported tests 10
=== objc Summary ===
# of expected passes 3072
# of unsupported tests 20
/opt/build/eric/gcc-4_0-branch/gcc/xgcc version 4.0.2
=== libffi tests ===
Running target unix
=== libffi Summary for unix ===
# of expected passes 219
# of unsupported tests 2
Running target unix/-m64
=== libffi Summary for unix/-m64 ===
# of expected passes 219
# of unsupported tests 2
=== libffi Summary ===
# of expected passes 438
# of unsupported tests 4
=== libjava tests ===
Running target unix
FAIL: Array_3 execution - gij test
FAIL: Array_3 execution - gij test
FAIL: FileHandleGcTest execution - source compiled test
FAIL: FileHandleGcTest execution - gij test
FAIL: FileHandleGcTest execution - bytecode->native test
FAIL: FileHandleGcTest -O3 execution - source compiled test
FAIL: FileHandleGcTest execution - gij test
FAIL: FileHandleGcTest -O3 execution - bytecode->native test
=== libjava Summary for unix ===
# of expected passes 3798
# of unexpected failures 8
# of expected failures 14
# of untested testcases 24
Running target unix/-m64
FAIL: PR16923 run
FAIL: Array_3 execution - gij test
FAIL: Array_3 execution - gij test
FAIL: FileHandleGcTest execution - source compiled test
FAIL: FileHandleGcTest execution - gij test
FAIL: FileHandleGcTest execution - bytecode->native test
FAIL: FileHandleGcTest -O3 execution - source compiled test
FAIL: FileHandleGcTest execution - gij test
FAIL: FileHandleGcTest -O3 execution - bytecode->native test
FAIL: Throw_2 execution - gij test
FAIL: Throw_2 execution - gij test
=== libjava Summary for unix/-m64 ===
# of expected passes 3793
# of unexpected failures 11
# of expected failures 14
# of untested testcases 27
=== libjava Summary ===
# of expected passes 7591
# of unexpected failures 19
# of expected failures 28
# of untested testcases 51
=== libstdc++ tests ===
Running target unix
=== libstdc++ Summary for unix ===
# of expected passes 3667
# of expected failures 14
Running target unix/-m64
FAIL: ext/array_allocator/2.cc execution test
=== libstdc++ Summary for unix/-m64 ===
# of expected passes 3666
# of unexpected failures 1
# of expected failures 14
=== libstdc++ Summary ===
# of expected passes 7333
# of unexpected failures 1
# of expected failures 28
Compiler version: 4.0.2
Platform: sparc-sun-solaris2.8
configure flags: --prefix=/opt/build/eric/local --with-as=/usr/ccs/bin/as --with-ld=/usr/ccs/bin/ld --with-gmp=/opt/build/eric/local --with-mpfr=/opt/build/eric/local --with-local-prefix=/opt/build/eric/local --enable-languages=c,ada,c++,f95,java,objc
BOOT_CFLAGS=-g -O2