This is the mail archive of the
gcc-testresults@gcc.gnu.org
mailing list for the GCC project.
Results for 4.0.2 20050919 (prerelease) testsuite on sparc-sun-solaris2.7
- From: eric at linux dot site (Eric Botcazou)
- To: gcc-testresults at gcc dot gnu dot org
- Date: Mon, 19 Sep 2005 20:06:33 +0200
- Subject: Results for 4.0.2 20050919 (prerelease) testsuite on sparc-sun-solaris2.7
LAST_UPDATED: Mon Sep 19 06:26:52 UTC 2005
Native configuration is sparc-sun-solaris2.7
=== g++ tests ===
Running target unix
=== g++ Summary ===
# of expected passes 10979
# of expected failures 69
# of unsupported tests 117
/opt/build/eric/gcc-4_0-branch/gcc/testsuite/../g++ version 4.0.2 20050919 (prerelease)
=== gcc tests ===
Running target unix
=== gcc Summary ===
# of expected passes 34623
# of expected failures 94
# of untested testcases 28
# of unsupported tests 550
/opt/build/eric/gcc-4_0-branch/gcc/xgcc version 4.0.2 20050919 (prerelease)
=== gfortran tests ===
Running target unix
=== gfortran Summary ===
# of expected passes 8188
# of expected failures 1
# of unsupported tests 17
/opt/build/eric/gcc-4_0-branch/gcc/testsuite/../gfortran version 4.0.2 20050919 (prerelease)
=== objc tests ===
Running target unix
=== objc Summary ===
# of expected passes 1536
# of unsupported tests 10
/opt/build/eric/gcc-4_0-branch/gcc/xgcc version 4.0.2 20050919 (prerelease)
=== libstdc++ tests ===
Running target unix
WARNING: program timed out.
FAIL: 21_strings/basic_string/cons/char/1.cc execution test
WARNING: program timed out.
FAIL: 21_strings/basic_string/cons/wchar_t/1.cc execution test
=== libstdc++ Summary ===
# of expected passes 3665
# of unexpected failures 2
# of expected failures 14
Compiler version: 4.0.2 20050919 (prerelease)
Platform: sparc-sun-solaris2.7
configure flags: --prefix=/opt/build/eric/local/gcc-4_0-branch --with-gmp=/opt/build/eric/local --with-mpfr=/opt/build/eric/local --with-local-prefix=/opt/build/eric/local --enable-checking=release --disable-libgcj --enable-languages=c,c++,f95,java,objc
BOOT_CFLAGS=-g -O2