This is the mail archive of the
gcc-testresults@gcc.gnu.org
mailing list for the GCC project.
Results for 4.1.0 20050916 (experimental) testsuite on hppa1.1-hp-hpux10.20
- From: John David Anglin <dave at hiauly1 dot hia dot nrc dot ca>
- To: dave at hiauly1 dot hia dot nrc dot ca, gcc-testresults at gcc dot gnu dot org
- Date: Mon, 19 Sep 2005 09:38:24 -0400 (EDT)
- Subject: Results for 4.1.0 20050916 (experimental) testsuite on hppa1.1-hp-hpux10.20
LAST_UPDATED: Fri Sep 16 03:54:40 UTC 2005
=== acats tests ===
FAIL: c32001e
Native configuration is hppa1.1-hp-hpux10.20
=== g++ tests ===
Running target unix
WARNING: program timed out.
FAIL: g++.dg/eh/cleanup1.C (test for excess errors)
FAIL: g++.dg/other/pr22003.C (test for excess errors)
FAIL: g++.dg/warn/huge-val1.C (test for excess errors)
=== g++ Summary ===
# of expected passes 10965
# of unexpected failures 3
# of expected failures 67
# of unsupported tests 143
/xxx/gnu/gcc-3.3/objdir/gcc/testsuite/../g++ version 4.1.0 20050916 (experimental)
=== gcc tests ===
Running target unix
WARNING: program timed out.
FAIL: gcc.c-torture/compile/20001226-1.c -O1 (test for excess errors)
WARNING: program timed out.
FAIL: gcc.c-torture/compile/20001226-1.c -O2 (test for excess errors)
WARNING: program timed out.
FAIL: gcc.c-torture/compile/20001226-1.c -O3 -fomit-frame-pointer (test for excess errors)
WARNING: program timed out.
FAIL: gcc.c-torture/compile/20001226-1.c -O3 -g (test for excess errors)
WARNING: program timed out.
FAIL: gcc.c-torture/compile/20001226-1.c -Os (test for excess errors)
FAIL: gcc.c-torture/execute/20040709-1.c execution, -Os
XPASS: gcc.dg/tree-ssa/20040204-1.c scan-tree-dump-times link_error 0
=== gcc Summary ===
# of expected passes 35554
# of unexpected failures 6
# of unexpected successes 1
# of expected failures 81
# of untested testcases 28
# of unsupported tests 638
/xxx/gnu/gcc-3.3/objdir/gcc/xgcc version 4.1.0 20050916 (experimental)
=== objc tests ===
Running target unix
=== objc Summary ===
# of expected passes 1670
# of unsupported tests 23
/xxx/gnu/gcc-3.3/objdir/gcc/xgcc version 4.1.0 20050916 (experimental)
=== libstdc++ tests ===
Running target unix
=== libstdc++ Summary ===
# of expected passes 2523
# of expected failures 13
# of unsupported tests 143
Compiler version: 4.1.0 20050916 (experimental)
Platform: hppa1.1-hp-hpux10.20
configure flags: --with-gnu-as --with-as=/usr/local/bin/as --enable-shared --prefix=/opt/gnu/gcc/gcc-4.1.0 --with-local-prefix=/usr/local --disable-nls --enable-debug=no --disable-libmudflap --with-gmp=/opt/gnu/gcc/gcc-4.1.0 --enable-languages=c,ada,c++,fortran,java,objc