This is the mail archive of the
gcc-testresults@gcc.gnu.org
mailing list for the GCC project.
Results for 4.1.0 20050911 (experimental) testsuite on alphaev67-unknown-linux-gnu
- From: Richard Henderson <rth at twiddle dot net>
- To: gcc-testresults at gcc dot gnu dot org
- Date: Sun, 11 Sep 2005 09:38:38 -0700
- Subject: Results for 4.1.0 20050911 (experimental) testsuite on alphaev67-unknown-linux-gnu
LAST_UPDATED: Sun Sep 11 02:07:40 UTC 2005
Native configuration is alphaev67-unknown-linux-gnu
=== libffi tests ===
Running target unix
=== libffi Summary ===
# of expected passes 228
# of unsupported tests 2
=== libjava tests ===
Running target unix
=== libjava Summary ===
# of expected passes 3968
# of expected failures 10
# of untested testcases 8
=== libstdc++ tests ===
Running target unix
FAIL: abi_check
FAIL: 23_containers/set/explicit_instantiation/3.cc (test for excess errors)
FAIL: 26_numerics/cstdlib/13943.cc (test for excess errors)
WARNING: 26_numerics/cstdlib/13943.cc compilation failed to produce executable
XPASS: 27_io/fpos/14320-1.cc execution test
=== libstdc++ Summary ===
# of expected passes 3254
# of unexpected failures 3
# of unexpected successes 1
# of expected failures 13
# of unsupported tests 319
=== g++ tests ===
Running target unix
FAIL: g++.dg/other/error8.C (test for errors, line 8)
FAIL: g++.dg/other/error8.C (test for errors, line 9)
FAIL: g++.dg/other/error8.C duplicate error messages (test for bogus messages, line 8)
FAIL: g++.dg/other/error8.C duplicate error messages (test for bogus messages, line 9)
FAIL: g++.dg/template/array3.C (test for excess errors)
FAIL: g++.dg/template/union1.C (test for excess errors)
WARNING: g++.dg/template/union1.C compilation failed to produce executable
FAIL: g++.dg/tls/diag-1.C (test for excess errors)
FAIL: g++.old-deja/g++.other/anon2.C (test for excess errors)
WARNING: g++.old-deja/g++.other/anon2.C compilation failed to produce executable
=== g++ Summary ===
# of expected passes 11249
# of unexpected failures 8
# of expected failures 67
# of unsupported tests 101
/home/rth/work/gcc/bld-cron/gcc/testsuite/../g++ version 4.1.0 20050911 (experimental)
=== gcc tests ===
Running target unix
FAIL: gcc.dg/vect/vect-22.c scan-tree-dump-times vectorized 4 loops 1
FAIL: gcc.dg/vect/vect-91.c scan-tree-dump-times vectorized 1 loops 3
=== gcc Summary ===
# of expected passes 36578
# of unexpected failures 2
# of expected failures 92
# of untested testcases 28
# of unsupported tests 586
/home/rth/work/gcc/bld-cron/gcc/xgcc version 4.1.0 20050911 (experimental)
=== gfortran tests ===
Running target unix
=== gfortran Summary ===
# of expected passes 9047
# of expected failures 4
# of unsupported tests 31
/home/rth/work/gcc/bld-cron/gcc/testsuite/../gfortran version 4.1.0 20050911 (experimental)
=== objc tests ===
Running target unix
=== objc Summary ===
# of expected passes 1670
# of unsupported tests 23
/home/rth/work/gcc/bld-cron/gcc/xgcc version 4.1.0 20050911 (experimental)
Compiler version: 4.1.0 20050911 (experimental)
Platform: alphaev67-unknown-linux-gnu
configure flags: --disable-libmudflap --prefix=/home/rth/work/gcc/run-41 --enable-languages=c,c++,f95,java,objc