This is the mail archive of the
gcc-testresults@gcc.gnu.org
mailing list for the GCC project.
Results for 4.1.0 20050828 (experimental) testsuite on hppa-unknown-linux-gnu
- From: dave at gsyprf11 dot external dot hp dot com (John David Anglin)
- To: dave at gsyprf11 dot external dot hp dot com, gcc-testresults at gcc dot gnu dot org
- Date: Sun, 28 Aug 2005 14:33:24 -0700 (PDT)
- Subject: Results for 4.1.0 20050828 (experimental) testsuite on hppa-unknown-linux-gnu
LAST_UPDATED: Sun Aug 28 01:15:02 UTC 2005
=== acats tests ===
FAIL: c32001e
FAIL: c34007p
FAIL: c34007r
FAIL: c37215h
FAIL: c45282b
FAIL: c45651a
FAIL: c52103x
FAIL: c52104f
FAIL: c52104h
FAIL: c64105b
FAIL: c761007
FAIL: c940013
FAIL: c95086b
FAIL: ca11c01
FAIL: cd10002
FAIL: cxaa017
FAIL: cxaca01
=== acats Summary ===
# of expected passes 2302
# of unexpected failures 17
Native configuration is hppa-unknown-linux-gnu
=== g++ tests ===
Running target unix
WARNING: program timed out.
FAIL: g++.dg/opt/inline4.C (test for excess errors)
ERROR: g++.dg/opt/inline4.C: error executing dg-final: couldn't open "inline4.s": no such file or directory
UNRESOLVED: g++.dg/opt/inline4.C: error executing dg-final: couldn't open "inline4.s": no such file or directory
XPASS: g++.old-deja/g++.other/init5.C execution test
=== g++ Summary ===
# of expected passes 11232
# of unexpected failures 1
# of unexpected successes 1
# of expected failures 64
# of unresolved testcases 1
# of unsupported tests 100
/home/dave/gcc-4.1/objdir/gcc/testsuite/../g++ version 4.1.0 20050828 (experimental)
=== gcc tests ===
Running target unix
FAIL: gcc.c-torture/execute/950612-1.c execution, -O3 -fomit-frame-pointer
FAIL: gcc.c-torture/execute/950612-1.c execution, -O3 -fomit-frame-pointer -funroll-loops
FAIL: gcc.c-torture/execute/950612-1.c execution, -O3 -fomit-frame-pointer -funroll-all-loops -finline-functions
FAIL: gcc.c-torture/execute/950612-1.c execution, -O3 -g
FAIL: gcc.c-torture/execute/950612-1.c execution, -Os
XPASS: gcc.dg/tree-ssa/loop-1.c scan-assembler-times foo 5
=== gcc Summary ===
# of expected passes 36014
# of unexpected failures 5
# of unexpected successes 1
# of expected failures 75
# of untested testcases 28
# of unsupported tests 522
/home/dave/gcc-4.1/objdir/gcc/xgcc version 4.1.0 20050828 (experimental)
=== gfortran tests ===
Running target unix
=== gfortran Summary ===
# of expected passes 8376
# of expected failures 2
# of unsupported tests 34
/home/dave/gcc-4.1/objdir/gcc/testsuite/../gfortran version 4.1.0 20050828 (experimental)
=== objc tests ===
Running target unix
FAIL: objc/execute/exceptions/local-variables-1.m compilation, -O1 -fgnu-runtime
UNRESOLVED: objc/execute/exceptions/local-variables-1.m execution, -O1 -fgnu-runtime
FAIL: objc/execute/exceptions/local-variables-1.m compilation, -O2 -fgnu-runtime
UNRESOLVED: objc/execute/exceptions/local-variables-1.m execution, -O2 -fgnu-runtime
FAIL: objc/execute/exceptions/local-variables-1.m compilation, -O3 -fomit-frame-pointer -fgnu-runtime
UNRESOLVED: objc/execute/exceptions/local-variables-1.m execution, -O3 -fomit-frame-pointer -fgnu-runtime
FAIL: objc/execute/exceptions/local-variables-1.m compilation, -O3 -g -fgnu-runtime
UNRESOLVED: objc/execute/exceptions/local-variables-1.m execution, -O3 -g -fgnu-runtime
FAIL: objc/execute/exceptions/local-variables-1.m compilation, -Os -fgnu-runtime
UNRESOLVED: objc/execute/exceptions/local-variables-1.m execution, -Os -fgnu-runtime
=== objc Summary ===
# of expected passes 1658
# of unexpected failures 5
# of unresolved testcases 5
# of unsupported tests 22
/home/dave/gcc-4.1/objdir/gcc/xgcc version 4.1.0 20050828 (experimental)
=== libffi tests ===
Running target unix
=== libffi Summary ===
# of expected passes 228
# of unsupported tests 2
=== libjava tests ===
Running target unix
WARNING: program timed out.
FAIL: Process_3 execution - gij test
=== libjava Summary ===
# of expected passes 3951
# of unexpected failures 1
# of expected failures 10
# of untested testcases 9
=== libmudflap tests ===
Running target unix
WARNING: program timed out.
FAIL: libmudflap.cth/pass40-frag.c execution test
FAIL: libmudflap.cth/pass40-frag.c output pattern test
WARNING: program timed out.
FAIL: libmudflap.cth/pass40-frag.c (-static -DSTATIC) execution test
FAIL: libmudflap.cth/pass40-frag.c (-static -DSTATIC) output pattern test
WARNING: program timed out.
FAIL: libmudflap.cth/pass40-frag.c (-O2) execution test
FAIL: libmudflap.cth/pass40-frag.c (-O2) output pattern test
WARNING: program timed out.
FAIL: libmudflap.cth/pass40-frag.c (-O3) execution test
FAIL: libmudflap.cth/pass40-frag.c (-O3) output pattern test
=== libmudflap Summary ===
# of expected passes 1771
# of unexpected failures 8
=== libstdc++ tests ===
Running target unix
XPASS: 26_numerics/cmath/c99_classification_macros_c.cc (test for excess errors)
=== libstdc++ Summary ===
# of expected passes 3252
# of unexpected successes 1
# of expected failures 13
# of unsupported tests 315
Compiler version: 4.1.0 20050828 (experimental)
Platform: hppa-unknown-linux-gnu
configure flags: --with-gnu-as --with-as=/home/dave/opt/gnu/bin/as --with-gnu-ld --with-ld=/home/dave/opt/gnu/bin/ld --enable-shared --enable-nls --prefix=/home/dave/opt/gnu/gcc/gcc-4.1.0 --with-local-prefix=/home/dave/opt/gnu --enable-threads=posix --enable-__cxa_atexit --host=hppa-linux --enable-clocale=gnu --enable-java-gc=boehm --enable-java-awt=xlib --enable-languages=c,ada,c++,f95,java,objc