This is the mail archive of the
gcc-testresults@gcc.gnu.org
mailing list for the GCC project.
Results for 4.0.2 20050828 (prerelease) testsuite on x86_64-unknown-linux-gnu
- From: Al Stone <ahs3 at fc dot hp dot com>
- To: gcc-testresults at gcc dot gnu dot org
- Date: Sun, 28 Aug 2005 08:42:14 -0600 (MDT)
- Subject: Results for 4.0.2 20050828 (prerelease) testsuite on x86_64-unknown-linux-gnu
LAST_UPDATED: Wed Jul 27 06:57:23 UTC 2005
Native configuration is x86_64-unknown-linux-gnu
=== g++ tests ===
Running target unix
WARNING: program timed out.
WARNING: program timed out.
=== g++ Summary ===
# of expected passes 10986
# of expected failures 67
# of unsupported tests 90
/home/builder/nightly-build/build/amd64/obj/upstream/gcc-4.0/gcc/testsuite/../g++ version 4.0.2 20050828 (prerelease)
=== gcc tests ===
Running target unix
WARNING: program timed out.
FAIL: gcc.c-torture/execute/20020129-1.c compilation, -O3 -fomit-frame-pointer
UNRESOLVED: gcc.c-torture/execute/20020129-1.c execution, -O3 -fomit-frame-pointer
WARNING: program timed out.
FAIL: gcc.c-torture/execute/loop-6.c compilation, -O2
UNRESOLVED: gcc.c-torture/execute/loop-6.c execution, -O2
WARNING: program timed out.
WARNING: program timed out.
FAIL: gcc.dg/gnu89-init-1.c (test for excess errors)
FAIL: gcc.dg/setjmp-2.c (test for excess errors)
WARNING: gcc.dg/setjmp-2.c compilation failed to produce executable
FAIL: gcc.dg/short-compare-1.c (test for excess errors)
WARNING: gcc.dg/short-compare-1.c compilation failed to produce executable
FAIL: gcc.dg/short-compare-2.c (test for excess errors)
WARNING: gcc.dg/short-compare-2.c compilation failed to produce executable
XPASS: gcc.dg/vect/vect-22.c scan-tree-dump-times vectorized 3 loops 1
FAIL: gcc.target/i386/pr23575.c (test for excess errors)
=== gcc Summary ===
# of expected passes 34760
# of unexpected failures 7
# of unexpected successes 1
# of expected failures 98
# of unresolved testcases 2
# of untested testcases 28
# of unsupported tests 439
/home/builder/nightly-build/build/amd64/obj/upstream/gcc-4.0/gcc/xgcc version 4.0.2 20050828 (prerelease)
=== libstdc++ tests ===
Running target unix
FAIL: abi_check
XPASS: 22_locale/locale/cons/12658_thread-1.cc execution test
XPASS: 26_numerics/cmath/c99_classification_macros_c.cc (test for excess errors)
XPASS: 27_io/fpos/14320-1.cc execution test
=== libstdc++ Summary ===
# of expected passes 3649
# of unexpected failures 1
# of unexpected successes 3
# of expected failures 11
Compiler version: 4.0.2 20050828 (prerelease)
Platform: x86_64-unknown-linux-gnu
configure flags: --prefix=/opt/toolchain/tot-20050828 --program-suffix=-4.0 --with-system-zlib --enable-nls --without-included-gettext --disable-multilib --enable-languages=c,c++
Counting all warnings,
there are 0 warnings in stage3 of this bootstrap.
Number of warnings per file:
Number of warning types: