This is the mail archive of the
gcc-testresults@gcc.gnu.org
mailing list for the GCC project.
Results for 4.1.0 20050825 (experimental) testsuite on i686-pc-linux-gnu
- From: CodeSourcery Automatic Testing System <gcc at codesourcery dot com>
- To: gcc-testresults at gcc dot gnu dot org
- Date: Thu, 25 Aug 2005 08:55:19 -0700
- Subject: Results for 4.1.0 20050825 (experimental) testsuite on i686-pc-linux-gnu
LAST_UPDATED: Thu Aug 25 10:00:22 UTC 2005
Native configuration is i686-pc-linux-gnu
=== g++ tests ===
Running target unix
=== g++ Summary ===
# of expected passes 11328
# of expected failures 68
# of unsupported tests 62
/scratch/gcc/nightly-2005-08-25-mainline/i686-pc-linux-gnu/build_gcc/install/bin/c++ version 4.1.0 20050825 (experimental)
=== gcc tests ===
Running target unix
FAIL: gcc.c-torture/compile/20020926-1.c -O2 (test for excess errors)
FAIL: gcc.c-torture/compile/20020926-1.c -O3 -fomit-frame-pointer (test for excess errors)
FAIL: gcc.c-torture/compile/20020926-1.c -O3 -g (test for excess errors)
FAIL: gcc.c-torture/execute/950612-1.c execution, -O3 -fomit-frame-pointer
FAIL: gcc.c-torture/execute/950612-1.c execution, -O3 -fomit-frame-pointer -funroll-loops
FAIL: gcc.c-torture/execute/950612-1.c execution, -O3 -fomit-frame-pointer -funroll-all-loops -finline-functions
FAIL: gcc.c-torture/execute/950612-1.c execution, -O3 -g
FAIL: gcc.c-torture/execute/950612-1.c execution, -Os
=== gcc Summary ===
# of expected passes 37092
# of unexpected failures 8
# of expected failures 100
# of untested testcases 28
# of unsupported tests 336
/scratch/gcc/nightly-2005-08-25-mainline/i686-pc-linux-gnu/build_gcc/install/bin/gcc version 4.1.0 20050825 (experimental)
=== libstdc++ tests ===
Running target unix
FAIL: 22_locale/messages/members/char/1.cc execution test
FAIL: 22_locale/messages/members/char/2.cc execution test
FAIL: 22_locale/messages/members/char/wrapped_env.cc execution test
FAIL: 22_locale/messages/members/char/wrapped_locale.cc execution test
FAIL: 22_locale/messages_byname/named_equivalence.cc execution test
FAIL: 23_containers/set/explicit_instantiation/1.cc (test for excess errors)
XPASS: 26_numerics/cmath/c99_classification_macros_c.cc (test for excess errors)
=== libstdc++ Summary ===
# of expected passes 3863
# of unexpected failures 6
# of unexpected successes 1
# of expected failures 13
Compiler version: 4.1.0 20050825 (experimental)
Platform: i686-pc-linux-gnu
configure flags: --disable-nls --build=i686-pc-linux-gnu --host=i686-pc-linux-gnu --target=i686-pc-linux-gnu --enable-threads=posix --disable-libmudflap --disable-libssp --with-gnu-as --with-as=/scratch/gcc/nightly-2005-08-25-mainline/i686-pc-linux-gnu/build_gcc/install/bin/as --with-gnu-ld --with-ld=/scratch/gcc/nightly-2005-08-25-mainline/i686-pc-linux-gnu/build_gcc/install/bin/ld --prefix=/scratch/gcc/nightly-2005-08-25-mainline/i686-pc-linux-gnu/build_gcc/install --enable-languages=c,c++