This is the mail archive of the
gcc-testresults@gcc.gnu.org
mailing list for the GCC project.
Results for 4.1.0 20050820 (experimental) testsuite on sparc64-unknown-linux-gnu
- From: Christian Joensson <chj at j-son dot org>
- To: gcc-testresults at gcc dot gnu dot org
- Date: Mon, 22 Aug 2005 23:03:04 +0200
- Subject: Results for 4.1.0 20050820 (experimental) testsuite on sparc64-unknown-linux-gnu
Aurora SPARC Linux release 2.0 (Kashmir FC3) UltraSparc IIi (Sabre) sun4u:
(auroralinux corona + rathann's and rzm's FC3 updates)
binutils-2.16.91.0.2-3.sparc (from Fedora Core development)
bison-1.875c-2.sparc
dejagnu-1.4.4-2.noarch
expect-5.42.1-1.sparc
gcc-3.4.3-22.sparc.sparc
gcc4-4.0.0-0.41.sparc.sparc
glibc-2.3.5-0.fc3.1.sparcv9
glibc-2.3.5-0.fc3.1.sparc64
glibc-devel-2.3.5-0.fc3.1.sparc64
glibc-devel-2.3.5-0.fc3.1.sparc
glibc-headers-2.3.5-0.fc3.1.sparc
glibc-kernheaders-2.6-20sparc.sparc
gmp-4.1.4-3sparc.sparc
gmp-4.1.4-3sparc.sparc64
gmp-devel-4.1.4-3sparc.sparc
gmp-devel-4.1.4-3sparc.sparc64
kernel-2.6.11-1.1305sp1.sparc64
package kernel-devel is not installed
package kernel-smp is not installed
libgcc-3.4.3-22.sparc.sparc
libgcc-3.4.3-22.sparc.sparc64
libstdc++-3.4.3-22.sparc.sparc
libstdc++-3.4.3-22.sparc.sparc64
libstdc++-devel-3.4.3-22.sparc.sparc64
libstdc++-devel-3.4.3-22.sparc.sparc
make-3.80-5.sparc
nptl-devel-2.3.5-0.fc3.1.sparcv9
tcl-8.4.7-2.sparc
LAST_UPDATED: Sun Aug 21 00:06:53 UTC 2005
=== acats tests ===
FAIL: c32001e
FAIL: c34007p
FAIL: c34007r
FAIL: c45282b
FAIL: c45651a
FAIL: c52103x
FAIL: c52104x
FAIL: c64105b
FAIL: c95086b
FAIL: ca11c01
FAIL: cd10002
FAIL: ce3810b
FAIL: cxaa017
FAIL: cxg1001
=== acats Summary ===
# of expected passes 2305
# of unexpected failures 14
Native configuration is sparc64-unknown-linux-gnu
=== gcc tests ===
Running target unix/-m64
FAIL: gcc.c-torture/execute/va-arg-22.c execution, -O0
FAIL: gcc.c-torture/execute/va-arg-22.c execution, -O1
FAIL: gcc.c-torture/execute/va-arg-22.c execution, -O2
FAIL: gcc.c-torture/execute/va-arg-22.c execution, -O3 -fomit-frame-pointer
FAIL: gcc.c-torture/execute/va-arg-22.c execution, -O3 -fomit-frame-pointer -funroll-loops
FAIL: gcc.c-torture/execute/va-arg-22.c execution, -O3 -fomit-frame-pointer -funroll-all-loops -finline-functions
FAIL: gcc.c-torture/execute/va-arg-22.c execution, -O3 -g
FAIL: gcc.c-torture/execute/va-arg-22.c execution, -Os
FAIL: tmpdir-gcc.dg-struct-layout-1/t001 c_compat_x_tst.o-c_compat_y_tst.o execute
FAIL: tmpdir-gcc.dg-struct-layout-1/t002 c_compat_x_tst.o-c_compat_y_tst.o execute
FAIL: tmpdir-gcc.dg-struct-layout-1/t005 c_compat_x_tst.o-c_compat_y_tst.o execute
FAIL: tmpdir-gcc.dg-struct-layout-1/t024 c_compat_x_tst.o-c_compat_y_tst.o execute
FAIL: tmpdir-gcc.dg-struct-layout-1/t025 c_compat_x_tst.o-c_compat_y_tst.o execute
FAIL: tmpdir-gcc.dg-struct-layout-1/t026 c_compat_x_tst.o-c_compat_y_tst.o execute
FAIL: tmpdir-gcc.dg-struct-layout-1/t027 c_compat_x_tst.o-c_compat_y_tst.o execute
FAIL: tmpdir-gcc.dg-struct-layout-1/t028 c_compat_x_tst.o-c_compat_y_tst.o execute
WARNING: program timed out.
FAIL: gcc.dg/c99-intconst-1.c (test for excess errors)
FAIL: gcc.dg/tree-ssa/gen-vect-11c.c scan-tree-dump-times vectorized 0 loops 1
FAIL: gcc.dg/tree-ssa/gen-vect-25.c execution test
FAIL: gcc.dg/tree-ssa/loop-4.c scan-tree-dump-times iter 0
FAIL: gcc.dg/vect/vect-reduc-1char.c scan-tree-dump-times vectorized 3 loops 1
FAIL: gcc.dg/vect/vect-reduc-1short.c scan-tree-dump-times vectorized 3 loops 1
FAIL: gcc.dg/vect/vect-reduc-2char.c scan-tree-dump-times vectorized 3 loops 1
FAIL: gcc.dg/vect/vect-reduc-2short.c scan-tree-dump-times vectorized 3 loops 1
FAIL: gcc.misc-tests/linkage.c link
=== gcc Summary for unix/-m64 ===
# of expected passes 36363
# of unexpected failures 25
# of expected failures 106
# of untested testcases 28
# of unsupported tests 569
Running target unix
FAIL: gcc.c-torture/execute/va-arg-22.c execution, -O0
FAIL: gcc.c-torture/execute/va-arg-22.c execution, -O1
FAIL: gcc.c-torture/execute/va-arg-22.c execution, -O2
FAIL: gcc.c-torture/execute/va-arg-22.c execution, -O3 -fomit-frame-pointer
FAIL: gcc.c-torture/execute/va-arg-22.c execution, -O3 -fomit-frame-pointer -funroll-loops
FAIL: gcc.c-torture/execute/va-arg-22.c execution, -O3 -fomit-frame-pointer -funroll-all-loops -finline-functions
FAIL: gcc.c-torture/execute/va-arg-22.c execution, -O3 -g
FAIL: gcc.c-torture/execute/va-arg-22.c execution, -Os
FAIL: tmpdir-gcc.dg-struct-layout-1/t001 c_compat_x_tst.o-c_compat_y_tst.o execute
FAIL: tmpdir-gcc.dg-struct-layout-1/t002 c_compat_x_tst.o-c_compat_y_tst.o execute
FAIL: tmpdir-gcc.dg-struct-layout-1/t005 c_compat_x_tst.o-c_compat_y_tst.o execute
FAIL: tmpdir-gcc.dg-struct-layout-1/t024 c_compat_x_tst.o-c_compat_y_tst.o execute
FAIL: tmpdir-gcc.dg-struct-layout-1/t025 c_compat_x_tst.o-c_compat_y_tst.o execute
FAIL: tmpdir-gcc.dg-struct-layout-1/t026 c_compat_x_tst.o-c_compat_y_tst.o execute
FAIL: tmpdir-gcc.dg-struct-layout-1/t027 c_compat_x_tst.o-c_compat_y_tst.o execute
FAIL: tmpdir-gcc.dg-struct-layout-1/t028 c_compat_x_tst.o-c_compat_y_tst.o execute
FAIL: gcc.dg/tree-ssa/gen-vect-25.c execution test
FAIL: gcc.dg/vect/vect-reduc-1char.c scan-tree-dump-times vectorized 3 loops 1
FAIL: gcc.dg/vect/vect-reduc-1short.c scan-tree-dump-times vectorized 3 loops 1
FAIL: gcc.dg/vect/vect-reduc-2char.c scan-tree-dump-times vectorized 3 loops 1
FAIL: gcc.dg/vect/vect-reduc-2short.c scan-tree-dump-times vectorized 3 loops 1
=== gcc Summary for unix ===
# of expected passes 36370
# of unexpected failures 21
# of expected failures 106
# of untested testcases 28
# of unsupported tests 567
=== gcc Summary ===
# of expected passes 72733
# of unexpected failures 46
# of expected failures 212
# of untested testcases 56
# of unsupported tests 1136
/usr/local/src/trunk/objdir/gcc/xgcc version 4.1.0 20050820 (experimental)
=== gfortran tests ===
Running target unix/-m64
=== gfortran Summary for unix/-m64 ===
# of expected passes 8401
# of expected failures 5
# of unsupported tests 23
Running target unix
FAIL: gfortran.dg/large_integer_kind_1.f90 -O0 (test for excess errors)
WARNING: gfortran.dg/large_integer_kind_1.f90 -O0 compilation failed to produce executable
FAIL: gfortran.dg/large_integer_kind_1.f90 -O1 (test for excess errors)
WARNING: gfortran.dg/large_integer_kind_1.f90 -O1 compilation failed to produce executable
FAIL: gfortran.dg/large_integer_kind_1.f90 -O2 (test for excess errors)
WARNING: gfortran.dg/large_integer_kind_1.f90 -O2 compilation failed to produce executable
FAIL: gfortran.dg/large_integer_kind_1.f90 -O3 -fomit-frame-pointer (test for excess errors)
WARNING: gfortran.dg/large_integer_kind_1.f90 -O3 -fomit-frame-pointer compilation failed to produce executable
FAIL: gfortran.dg/large_integer_kind_1.f90 -O3 -fomit-frame-pointer -funroll-loops (test for excess errors)
WARNING: gfortran.dg/large_integer_kind_1.f90 -O3 -fomit-frame-pointer -funroll-loops compilation failed to produce executable
FAIL: gfortran.dg/large_integer_kind_1.f90 -O3 -fomit-frame-pointer -funroll-all-loops -finline-functions (test for excess errors)
WARNING: gfortran.dg/large_integer_kind_1.f90 -O3 -fomit-frame-pointer -funroll-all-loops -finline-functions compilation failed to produce executable
FAIL: gfortran.dg/large_integer_kind_1.f90 -O3 -g (test for excess errors)
WARNING: gfortran.dg/large_integer_kind_1.f90 -O3 -g compilation failed to produce executable
FAIL: gfortran.dg/large_integer_kind_1.f90 -Os (test for excess errors)
WARNING: gfortran.dg/large_integer_kind_1.f90 -Os compilation failed to produce executable
FAIL: gfortran.dg/large_real_kind_1.f90 -O0 (test for excess errors)
WARNING: gfortran.dg/large_real_kind_1.f90 -O0 compilation failed to produce executable
FAIL: gfortran.dg/large_real_kind_1.f90 -O1 (test for excess errors)
WARNING: gfortran.dg/large_real_kind_1.f90 -O1 compilation failed to produce executable
FAIL: gfortran.dg/large_real_kind_1.f90 -O2 (test for excess errors)
WARNING: gfortran.dg/large_real_kind_1.f90 -O2 compilation failed to produce executable
FAIL: gfortran.dg/large_real_kind_1.f90 -O3 -fomit-frame-pointer (test for excess errors)
WARNING: gfortran.dg/large_real_kind_1.f90 -O3 -fomit-frame-pointer compilation failed to produce executable
FAIL: gfortran.dg/large_real_kind_1.f90 -O3 -fomit-frame-pointer -funroll-loops (test for excess errors)
WARNING: gfortran.dg/large_real_kind_1.f90 -O3 -fomit-frame-pointer -funroll-loops compilation failed to produce executable
FAIL: gfortran.dg/large_real_kind_1.f90 -O3 -fomit-frame-pointer -funroll-all-loops -finline-functions (test for excess errors)
WARNING: gfortran.dg/large_real_kind_1.f90 -O3 -fomit-frame-pointer -funroll-all-loops -finline-functions compilation failed to produce executable
FAIL: gfortran.dg/large_real_kind_1.f90 -O3 -g (test for excess errors)
WARNING: gfortran.dg/large_real_kind_1.f90 -O3 -g compilation failed to produce executable
FAIL: gfortran.dg/large_real_kind_1.f90 -Os (test for excess errors)
WARNING: gfortran.dg/large_real_kind_1.f90 -Os compilation failed to produce executable
=== gfortran Summary for unix ===
# of expected passes 8369
# of unexpected failures 16
# of expected failures 5
# of unsupported tests 23
=== gfortran Summary ===
# of expected passes 16770
# of unexpected failures 16
# of expected failures 10
# of unsupported tests 46
/usr/local/src/trunk/objdir/gcc/testsuite/../gfortran version 4.1.0 20050820 (experimental)
=== g++ tests ===
Running target unix/-m64
XPASS: g++.old-deja/g++.other/init5.C execution test
=== g++ Summary for unix/-m64 ===
# of expected passes 11218
# of unexpected successes 1
# of expected failures 67
# of unsupported tests 100
Running target unix
XPASS: g++.old-deja/g++.other/init5.C execution test
=== g++ Summary for unix ===
# of expected passes 11250
# of unexpected successes 1
# of expected failures 67
# of unsupported tests 98
=== g++ Summary ===
# of expected passes 22468
# of unexpected successes 2
# of expected failures 134
# of unsupported tests 198
/usr/local/src/trunk/objdir/gcc/testsuite/../g++ version 4.1.0 20050820 (experimental)
=== obj-c++ tests ===
Running target unix/-m64
FAIL: obj-c++.dg/bitfield-1.mm (test for excess errors)
FAIL: obj-c++.dg/bitfield-2.mm execution test
FAIL: obj-c++.dg/bitfield-4.mm (test for excess errors)
FAIL: obj-c++.dg/cxx-ivars-1.mm execution test
FAIL: obj-c++.dg/cxx-ivars-2.mm execution test
FAIL: obj-c++.dg/cxx-scope-1.mm execution test
FAIL: obj-c++.dg/defs.mm execution test
FAIL: obj-c++.dg/encode-3.mm execution test
FAIL: obj-c++.dg/encode-4.mm (test for excess errors)
WARNING: obj-c++.dg/encode-4.mm compilation failed to produce executable
FAIL: obj-c++.dg/encode-5.mm (test for excess errors)
WARNING: obj-c++.dg/encode-5.mm compilation failed to produce executable
FAIL: obj-c++.dg/encode-6.mm (test for excess errors)
WARNING: obj-c++.dg/encode-6.mm compilation failed to produce executable
FAIL: obj-c++.dg/encode-8.mm execution test
FAIL: obj-c++.dg/isa-field-1.mm (test for excess errors)
FAIL: obj-c++.dg/layout-1.mm (test for excess errors)
FAIL: obj-c++.dg/lookup-2.mm (test for excess errors)
WARNING: obj-c++.dg/lookup-2.mm compilation failed to produce executable
FAIL: obj-c++.dg/method-10.mm execution test
FAIL: obj-c++.dg/method-17.mm execution test
FAIL: obj-c++.dg/method-19.mm (test for excess errors)
WARNING: obj-c++.dg/method-19.mm compilation failed to produce executable
FAIL: obj-c++.dg/proto-lossage-3.mm execution test
FAIL: obj-c++.dg/proto-qual-1.mm execution test
FAIL: obj-c++.dg/qual-types-1.mm execution test
FAIL: obj-c++.dg/template-1.mm execution test
FAIL: obj-c++.dg/template-4.mm execution test
FAIL: obj-c++.dg/try-catch-2.mm (test for excess errors)
WARNING: obj-c++.dg/try-catch-2.mm compilation failed to produce executable
FAIL: obj-c++.dg/try-catch-9.mm (test for excess errors)
WARNING: obj-c++.dg/try-catch-9.mm compilation failed to produce executable
FAIL: obj-c++.dg/va-meth-1.mm execution test
=== obj-c++ Summary for unix/-m64 ===
# of expected passes 391
# of unexpected failures 26
# of unsupported tests 13
Running target unix
FAIL: obj-c++.dg/bitfield-2.mm execution test
FAIL: obj-c++.dg/cxx-ivars-1.mm execution test
FAIL: obj-c++.dg/cxx-ivars-2.mm execution test
FAIL: obj-c++.dg/cxx-scope-1.mm execution test
FAIL: obj-c++.dg/defs.mm execution test
FAIL: obj-c++.dg/encode-4.mm (test for excess errors)
WARNING: obj-c++.dg/encode-4.mm compilation failed to produce executable
FAIL: obj-c++.dg/encode-5.mm (test for excess errors)
WARNING: obj-c++.dg/encode-5.mm compilation failed to produce executable
FAIL: obj-c++.dg/encode-6.mm (test for excess errors)
WARNING: obj-c++.dg/encode-6.mm compilation failed to produce executable
FAIL: obj-c++.dg/encode-8.mm execution test
FAIL: obj-c++.dg/isa-field-1.mm (test for excess errors)
FAIL: obj-c++.dg/lookup-2.mm (test for excess errors)
WARNING: obj-c++.dg/lookup-2.mm compilation failed to produce executable
FAIL: obj-c++.dg/method-10.mm execution test
FAIL: obj-c++.dg/method-17.mm execution test
FAIL: obj-c++.dg/method-19.mm (test for excess errors)
WARNING: obj-c++.dg/method-19.mm compilation failed to produce executable
FAIL: obj-c++.dg/proto-lossage-3.mm execution test
FAIL: obj-c++.dg/proto-qual-1.mm execution test
FAIL: obj-c++.dg/qual-types-1.mm execution test
FAIL: obj-c++.dg/template-1.mm execution test
FAIL: obj-c++.dg/template-4.mm execution test
FAIL: obj-c++.dg/try-catch-2.mm (test for excess errors)
WARNING: obj-c++.dg/try-catch-2.mm compilation failed to produce executable
FAIL: obj-c++.dg/try-catch-9.mm (test for excess errors)
WARNING: obj-c++.dg/try-catch-9.mm compilation failed to produce executable
FAIL: obj-c++.dg/va-meth-1.mm execution test
=== obj-c++ Summary for unix ===
# of expected passes 395
# of unexpected failures 22
# of unsupported tests 13
=== obj-c++ Summary ===
# of expected passes 786
# of unexpected failures 48
# of unsupported tests 26
/usr/local/src/trunk/objdir/gcc/testsuite/../g++ version 4.1.0 20050820 (experimental)
=== objc tests ===
Running target unix/-m64
FAIL: objc/execute/exceptions/local-variables-1.m compilation, -O1 -fgnu-runtime
UNRESOLVED: objc/execute/exceptions/local-variables-1.m execution, -O1 -fgnu-runtime
FAIL: objc/execute/exceptions/local-variables-1.m compilation, -O2 -fgnu-runtime
UNRESOLVED: objc/execute/exceptions/local-variables-1.m execution, -O2 -fgnu-runtime
FAIL: objc/execute/exceptions/local-variables-1.m compilation, -O3 -fomit-frame-pointer -fgnu-runtime
UNRESOLVED: objc/execute/exceptions/local-variables-1.m execution, -O3 -fomit-frame-pointer -fgnu-runtime
FAIL: objc/execute/exceptions/local-variables-1.m compilation, -O3 -g -fgnu-runtime
UNRESOLVED: objc/execute/exceptions/local-variables-1.m execution, -O3 -g -fgnu-runtime
FAIL: objc/execute/exceptions/local-variables-1.m compilation, -Os -fgnu-runtime
UNRESOLVED: objc/execute/exceptions/local-variables-1.m execution, -Os -fgnu-runtime
=== objc Summary for unix/-m64 ===
# of expected passes 1658
# of unexpected failures 5
# of unresolved testcases 5
# of unsupported tests 22
Running target unix
FAIL: objc/execute/exceptions/local-variables-1.m compilation, -O1
UNRESOLVED: objc/execute/exceptions/local-variables-1.m execution, -O1
FAIL: objc/execute/exceptions/local-variables-1.m compilation, -O2
UNRESOLVED: objc/execute/exceptions/local-variables-1.m execution, -O2
FAIL: objc/execute/exceptions/local-variables-1.m compilation, -O3 -fomit-frame-pointer
UNRESOLVED: objc/execute/exceptions/local-variables-1.m execution, -O3 -fomit-frame-pointer
FAIL: objc/execute/exceptions/local-variables-1.m compilation, -O3 -g
UNRESOLVED: objc/execute/exceptions/local-variables-1.m execution, -O3 -g
FAIL: objc/execute/exceptions/local-variables-1.m compilation, -Os
UNRESOLVED: objc/execute/exceptions/local-variables-1.m execution, -Os
=== objc Summary for unix ===
# of expected passes 1658
# of unexpected failures 5
# of unresolved testcases 5
# of unsupported tests 22
=== objc Summary ===
# of expected passes 3316
# of unexpected failures 10
# of unresolved testcases 10
# of unsupported tests 44
/usr/local/src/trunk/objdir/gcc/xgcc version 4.1.0 20050820 (experimental)
=== treelang tests ===
Running target unix/-m64
=== treelang Summary for unix/-m64 ===
# of expected passes 50
Running target unix
=== treelang Summary for unix ===
# of expected passes 50
=== treelang Summary ===
# of expected passes 100
=== libffi tests ===
Running target unix/-m64
=== libffi Summary for unix/-m64 ===
# of expected passes 228
# of unsupported tests 2
Running target unix
=== libffi Summary for unix ===
# of expected passes 228
# of unsupported tests 2
=== libffi Summary ===
# of expected passes 456
# of unsupported tests 4
=== libjava tests ===
Running target unix/-m64
FAIL: PR16923.c compilation
FAIL: Array_3 execution - source compiled test
FAIL: Array_3 execution - gij test
FAIL: Array_3 execution - bytecode->native test
FAIL: Array_3 -O3 execution - source compiled test
FAIL: Array_3 execution - gij test
FAIL: Array_3 -O3 execution - bytecode->native test
FAIL: Invoke_1 execution - source compiled test
FAIL: Invoke_1 execution - bytecode->native test
FAIL: Invoke_1 -O3 execution - source compiled test
FAIL: Invoke_1 -O3 execution - bytecode->native test
FAIL: PR218 execution - gij test
FAIL: PR218 execution - gij test
FAIL: /usr/local/src/trunk/objdir/sparc64-unknown-linux-gnu/libjava/testsuite/TestLeak.exe output - /usr/local/src/trunk/objdir/sparc64-unknown-linux-gnu/libjava/testsuite/TestLeak.exe
=== libjava Summary for unix/-m64 ===
# of expected passes 3926
# of unexpected failures 14
# of expected failures 10
# of untested testcases 20
Running target unix
=== libjava Summary for unix ===
# of expected passes 3953
# of expected failures 10
# of untested testcases 8
=== libjava Summary ===
# of expected passes 7879
# of unexpected failures 14
# of expected failures 20
# of untested testcases 28
=== libmudflap tests ===
Running target unix/-m64
FAIL: libmudflap.c/pass54-frag.c execution test
FAIL: libmudflap.c/pass54-frag.c execution test
FAIL: libmudflap.c/pass54-frag.c (-static) execution test
FAIL: libmudflap.c/pass54-frag.c (-static) execution test
=== libmudflap Summary for unix/-m64 ===
# of expected passes 1775
# of unexpected failures 4
Running target unix
FAIL: libmudflap.c/pass54-frag.c execution test
FAIL: libmudflap.c/pass54-frag.c execution test
FAIL: libmudflap.c/pass54-frag.c (-static) execution test
FAIL: libmudflap.c/pass54-frag.c (-static) execution test
=== libmudflap Summary for unix ===
# of expected passes 1775
# of unexpected failures 4
=== libmudflap Summary ===
# of expected passes 3550
# of unexpected failures 8
=== libstdc++ tests ===
Running target unix/-m64
FAIL: 22_locale/messages/members/char/1.cc execution test
FAIL: 22_locale/messages/members/char/2.cc execution test
FAIL: 22_locale/messages/members/char/wrapped_env.cc execution test
FAIL: 22_locale/messages/members/char/wrapped_locale.cc execution test
FAIL: 22_locale/messages_byname/named_equivalence.cc execution test
XPASS: 26_numerics/cmath/c99_classification_macros_c.cc (test for excess errors)
FAIL: 27_io/basic_filebuf/close/char/4879.cc execution test
FAIL: 27_io/basic_filebuf/close/char/9964.cc execution test
FAIL: 27_io/basic_filebuf/imbue/char/13171-2.cc execution test
FAIL: 27_io/basic_filebuf/imbue/wchar_t/14975-2.cc execution test
FAIL: 27_io/basic_filebuf/sgetn/char/1-in.cc execution test
FAIL: 27_io/basic_filebuf/sgetn/char/1-io.cc execution test
FAIL: 27_io/basic_filebuf/sgetn/char/2-in.cc execution test
FAIL: 27_io/basic_filebuf/sgetn/char/2-io.cc execution test
FAIL: 27_io/basic_filebuf/underflow/char/10097.cc execution test
XPASS: 27_io/fpos/14320-1.cc execution test
FAIL: 27_io/objects/char/7.cc execution test
FAIL: 27_io/objects/char/9661-1.cc execution test
FAIL: 27_io/objects/wchar_t/7.cc execution test
FAIL: 27_io/objects/wchar_t/9661-1.cc execution test
=== libstdc++ Summary for unix/-m64 ===
# of expected passes 3850
# of unexpected failures 18
# of unexpected successes 2
# of expected failures 12
Running target unix
WARNING: program timed out.
FAIL: 22_locale/locale/cons/12658_thread-1.cc execution test
WARNING: program timed out.
FAIL: 22_locale/locale/cons/12658_thread-2.cc execution test
FAIL: 23_containers/set/explicit_instantiation/1.cc (test for excess errors)
XPASS: 26_numerics/cmath/c99_classification_macros_c.cc (test for excess errors)
FAIL: 27_io/basic_filebuf/sgetn/char/1-in.cc execution test
FAIL: 27_io/basic_filebuf/sgetn/char/1-io.cc execution test
FAIL: 27_io/basic_filebuf/sgetn/char/2-in.cc execution test
FAIL: 27_io/basic_filebuf/sgetn/char/2-io.cc execution test
=== libstdc++ Summary for unix ===
# of expected passes 3861
# of unexpected failures 7
# of unexpected successes 1
# of expected failures 13
=== libstdc++ Summary ===
# of expected passes 7711
# of unexpected failures 25
# of unexpected successes 3
# of expected failures 25
Compiler version: 4.1.0 20050820 (experimental)
Platform: sparc64-unknown-linux-gnu
configure flags: --enable-__cxa_atexit --enable-shared --with-cpu=v7 --enable-languages=c,ada,c++,f95,java,objc,obj-c++,treelang