This is the mail archive of the
gcc-testresults@gcc.gnu.org
mailing list for the GCC project.
Results for 4.0.2 20050806 (prerelease) (Debian 4.0.1-4) testsuite on m68k-unknown-linux-gnu
- From: Matthias Klose <doko at debian dot org>
- To: gcc-testresults at gcc dot gnu dot org
- Cc: debian-gcc at lists dot debian dot org
- Date: Fri, 19 Aug 2005 17:55:01 -0600
- Subject: Results for 4.0.2 20050806 (prerelease) (Debian 4.0.1-4) testsuite on m68k-unknown-linux-gnu
- Reply-to: Matthias Klose <doko at debian dot org>
LAST_UPDATED: Sat Aug 6 23:06:35 UTC 2005
Native configuration is m68k-unknown-linux-gnu
=== g++ tests ===
Running target unix
FAIL: g++.dg/bprob/g++-bprob-1.C compilation, -O3 -fprofile-arcs
UNRESOLVED: g++.dg/bprob/g++-bprob-1.C execution, -O3 -fprofile-arcs
UNRESOLVED: g++.dg/bprob/g++-bprob-1.C compilation, -O3 -fbranch-probabilities
UNRESOLVED: g++.dg/bprob/g++-bprob-1.C execution, -O3 -fbranch-probabilities
FAIL: g++.dg/bprob/g++-bprob-1.C compilation, -O3 -g -fprofile-arcs
UNRESOLVED: g++.dg/bprob/g++-bprob-1.C execution, -O3 -g -fprofile-arcs
UNRESOLVED: g++.dg/bprob/g++-bprob-1.C compilation, -O3 -g -fbranch-probabilities
UNRESOLVED: g++.dg/bprob/g++-bprob-1.C execution, -O3 -g -fbranch-probabilities
FAIL: g++.dg/bprob/g++-bprob-1.C compilation, -O3 -ftree-based-profiling -fbranch-probabilities
UNRESOLVED: g++.dg/bprob/g++-bprob-1.C execution, -O3 -ftree-based-profiling -fbranch-probabilities
FAIL: g++.dg/bprob/g++-bprob-1.C compilation, -O3 -g -ftree-based-profiling -fbranch-probabilities
UNRESOLVED: g++.dg/bprob/g++-bprob-1.C execution, -O3 -g -ftree-based-profiling -fbranch-probabilities
FAIL: g++.dg/abi/bitfield4.C execution test
FAIL: g++.dg/eh/omit-frame-pointer2.C execution test
FAIL: g++.dg/eh/registers1.C execution test
FAIL: g++.dg/ext/visibility/noPLT.C scan-assembler-not methodEv@PLT
FAIL: g++.dg/opt/eh2.C execution test
FAIL: g++.old-deja/g++.eh/ia64-1.C execution test
XPASS: g++.old-deja/g++.other/init5.C execution test
=== g++ Summary ===
# of expected passes 10920
# of unexpected failures 10
# of unexpected successes 1
# of expected failures 69
# of unresolved testcases 8
# of unsupported tests 92
/home/adconrad/build/gcc-4.0/gcc-4.0-4.0.1/build/gcc/testsuite/../g++ version 4.0.2 20050806 (prerelease) (Debian 4.0.1-4)
=== gcc tests ===
Running target unix
WARNING: program timed out.
FAIL: gcc.c-torture/compile/20001226-1.c -O1 (test for excess errors)
WARNING: program timed out.
FAIL: gcc.c-torture/compile/20001226-1.c -O2 (test for excess errors)
WARNING: program timed out.
FAIL: gcc.c-torture/compile/20001226-1.c -O3 -fomit-frame-pointer (test for excess errors)
WARNING: program timed out.
FAIL: gcc.c-torture/compile/20001226-1.c -O3 -g (test for excess errors)
WARNING: program timed out.
FAIL: gcc.c-torture/compile/20001226-1.c -Os (test for excess errors)
FAIL: gcc.c-torture/compile/20020330-1.c -O3 -fomit-frame-pointer (test for excess errors)
FAIL: gcc.c-torture/compile/20020330-1.c -O3 -g (test for excess errors)
FAIL: gcc.c-torture/compile/920625-1.c -O3 -fomit-frame-pointer (test for excess errors)
FAIL: gcc.c-torture/compile/920625-1.c -O3 -fomit-frame-pointer -funroll-loops (test for excess errors)
FAIL: gcc.c-torture/compile/920625-1.c -O3 -fomit-frame-pointer -funroll-all-loops -finline-functions (test for excess errors)
FAIL: gcc.c-torture/compile/920928-2.c -O3 -fomit-frame-pointer -funroll-loops (test for excess errors)
FAIL: gcc.c-torture/compile/920928-2.c -O3 -fomit-frame-pointer -funroll-all-loops -finline-functions (test for excess errors)
FAIL: gcc.c-torture/execute/20001203-2.c compilation, -O3 -fomit-frame-pointer
UNRESOLVED: gcc.c-torture/execute/20001203-2.c execution, -O3 -fomit-frame-pointer
FAIL: gcc.c-torture/execute/20001203-2.c compilation, -O3 -g
UNRESOLVED: gcc.c-torture/execute/20001203-2.c execution, -O3 -g
FAIL: gcc.c-torture/execute/20020418-1.c execution, -O1
FAIL: gcc.c-torture/execute/20020418-1.c execution, -O2
FAIL: gcc.c-torture/execute/20020418-1.c execution, -Os
FAIL: gcc.c-torture/execute/920501-2.c compilation, -O3 -fomit-frame-pointer
UNRESOLVED: gcc.c-torture/execute/920501-2.c execution, -O3 -fomit-frame-pointer
FAIL: gcc.c-torture/execute/920501-2.c compilation, -O3 -fomit-frame-pointer -funroll-all-loops -finline-functions
UNRESOLVED: gcc.c-torture/execute/920501-2.c execution, -O3 -fomit-frame-pointer -funroll-all-loops -finline-functions
FAIL: gcc.c-torture/execute/920501-2.c compilation, -O3 -g
UNRESOLVED: gcc.c-torture/execute/920501-2.c execution, -O3 -g
FAIL: gcc.c-torture/execute/920501-6.c compilation, -O3 -fomit-frame-pointer
UNRESOLVED: gcc.c-torture/execute/920501-6.c execution, -O3 -fomit-frame-pointer
FAIL: gcc.c-torture/execute/920501-6.c compilation, -O3 -fomit-frame-pointer -funroll-loops
UNRESOLVED: gcc.c-torture/execute/920501-6.c execution, -O3 -fomit-frame-pointer -funroll-loops
FAIL: gcc.c-torture/execute/920501-6.c compilation, -O3 -fomit-frame-pointer -funroll-all-loops -finline-functions
UNRESOLVED: gcc.c-torture/execute/920501-6.c execution, -O3 -fomit-frame-pointer -funroll-all-loops -finline-functions
FAIL: gcc.c-torture/execute/920501-6.c compilation, -O3 -g
UNRESOLVED: gcc.c-torture/execute/920501-6.c execution, -O3 -g
FAIL: gcc.c-torture/execute/931004-2.c compilation, -O3 -fomit-frame-pointer
UNRESOLVED: gcc.c-torture/execute/931004-2.c execution, -O3 -fomit-frame-pointer
FAIL: gcc.c-torture/execute/931004-2.c compilation, -O3 -fomit-frame-pointer -funroll-loops
UNRESOLVED: gcc.c-torture/execute/931004-2.c execution, -O3 -fomit-frame-pointer -funroll-loops
FAIL: gcc.c-torture/execute/931004-2.c compilation, -O3 -fomit-frame-pointer -funroll-all-loops -finline-functions
UNRESOLVED: gcc.c-torture/execute/931004-2.c execution, -O3 -fomit-frame-pointer -funroll-all-loops -finline-functions
FAIL: gcc.c-torture/execute/931004-2.c compilation, -O3 -g
UNRESOLVED: gcc.c-torture/execute/931004-2.c execution, -O3 -g
FAIL: gcc.c-torture/execute/931004-4.c compilation, -O3 -fomit-frame-pointer
UNRESOLVED: gcc.c-torture/execute/931004-4.c execution, -O3 -fomit-frame-pointer
FAIL: gcc.c-torture/execute/931004-4.c compilation, -O3 -fomit-frame-pointer -funroll-loops
UNRESOLVED: gcc.c-torture/execute/931004-4.c execution, -O3 -fomit-frame-pointer -funroll-loops
FAIL: gcc.c-torture/execute/931004-4.c compilation, -O3 -fomit-frame-pointer -funroll-all-loops -finline-functions
UNRESOLVED: gcc.c-torture/execute/931004-4.c execution, -O3 -fomit-frame-pointer -funroll-all-loops -finline-functions
FAIL: gcc.c-torture/execute/931004-4.c compilation, -O3 -g
UNRESOLVED: gcc.c-torture/execute/931004-4.c execution, -O3 -g
FAIL: gcc.c-torture/execute/931004-6.c compilation, -O3 -fomit-frame-pointer
UNRESOLVED: gcc.c-torture/execute/931004-6.c execution, -O3 -fomit-frame-pointer
FAIL: gcc.c-torture/execute/931004-6.c compilation, -O3 -fomit-frame-pointer -funroll-loops
UNRESOLVED: gcc.c-torture/execute/931004-6.c execution, -O3 -fomit-frame-pointer -funroll-loops
FAIL: gcc.c-torture/execute/931004-6.c compilation, -O3 -fomit-frame-pointer -funroll-all-loops -finline-functions
UNRESOLVED: gcc.c-torture/execute/931004-6.c execution, -O3 -fomit-frame-pointer -funroll-all-loops -finline-functions
FAIL: gcc.c-torture/execute/931004-6.c compilation, -O3 -g
UNRESOLVED: gcc.c-torture/execute/931004-6.c execution, -O3 -g
FAIL: gcc.c-torture/execute/991216-2.c compilation, -O3 -fomit-frame-pointer
UNRESOLVED: gcc.c-torture/execute/991216-2.c execution, -O3 -fomit-frame-pointer
FAIL: gcc.c-torture/execute/991216-2.c compilation, -O3 -fomit-frame-pointer -funroll-loops
UNRESOLVED: gcc.c-torture/execute/991216-2.c execution, -O3 -fomit-frame-pointer -funroll-loops
FAIL: gcc.c-torture/execute/991216-2.c compilation, -O3 -fomit-frame-pointer -funroll-all-loops -finline-functions
UNRESOLVED: gcc.c-torture/execute/991216-2.c execution, -O3 -fomit-frame-pointer -funroll-all-loops -finline-functions
FAIL: gcc.c-torture/execute/991216-2.c compilation, -O3 -g
UNRESOLVED: gcc.c-torture/execute/991216-2.c execution, -O3 -g
FAIL: gcc.c-torture/execute/ashldi-1.c execution, -O0
FAIL: gcc.c-torture/execute/ashrdi-1.c execution, -O0
FAIL: gcc.c-torture/execute/builtin-bitops-1.c execution, -O0
FAIL: gcc.c-torture/execute/builtin-bitops-1.c compilation, -O3 -fomit-frame-pointer -funroll-loops
UNRESOLVED: gcc.c-torture/execute/builtin-bitops-1.c execution, -O3 -fomit-frame-pointer -funroll-loops
FAIL: gcc.c-torture/execute/builtin-bitops-1.c compilation, -O3 -fomit-frame-pointer -funroll-all-loops -finline-functions
UNRESOLVED: gcc.c-torture/execute/builtin-bitops-1.c execution, -O3 -fomit-frame-pointer -funroll-all-loops -finline-functions
FAIL: gcc.c-torture/execute/loop-2f.c execution, -O0
FAIL: gcc.c-torture/execute/loop-2f.c execution, -O1
FAIL: gcc.c-torture/execute/loop-2f.c execution, -O2
FAIL: gcc.c-torture/execute/loop-2f.c execution, -O3 -fomit-frame-pointer
FAIL: gcc.c-torture/execute/loop-2f.c execution, -O3 -fomit-frame-pointer -funroll-loops
FAIL: gcc.c-torture/execute/loop-2f.c execution, -O3 -fomit-frame-pointer -funroll-all-loops -finline-functions
FAIL: gcc.c-torture/execute/loop-2f.c execution, -O3 -g
FAIL: gcc.c-torture/execute/loop-2f.c execution, -Os
FAIL: gcc.c-torture/execute/loop-2g.c execution, -O0
FAIL: gcc.c-torture/execute/loop-2g.c execution, -O1
FAIL: gcc.c-torture/execute/loop-2g.c execution, -O2
FAIL: gcc.c-torture/execute/loop-2g.c execution, -O3 -fomit-frame-pointer
FAIL: gcc.c-torture/execute/loop-2g.c execution, -O3 -fomit-frame-pointer -funroll-loops
FAIL: gcc.c-torture/execute/loop-2g.c execution, -O3 -fomit-frame-pointer -funroll-all-loops -finline-functions
FAIL: gcc.c-torture/execute/loop-2g.c execution, -O3 -g
FAIL: gcc.c-torture/execute/loop-2g.c execution, -Os
FAIL: gcc.c-torture/execute/lshrdi-1.c execution, -O0
FAIL: gcc.c-torture/execute/pr17377.c execution, -O3 -fomit-frame-pointer
FAIL: gcc.c-torture/execute/pr20601-1.c compilation, -O3 -fomit-frame-pointer
UNRESOLVED: gcc.c-torture/execute/pr20601-1.c execution, -O3 -fomit-frame-pointer
FAIL: gcc.c-torture/execute/pr20601-1.c compilation, -O3 -fomit-frame-pointer -funroll-loops
UNRESOLVED: gcc.c-torture/execute/pr20601-1.c execution, -O3 -fomit-frame-pointer -funroll-loops
FAIL: gcc.c-torture/execute/pr20601-1.c compilation, -O3 -fomit-frame-pointer -funroll-all-loops -finline-functions
UNRESOLVED: gcc.c-torture/execute/pr20601-1.c execution, -O3 -fomit-frame-pointer -funroll-all-loops -finline-functions
FAIL: gcc.c-torture/execute/pr20601-1.c compilation, -O3 -g
UNRESOLVED: gcc.c-torture/execute/pr20601-1.c execution, -O3 -g
FAIL: gcc.c-torture/execute/ieee/copysign1.c execution, -O0
FAIL: gcc.c-torture/execute/ieee/copysign1.c execution, -O1
FAIL: gcc.c-torture/execute/ieee/copysign1.c execution, -O2
FAIL: gcc.c-torture/execute/ieee/copysign1.c execution, -O3 -fomit-frame-pointer
FAIL: gcc.c-torture/execute/ieee/copysign1.c execution, -O3 -fomit-frame-pointer -funroll-loops
FAIL: gcc.c-torture/execute/ieee/copysign1.c execution, -O3 -fomit-frame-pointer -funroll-all-loops -finline-functions
FAIL: gcc.c-torture/execute/ieee/copysign1.c execution, -O3 -g
FAIL: gcc.c-torture/execute/ieee/copysign1.c execution, -Os
FAIL: gcc.c-torture/execute/ieee/copysign2.c execution, -O0
FAIL: gcc.c-torture/execute/ieee/copysign2.c execution, -O1
FAIL: gcc.c-torture/execute/ieee/copysign2.c execution, -O2
FAIL: gcc.c-torture/execute/ieee/copysign2.c execution, -O3 -fomit-frame-pointer
FAIL: gcc.c-torture/execute/ieee/copysign2.c execution, -O3 -fomit-frame-pointer -funroll-loops
FAIL: gcc.c-torture/execute/ieee/copysign2.c execution, -O3 -fomit-frame-pointer -funroll-all-loops -finline-functions
FAIL: gcc.c-torture/execute/ieee/copysign2.c execution, -O3 -g
FAIL: gcc.c-torture/execute/ieee/copysign2.c execution, -Os
FAIL: gcc.c-torture/execute/ieee/mul-subnormal-single-1.c execution, -O0
FAIL: gcc.c-torture/execute/ieee/mul-subnormal-single-1.c execution, -O1
FAIL: gcc.c-torture/execute/ieee/mul-subnormal-single-1.c execution, -O2
FAIL: gcc.c-torture/execute/ieee/mul-subnormal-single-1.c execution, -O3 -fomit-frame-pointer
FAIL: gcc.c-torture/execute/ieee/mul-subnormal-single-1.c execution, -O3 -fomit-frame-pointer -funroll-loops
FAIL: gcc.c-torture/execute/ieee/mul-subnormal-single-1.c execution, -O3 -fomit-frame-pointer -funroll-all-loops -finline-functions
FAIL: gcc.c-torture/execute/ieee/mul-subnormal-single-1.c execution, -O3 -g
FAIL: gcc.c-torture/execute/ieee/mul-subnormal-single-1.c execution, -Os
FAIL: gcc.dg/bitfld-3.c execution test
FAIL: gcc.dg/bitfld-4.c execution test
FAIL: gcc.dg/cleanup-10.c execution test
FAIL: gcc.dg/cleanup-11.c execution test
FAIL: gcc.dg/cleanup-8.c execution test
FAIL: gcc.dg/cleanup-9.c execution test
FAIL: gcc.dg/pack-test-1.c (test for excess errors)
FAIL: gcc.dg/pr18628.c (test for excess errors)
FAIL: largefile.c -O0 -g (test for excess errors)
FAIL: largefile.c -O0 (test for excess errors)
FAIL: largefile.c -O1 (test for excess errors)
FAIL: largefile.c -O2 (test for excess errors)
FAIL: largefile.c -O3 -fomit-frame-pointer (test for excess errors)
FAIL: largefile.c -O3 -g (test for excess errors)
FAIL: largefile.c -Os (test for excess errors)
XPASS: gcc.dg/tree-ssa/20040204-1.c scan-tree-dump-times link_error 0
FAIL: gcc.dg/tree-ssa/loop-1.c scan-assembler-times foo 5
FAIL: gcc.dg/weak/typeof-2.c scan-assembler baz3.*baz3.*baz3.*baz3.*baz3.*baz3
FAIL: gcc.misc-tests/bprob-1.c compilation, -O3 -DPERFTIME -fprofile-arcs
UNRESOLVED: gcc.misc-tests/bprob-1.c execution, -O3 -DPERFTIME -fprofile-arcs
UNRESOLVED: gcc.misc-tests/bprob-1.c compilation, -O3 -DPERFTIME -fbranch-probabilities
UNRESOLVED: gcc.misc-tests/bprob-1.c execution, -O3 -DPERFTIME -fbranch-probabilities
FAIL: gcc.misc-tests/bprob-1.c compilation, -O3 -g -DPERFTIME -fprofile-arcs
UNRESOLVED: gcc.misc-tests/bprob-1.c execution, -O3 -g -DPERFTIME -fprofile-arcs
UNRESOLVED: gcc.misc-tests/bprob-1.c compilation, -O3 -g -DPERFTIME -fbranch-probabilities
UNRESOLVED: gcc.misc-tests/bprob-1.c execution, -O3 -g -DPERFTIME -fbranch-probabilities
FAIL: gcc.misc-tests/bprob-1.c compilation, -O3 -DPERFTIME -ftree-based-profiling -fbranch-probabilities
UNRESOLVED: gcc.misc-tests/bprob-1.c execution, -O3 -DPERFTIME -ftree-based-profiling -fbranch-probabilities
FAIL: gcc.misc-tests/bprob-1.c compilation, -O3 -g -DPERFTIME -ftree-based-profiling -fbranch-probabilities
UNRESOLVED: gcc.misc-tests/bprob-1.c execution, -O3 -g -DPERFTIME -ftree-based-profiling -fbranch-probabilities
=== gcc Summary ===
# of expected passes 33956
# of unexpected failures 112
# of unexpected successes 1
# of expected failures 69
# of unresolved testcases 39
# of untested testcases 35
# of unsupported tests 499
/home/adconrad/build/gcc-4.0/gcc-4.0-4.0.1/build/gcc/xgcc version 4.0.2 20050806 (prerelease) (Debian 4.0.1-4)
=== objc tests ===
Running target unix
=== objc Summary ===
# of expected passes 1534
# of unsupported tests 10
/home/adconrad/build/gcc-4.0/gcc-4.0-4.0.1/build/gcc/xgcc version 4.0.2 20050806 (prerelease) (Debian 4.0.1-4)
=== libffi tests ===
Running target unix
FAIL: libffi.call/closure_fn0.c (test for excess errors)
WARNING: libffi.call/closure_fn0.c compilation failed to produce executable
FAIL: libffi.call/closure_fn1.c (test for excess errors)
WARNING: libffi.call/closure_fn1.c compilation failed to produce executable
FAIL: libffi.call/closure_fn2.c (test for excess errors)
WARNING: libffi.call/closure_fn2.c compilation failed to produce executable
FAIL: libffi.call/closure_fn3.c (test for excess errors)
WARNING: libffi.call/closure_fn3.c compilation failed to produce executable
FAIL: libffi.call/closure_fn4.c (test for excess errors)
WARNING: libffi.call/closure_fn4.c compilation failed to produce executable
FAIL: libffi.call/closure_fn5.c (test for excess errors)
WARNING: libffi.call/closure_fn5.c compilation failed to produce executable
FAIL: libffi.call/cls_12byte.c (test for excess errors)
WARNING: libffi.call/cls_12byte.c compilation failed to produce executable
FAIL: libffi.call/cls_16byte.c (test for excess errors)
WARNING: libffi.call/cls_16byte.c compilation failed to produce executable
FAIL: libffi.call/cls_18byte.c (test for excess errors)
WARNING: libffi.call/cls_18byte.c compilation failed to produce executable
FAIL: libffi.call/cls_19byte.c (test for excess errors)
WARNING: libffi.call/cls_19byte.c compilation failed to produce executable
FAIL: libffi.call/cls_1_1byte.c (test for excess errors)
WARNING: libffi.call/cls_1_1byte.c compilation failed to produce executable
FAIL: libffi.call/cls_20byte.c (test for excess errors)
WARNING: libffi.call/cls_20byte.c compilation failed to produce executable
FAIL: libffi.call/cls_20byte1.c (test for excess errors)
WARNING: libffi.call/cls_20byte1.c compilation failed to produce executable
FAIL: libffi.call/cls_24byte.c (test for excess errors)
WARNING: libffi.call/cls_24byte.c compilation failed to produce executable
FAIL: libffi.call/cls_2byte.c (test for excess errors)
WARNING: libffi.call/cls_2byte.c compilation failed to produce executable
FAIL: libffi.call/cls_3_1byte.c (test for excess errors)
WARNING: libffi.call/cls_3_1byte.c compilation failed to produce executable
FAIL: libffi.call/cls_3byte1.c (test for excess errors)
WARNING: libffi.call/cls_3byte1.c compilation failed to produce executable
FAIL: libffi.call/cls_3byte2.c (test for excess errors)
WARNING: libffi.call/cls_3byte2.c compilation failed to produce executable
FAIL: libffi.call/cls_4_1byte.c (test for excess errors)
WARNING: libffi.call/cls_4_1byte.c compilation failed to produce executable
FAIL: libffi.call/cls_4byte.c (test for excess errors)
WARNING: libffi.call/cls_4byte.c compilation failed to produce executable
FAIL: libffi.call/cls_5byte.c (test for excess errors)
WARNING: libffi.call/cls_5byte.c compilation failed to produce executable
FAIL: libffi.call/cls_64byte.c (test for excess errors)
WARNING: libffi.call/cls_64byte.c compilation failed to produce executable
FAIL: libffi.call/cls_6byte.c (test for excess errors)
WARNING: libffi.call/cls_6byte.c compilation failed to produce executable
FAIL: libffi.call/cls_7byte.c (test for excess errors)
WARNING: libffi.call/cls_7byte.c compilation failed to produce executable
FAIL: libffi.call/cls_8byte.c (test for excess errors)
WARNING: libffi.call/cls_8byte.c compilation failed to produce executable
FAIL: libffi.call/cls_9byte1.c (test for excess errors)
WARNING: libffi.call/cls_9byte1.c compilation failed to produce executable
FAIL: libffi.call/cls_9byte2.c (test for excess errors)
WARNING: libffi.call/cls_9byte2.c compilation failed to produce executable
FAIL: libffi.call/cls_align_double.c (test for excess errors)
WARNING: libffi.call/cls_align_double.c compilation failed to produce executable
FAIL: libffi.call/cls_align_float.c (test for excess errors)
WARNING: libffi.call/cls_align_float.c compilation failed to produce executable
FAIL: libffi.call/cls_align_longdouble.c (test for excess errors)
WARNING: libffi.call/cls_align_longdouble.c compilation failed to produce executable
FAIL: libffi.call/cls_align_pointer.c (test for excess errors)
WARNING: libffi.call/cls_align_pointer.c compilation failed to produce executable
FAIL: libffi.call/cls_align_sint16.c (test for excess errors)
WARNING: libffi.call/cls_align_sint16.c compilation failed to produce executable
FAIL: libffi.call/cls_align_sint32.c (test for excess errors)
WARNING: libffi.call/cls_align_sint32.c compilation failed to produce executable
FAIL: libffi.call/cls_align_sint64.c (test for excess errors)
WARNING: libffi.call/cls_align_sint64.c compilation failed to produce executable
FAIL: libffi.call/cls_align_uint16.c (test for excess errors)
WARNING: libffi.call/cls_align_uint16.c compilation failed to produce executable
FAIL: libffi.call/cls_align_uint32.c (test for excess errors)
WARNING: libffi.call/cls_align_uint32.c compilation failed to produce executable
FAIL: libffi.call/cls_align_uint64.c (test for excess errors)
WARNING: libffi.call/cls_align_uint64.c compilation failed to produce executable
FAIL: libffi.call/cls_double.c (test for excess errors)
WARNING: libffi.call/cls_double.c compilation failed to produce executable
FAIL: libffi.call/cls_float.c (test for excess errors)
WARNING: libffi.call/cls_float.c compilation failed to produce executable
FAIL: libffi.call/cls_multi_schar.c (test for excess errors)
WARNING: libffi.call/cls_multi_schar.c compilation failed to produce executable
FAIL: libffi.call/cls_multi_sshort.c (test for excess errors)
WARNING: libffi.call/cls_multi_sshort.c compilation failed to produce executable
FAIL: libffi.call/cls_multi_sshortchar.c (test for excess errors)
WARNING: libffi.call/cls_multi_sshortchar.c compilation failed to produce executable
FAIL: libffi.call/cls_multi_uchar.c (test for excess errors)
WARNING: libffi.call/cls_multi_uchar.c compilation failed to produce executable
FAIL: libffi.call/cls_multi_ushort.c (test for excess errors)
WARNING: libffi.call/cls_multi_ushort.c compilation failed to produce executable
FAIL: libffi.call/cls_multi_ushortchar.c (test for excess errors)
WARNING: libffi.call/cls_multi_ushortchar.c compilation failed to produce executable
FAIL: libffi.call/cls_schar.c (test for excess errors)
WARNING: libffi.call/cls_schar.c compilation failed to produce executable
FAIL: libffi.call/cls_sint.c (test for excess errors)
WARNING: libffi.call/cls_sint.c compilation failed to produce executable
FAIL: libffi.call/cls_sshort.c (test for excess errors)
WARNING: libffi.call/cls_sshort.c compilation failed to produce executable
FAIL: libffi.call/cls_uchar.c (test for excess errors)
WARNING: libffi.call/cls_uchar.c compilation failed to produce executable
FAIL: libffi.call/cls_uint.c (test for excess errors)
WARNING: libffi.call/cls_uint.c compilation failed to produce executable
FAIL: libffi.call/cls_ulonglong.c (test for excess errors)
WARNING: libffi.call/cls_ulonglong.c compilation failed to produce executable
FAIL: libffi.call/cls_ushort.c (test for excess errors)
WARNING: libffi.call/cls_ushort.c compilation failed to produce executable
FAIL: libffi.call/nested_struct.c (test for excess errors)
WARNING: libffi.call/nested_struct.c compilation failed to produce executable
FAIL: libffi.call/nested_struct1.c (test for excess errors)
WARNING: libffi.call/nested_struct1.c compilation failed to produce executable
FAIL: libffi.call/nested_struct2.c (test for excess errors)
WARNING: libffi.call/nested_struct2.c compilation failed to produce executable
FAIL: libffi.call/nested_struct3.c (test for excess errors)
WARNING: libffi.call/nested_struct3.c compilation failed to produce executable
FAIL: libffi.call/problem1.c (test for excess errors)
WARNING: libffi.call/problem1.c compilation failed to produce executable
FAIL: libffi.special/unwindtest.cc -shared-libgcc -lstdc++ (test for excess errors)
WARNING: libffi.special/unwindtest.cc -shared-libgcc -lstdc++ compilation failed to produce executable
=== libffi Summary ===
# of expected passes 45
# of unexpected failures 58
# of unsupported tests 2
=== libjava tests ===
Running target unix
FAIL: PR18116 run
FAIL: iface run
FAIL: martin run
FAIL: pr11951 run
FAIL: register run
FAIL: throwit output
FAIL: PR16923 run
FAIL: ArrayStore -O3 execution - bytecode->native test
FAIL: Array_1 execution - bytecode->native test
FAIL: Array_1 -O3 execution - bytecode->native test
FAIL: Class_1 execution - source compiled test
FAIL: Class_1 execution - bytecode->native test
FAIL: Class_1 -O3 execution - source compiled test
FAIL: Class_1 -O3 execution - bytecode->native test
FAIL: Divide_1 -O3 execution - source compiled test
FAIL: Divide_1 -O3 execution - bytecode->native test
FAIL: G19990302_02 -O3 execution - bytecode->native test
FAIL: G19990303_01 -O3 execution - bytecode->native test
FAIL: G19990304_01 -O3 execution - bytecode->native test
FAIL: InterfaceDispatch execution - source compiled test
FAIL: InterfaceDispatch execution - bytecode->native test
FAIL: InterfaceDispatch -O3 execution - source compiled test
FAIL: InterfaceDispatch -O3 execution - bytecode->native test
FAIL: InvokeInterface execution - bytecode->native test
FAIL: InvokeInterface -O3 execution - bytecode->native test
FAIL: LargeFile execution - source compiled test
FAIL: LargeFile execution - bytecode->native test
FAIL: LargeFile -O3 execution - source compiled test
FAIL: LargeFile -O3 execution - bytecode->native test
FAIL: PR12350 execution - bytecode->native test
FAIL: PR12350 -O3 execution - bytecode->native test
FAIL: PR12416 execution - bytecode->native test
FAIL: PR12416 -O3 execution - bytecode->native test
FAIL: PR18699 execution - source compiled test
WARNING: program timed out.
FAIL: PR18699 execution - bytecode->native test
WARNING: program timed out.
FAIL: PR18699 -O3 execution - source compiled test
WARNING: program timed out.
FAIL: PR18699 -O3 execution - bytecode->native test
FAIL: PR260 execution - bytecode->native test
FAIL: PR260 -O3 execution - bytecode->native test
FAIL: Process_5 -O3 output - source compiled test
FAIL: Process_5 -O3 output - bytecode->native test
FAIL: Serialization execution - source compiled test
FAIL: Serialization execution - bytecode->native test
FAIL: Serialization -O3 execution - source compiled test
FAIL: Serialization -O3 execution - bytecode->native test
FAIL: StringBuffer_1 -O3 execution - source compiled test
FAIL: StringBuffer_1 -O3 execution - bytecode->native test
FAIL: SyncTest execution - bytecode->native test
FAIL: SyncTest -O3 execution - bytecode->native test
FAIL: TestProxy output - source compiled test
FAIL: TestProxy output - bytecode->native test
FAIL: TestProxy -O3 output - source compiled test
FAIL: TestProxy -O3 output - bytecode->native test
FAIL: Throw_2 execution - source compiled test
FAIL: Throw_2 execution - bytecode->native test
FAIL: Throw_2 -O3 execution - source compiled test
FAIL: Throw_2 -O3 execution - bytecode->native test
FAIL: assign execution - source compiled test
FAIL: assign execution - bytecode->native test
FAIL: assign -O3 execution - source compiled test
FAIL: assign -O3 execution - bytecode->native test
FAIL: assign2 execution - source compiled test
FAIL: assign2 execution - bytecode->native test
FAIL: assign2 -O3 execution - source compiled test
FAIL: assign2 -O3 execution - bytecode->native test
FAIL: invokethrow output - source compiled test
FAIL: invokethrow execution - bytecode->native test
FAIL: invokethrow -O3 output - source compiled test
FAIL: invokethrow -O3 execution - bytecode->native test
FAIL: md5test execution - source compiled test
FAIL: md5test execution - bytecode->native test
FAIL: md5test -O3 execution - source compiled test
FAIL: md5test -O3 execution - bytecode->native test
FAIL: pr179 execution - bytecode->native test
FAIL: pr179 -O3 execution - bytecode->native test
FAIL: pr8415 execution - source compiled test
FAIL: pr8415 execution - bytecode->native test
FAIL: pr8415 -O3 execution - source compiled test
FAIL: pr8415 -O3 execution - bytecode->native test
FAIL: shatest execution - source compiled test
FAIL: shatest execution - bytecode->native test
FAIL: shatest -O3 execution - source compiled test
FAIL: shatest -O3 execution - bytecode->native test
FAIL: stringconst2 output - source compiled test
FAIL: stringconst2 output - bytecode->native test
FAIL: stringconst2 -O3 output - source compiled test
FAIL: stringconst2 -O3 output - bytecode->native test
FAIL: /home/adconrad/build/gcc-4.0/gcc-4.0-4.0.1/build/m68k-linux-gnu/libjava/testsuite/TestEarlyGC.exe execution - /home/adconrad/build/gcc-4.0/gcc-4.0-4.0.1/build/m68k-linux-gnu/libjava/testsuite/TestEarlyGC.exe
FAIL: /home/adconrad/build/gcc-4.0/gcc-4.0-4.0.1/build/m68k-linux-gnu/libjava/testsuite/TestLeak.exe output - /home/adconrad/build/gcc-4.0/gcc-4.0-4.0.1/build/m68k-linux-gnu/libjava/testsuite/TestLeak.exe
FAIL: /home/adconrad/build/gcc-4.0/gcc-4.0-4.0.1/build/m68k-linux-gnu/libjava/testsuite/TestMultiple.exe output - /home/adconrad/build/gcc-4.0/gcc-4.0-4.0.1/build/m68k-linux-gnu/libjava/testsuite/TestMultiple.exe
FAIL: /home/adconrad/build/gcc-4.0/gcc-4.0-4.0.1/build/m68k-linux-gnu/libjava/testsuite/TestParent.exe output - /home/adconrad/build/gcc-4.0/gcc-4.0-4.0.1/build/m68k-linux-gnu/libjava/testsuite/TestParent.exe
=== libjava Summary ===
# of expected passes 2925
# of unexpected failures 91
# of expected failures 13
# of untested testcases 93
=== libmudflap tests ===
Running target unix
WARNING: program timed out.
FAIL: libmudflap.c/heap-scalestress.c execution test
FAIL: libmudflap.c/heap-scalestress.c output pattern test
WARNING: program timed out.
FAIL: libmudflap.c/heap-scalestress.c (-O2) execution test
FAIL: libmudflap.c/heap-scalestress.c (-O2) output pattern test
WARNING: program timed out.
FAIL: libmudflap.c/heap-scalestress.c (-O3) execution test
FAIL: libmudflap.c/heap-scalestress.c (-O3) output pattern test
FAIL: libmudflap.c/pass-stratcliff.c (-O3) (test for excess errors)
WARNING: libmudflap.c/pass-stratcliff.c (-O3) compilation failed to produce executable
FAIL: libmudflap.c++/pass55-frag.cxx (-O3) (test for excess errors)
WARNING: libmudflap.c++/pass55-frag.cxx (-O3) compilation failed to produce executable
WARNING: program timed out.
FAIL: libmudflap.cth/pass40-frag.c execution test
FAIL: libmudflap.cth/pass40-frag.c output pattern test
WARNING: program timed out.
FAIL: libmudflap.cth/pass40-frag.c (-static -DSTATIC) execution test
FAIL: libmudflap.cth/pass40-frag.c (-static -DSTATIC) output pattern test
WARNING: program timed out.
FAIL: libmudflap.cth/pass40-frag.c (-O2) execution test
FAIL: libmudflap.cth/pass40-frag.c (-O2) output pattern test
WARNING: program timed out.
FAIL: libmudflap.cth/pass40-frag.c (-O3) execution test
FAIL: libmudflap.cth/pass40-frag.c (-O3) output pattern test
=== libmudflap Summary ===
# of expected passes 1270
# of unexpected failures 16
=== libstdc++ tests ===
Running target unix
FAIL: 21_strings/basic_string/append/char/1.cc execution test
FAIL: 21_strings/basic_string/append/wchar_t/1.cc execution test
FAIL: 21_strings/basic_string/cons/char/1.cc execution test
FAIL: 21_strings/basic_string/cons/char/3.cc execution test
FAIL: 21_strings/basic_string/cons/wchar_t/1.cc execution test
FAIL: 21_strings/basic_string/cons/wchar_t/3.cc execution test
FAIL: 21_strings/basic_string/element_access/char/1.cc execution test
FAIL: 21_strings/basic_string/element_access/wchar_t/1.cc execution test
FAIL: 21_strings/basic_string/insert/char/1.cc execution test
FAIL: 21_strings/basic_string/insert/wchar_t/1.cc execution test
FAIL: 21_strings/basic_string/inserters_extractors/pod/10081-in.cc execution test
FAIL: 21_strings/basic_string/substr/char/1.cc execution test
FAIL: 21_strings/basic_string/substr/wchar_t/1.cc execution test
WARNING: program timed out.
WARNING: program timed out.
FAIL: 22_locale/locale/cons/12658_thread-2.cc execution test
FAIL: 22_locale/numpunct/members/pod/2.cc execution test
XPASS: 26_numerics/cmath/c99_classification_macros_c.cc (test for excess errors)
FAIL: 27_io/basic_filebuf/underflow/wchar_t/11544-1.cc execution test
FAIL: 27_io/basic_filebuf/underflow/wchar_t/11544-2.cc execution test
FAIL: 27_io/basic_filebuf/underflow/wchar_t/11603.cc execution test
FAIL: 27_io/basic_ios/exceptions/char/1.cc execution test
FAIL: 27_io/basic_ios/exceptions/char/2.cc execution test
FAIL: 27_io/basic_istream/extractors_arithmetic/char/exceptions_badbit_throw.cc execution test
FAIL: 27_io/basic_istream/extractors_arithmetic/char/exceptions_failbit_throw.cc execution test
FAIL: 27_io/basic_istream/extractors_arithmetic/wchar_t/exceptions_badbit_throw.cc execution test
FAIL: 27_io/basic_istream/extractors_arithmetic/wchar_t/exceptions_failbit_throw.cc execution test
FAIL: 27_io/basic_istream/extractors_other/char/exceptions_badbit_throw.cc execution test
FAIL: 27_io/basic_istream/extractors_other/char/exceptions_failbit_throw.cc execution test
FAIL: 27_io/basic_istream/extractors_other/wchar_t/exceptions_badbit_throw.cc execution test
FAIL: 27_io/basic_istream/extractors_other/wchar_t/exceptions_failbit_throw.cc execution test
FAIL: 27_io/basic_istream/seekg/char/exceptions_badbit_throw.cc execution test
FAIL: 27_io/basic_istream/seekg/wchar_t/exceptions_badbit_throw.cc execution test
FAIL: 27_io/basic_istream/sentry/pod/1.cc execution test
FAIL: 27_io/basic_istream/tellg/char/exceptions_badbit_throw.cc execution test
FAIL: 27_io/basic_istream/tellg/wchar_t/exceptions_badbit_throw.cc execution test
FAIL: 27_io/basic_ostream/flush/wchar_t/exceptions_badbit_throw.cc execution test
FAIL: 27_io/basic_ostream/inserters_arithmetic/char/exceptions_badbit_throw.cc execution test
FAIL: 27_io/basic_ostream/inserters_arithmetic/char/exceptions_failbit_throw.cc execution test
FAIL: 27_io/basic_ostream/inserters_arithmetic/wchar_t/exceptions_badbit_throw.cc execution test
FAIL: 27_io/basic_ostream/inserters_arithmetic/wchar_t/exceptions_failbit_throw.cc execution test
FAIL: 27_io/basic_ostream/inserters_other/char/error_failbit.cc execution test
FAIL: 27_io/basic_ostream/inserters_other/char/exceptions_badbit_throw.cc execution test
FAIL: 27_io/basic_ostream/inserters_other/char/exceptions_failbit_throw.cc execution test
FAIL: 27_io/basic_ostream/inserters_other/wchar_t/error_failbit.cc execution test
FAIL: 27_io/basic_ostream/inserters_other/wchar_t/exceptions_badbit_throw.cc execution test
FAIL: 27_io/basic_ostream/inserters_other/wchar_t/exceptions_failbit_throw.cc execution test
FAIL: 27_io/basic_ostream/seekp/char/exceptions_badbit_throw.cc execution test
FAIL: 27_io/basic_ostream/seekp/wchar_t/exceptions_badbit_throw.cc execution test
FAIL: 27_io/basic_ostream/tellp/char/exceptions_badbit_throw.cc execution test
FAIL: 27_io/basic_ostream/tellp/wchar_t/exceptions_badbit_throw.cc execution test
FAIL: 27_io/ios_base/storage/2.cc execution test
FAIL: 27_io/objects/wchar_t/1.cc execution test
FAIL: 27_io/objects/wchar_t/2.cc execution test
FAIL: 27_io/objects/wchar_t/5.cc execution test
WARNING: program timed out.
FAIL: thread/pthread2.cc execution test
WARNING: program timed out.
FAIL: thread/pthread3.cc execution test
=== libstdc++ Summary ===
# of expected passes 3589
# of unexpected failures 54
# of unexpected successes 1
# of expected failures 13
Compiler version: 4.0.2 20050806 (prerelease) (Debian 4.0.1-4)
Platform: m68k-unknown-linux-gnu
configure flags: -v --prefix=/usr --enable-shared --with-system-zlib --libexecdir=/usr/lib --enable-nls --without-included-gettext --enable-threads=posix --program-suffix=-4.0 --enable-__cxa_atexit --enable-libstdcxx-allocator=mt --enable-clocale=gnu --enable-libstdcxx-debug --enable-java-gc=boehm --enable-java-awt=gtk --enable-gtk-cairo --with-java-home=/usr/lib/jvm/java-1.4.2-gcj-4.0-1.4.2.0/jre --disable-werror --enable-checking=release m68k-linux-gnu --enable-languages=c,c++,java,objc,treelang
BOOT_CFLAGS=-O2
Build Dependencies:
Desired=Unknown/Install/Remove/Purge/Hold
| Status=Not/Installed/Config-files/Unpacked/Failed-config/Half-installed
|/ Err?=(none)/Hold/Reinst-required/X=both-problems (Status,Err: uppercase=bad)
||/ Name Version Description
+++-==============-==============-==============================================
ii binutils 2.16.1-2 The GNU assembler, linker and binary utilities
ii libc6-dev 2.3.5-3 GNU C Library: Development Libraries and Heade
Patches that Debian applied in this version:
cvs-updates:
CVS updates from the 4.0 branch upto 20050806.
gcc-version:
Add package identification to the gcc version string
gcc-textdomain:
Set gettext's domain and textdomain to the versioned package name.
rename-info-files:
Allow transformations on info file names. Reference the
transformed info file names in the texinfo files.
libstdc++-pic:
Build and install libstdc++_pic.a library.
libstdc++-doclink:
adjust hrefs to point to the local documentation
amd64-specs:
On x86-64 use 64bits mode assembly except with -m32.
gccbug:
Use sensible-editor instead of vi as fallback editor
gccbug-posix:
Make gccbug POSIX compliant (patch by David Weinehall)
http://www.opengroup.org/onlinepubs/009695399/utilities/test.html
boehm-gc-nocheck:
Disable running the boehm-gc testsuite. Hangs the buildd at least on hppa.
acats-expect:
Run the ACATS testsuite using expect
libjava-awt-name:
2005-05-12 Thomas Fitzsimmons <fitzsim@redhat.com>
* Makefile.am (cond_gtk_gcjawt_ltlibrary): Rename libjawt.la
libgcjawt.la.
fastjar-version:
Append GCC version to the fastjar version string.
libstdc++-doxygen:
libstdc++ doxygen docs: Set SHORT_NAMES to YES
pr21540:
Fix PR java/21540.
pr21562:
Fix PR21562.
pr19877:
Proposed patch to fix PR19877 (libgcj configury)
classpath-20050618:
- update classpath awt, swing and xml parser for HTML support in swing.
taken from classpath CVS HEAD 2005-06-18.
- updates for gnu.xml and javax.swing.text.html.
classmap-path:
Search classmap.db in /var/lib/gcj-4.0 (omitting the subminor version).
gcc-m68k-update:
2005-07-24 Andreas Schwab <schwab@suse.de>
* config/m68k/m68k.md ("extendqidi2"): When source is an address
register use a word move. Correct operand of ext.w in 68000 code.
libjava-awt-peer-gtk:
Fix a segfault on architectures where the size of a pointer is
greater than the size of an integer, such as ia64.
deb-protoize:
build protoize/unprotoize binaries
link-libs:
reporting:
Add Debian URL for bug reporting isntructions.
Counting all warnings,
there are 84 warnings in stage3 of this bootstrap.
Number of warnings per file:
22 ./auto-host.h
11 treelang/lex.c
11 gengtype-lex.c
11 gcc/tsystem.h
11 gcc/defaults.h
6 gcc/config/m68k/m68k.md
4 gcc/libgcc2.c
2 gcc/objc/lang-specs.h
2 gcc/gcc.c
1 gcc/treelang/parse.y
1 gcc/protoize.c
1 gcc/java/jvspec.c
1 gcc/java/jcf-write.c
Number of warning types:
22 this is the location of the previous definition
22 no previous prototype for `???'
11 `HAVE_DECL_GETOPT' redefined
11 `DEFAULT_USE_CXA_ATEXIT' redefined
5 string length `???' is greater than the length `???' ISO C89 compilers are required to support
4 source missing a mode?
2 operand 1 missing mode?
2 old-style function definition
2 function declaration isn't a prototype
1 unused variable `???'
1 control may reach end of non-void function `???' being inlined
1 argument `???' might be clobbered by `???' or `???'