This is the mail archive of the
gcc-testresults@gcc.gnu.org
mailing list for the GCC project.
Results for 4.1.0 20050815 (experimental) testsuite on powerpc-unknown-linux-gnu
- From: ja2morri at csclub dot uwaterloo dot ca (James Morrison)
- To: gcc-testresults at gcc dot gnu dot org
- Date: Tue, 16 Aug 2005 01:38:31 -0400 (EDT)
- Subject: Results for 4.1.0 20050815 (experimental) testsuite on powerpc-unknown-linux-gnu
LAST_UPDATED: Mon Aug 15 15:02:10 UTC 2005
Native configuration is powerpc-unknown-linux-gnu
=== g++ tests ===
Running target unix
FAIL: g++.old-deja/g++.other/init5.C execution test
=== g++ Summary ===
# of expected passes 11335
# of unexpected failures 1
# of expected failures 67
# of unsupported tests 84
/home/jim/cvs/gcc.ssh/ppc-linux-20050815/gcc/testsuite/../g++ version 4.1.0 20050815 (experimental)
=== gcc tests ===
Running target unix
FAIL: gcc.dg/20020103-1.c scan-assembler-not LC
FAIL: gcc.dg/altivec-nomfcr.c scan-assembler-not mfcr
FAIL: gcc.dg/cleanup-10.c execution test
FAIL: gcc.dg/cleanup-11.c execution test
FAIL: gcc.dg/cleanup-8.c execution test
FAIL: gcc.dg/cleanup-9.c execution test
FAIL: gcc.dg/vect/pr20122.c scan-tree-dump-times vectorized 1 loops 2
=== gcc Summary ===
# of expected passes 37859
# of unexpected failures 7
# of expected failures 99
# of untested testcases 28
# of unsupported tests 440
/home/jim/cvs/gcc.ssh/ppc-linux-20050815/gcc/xgcc version 4.1.0 20050815 (experimental)
=== gfortran tests ===
Running target unix
=== gfortran Summary ===
# of expected passes 8355
# of expected failures 5
# of unsupported tests 34
/home/jim/cvs/gcc.ssh/ppc-linux-20050815/gcc/testsuite/../gfortran version 4.1.0 20050815 (experimental)
=== objc tests ===
Running target unix
FAIL: objc/execute/exceptions/local-variables-1.m compilation, -O1 -fgnu-runtime
UNRESOLVED: objc/execute/exceptions/local-variables-1.m execution, -O1 -fgnu-runtime
FAIL: objc/execute/exceptions/local-variables-1.m compilation, -O2 -fgnu-runtime
UNRESOLVED: objc/execute/exceptions/local-variables-1.m execution, -O2 -fgnu-runtime
FAIL: objc/execute/exceptions/local-variables-1.m compilation, -O3 -fomit-frame-pointer -fgnu-runtime
UNRESOLVED: objc/execute/exceptions/local-variables-1.m execution, -O3 -fomit-frame-pointer -fgnu-runtime
FAIL: objc/execute/exceptions/local-variables-1.m compilation, -O3 -g -fgnu-runtime
UNRESOLVED: objc/execute/exceptions/local-variables-1.m execution, -O3 -g -fgnu-runtime
FAIL: objc/execute/exceptions/local-variables-1.m compilation, -Os -fgnu-runtime
UNRESOLVED: objc/execute/exceptions/local-variables-1.m execution, -Os -fgnu-runtime
=== objc Summary ===
# of expected passes 1658
# of unexpected failures 5
# of unresolved testcases 5
# of unsupported tests 22
/home/jim/cvs/gcc.ssh/ppc-linux-20050815/gcc/xgcc version 4.1.0 20050815 (experimental)
=== treelang tests ===
Running target unix
=== treelang Summary ===
# of expected passes 50
=== libmudflap tests ===
Running target unix
=== libmudflap Summary ===
# of expected passes 1771
=== libstdc++ tests ===
Running target unix
FAIL: abi_check
FAIL: 23_containers/set/explicit_instantiation/2.cc (test for excess errors)
XPASS: 26_numerics/cmath/c99_classification_macros_c.cc (test for excess errors)
XPASS: ext/array_allocator/2.cc execution test
=== libstdc++ Summary ===
# of expected passes 3235
# of unexpected failures 2
# of unexpected successes 2
# of expected failures 13
# of unsupported tests 315
Compiler version: 4.1.0 20050815 (experimental)
Platform: powerpc-unknown-linux-gnu
configure flags: --prefix=/home/jim/var/ppc-linux --enable-threads=posix --disable-multilib --enable-languages=c,c++,f95,objc,treelang