This is the mail archive of the
gcc-testresults@gcc.gnu.org
mailing list for the GCC project.
Results for 4.1.0 20050815 (experimental) testsuite on x86_64-suse-linux-gnu
- From: Andreas Jaeger <aj at suse dot de>
- To: gcc-testresults at gcc dot gnu dot org
- Date: Tue, 16 Aug 2005 02:12:02 UT
- Subject: Results for 4.1.0 20050815 (experimental) testsuite on x86_64-suse-linux-gnu
Bootstrap and regtesting on x86_64-suse-linux-gnu.
CVS sources: mainline.
LAST_UPDATED: Mon Aug 15 19:22:33 UTC 2005
=== acats tests ===
FAIL: c34007p
FAIL: c34007r
FAIL: c45282b
FAIL: c45651a
FAIL: c52103x
FAIL: ca11c01
FAIL: cd10002
FAIL: cdd2a02
=== acats Summary ===
# of expected passes 2311
# of unexpected failures 8
Native configuration is x86_64-suse-linux-gnu
=== gcc tests ===
Running target unix/-m32
FAIL: gcc.c-torture/compile/20020926-1.c -O2 (test for excess errors)
FAIL: gcc.c-torture/compile/20020926-1.c -O3 -fomit-frame-pointer (test for excess errors)
FAIL: gcc.c-torture/compile/20020926-1.c -O3 -g (test for excess errors)
XPASS: gcc.dg/cpp/cmdlne-dI-M.c scan-file (^|\\\\n)cmdlne-dI-M.*:[^\\\\n]*cmdlne-dI-M.c
XPASS: gcc.dg/cpp/cmdlne-dM-M.c scan-file (^|\\\\n)cmdlne-dM-M[^\\\\n]*:[^\\\\n]*cmdlne-dM-M.c
FAIL: gcc.dg/tree-ssa/loop-9.c scan-assembler-times lea 0
XPASS: gcc.dg/vect/vect-22.c scan-tree-dump-times vectorized 3 loops 1
=== gcc Summary for unix/-m32 ===
# of expected passes 36941
# of unexpected failures 4
# of unexpected successes 3
# of expected failures 97
# of untested testcases 28
# of unsupported tests 357
Running target unix
XPASS: gcc.dg/cpp/cmdlne-dI-M.c scan-file (^|\\\\n)cmdlne-dI-M.*:[^\\\\n]*cmdlne-dI-M.c
XPASS: gcc.dg/cpp/cmdlne-dM-M.c scan-file (^|\\\\n)cmdlne-dM-M[^\\\\n]*:[^\\\\n]*cmdlne-dM-M.c
FAIL: gcc.dg/tree-ssa/loop-3.c scan-tree-dump-times step: 1
XPASS: gcc.dg/vect/vect-22.c scan-tree-dump-times vectorized 3 loops 1
=== gcc Summary for unix ===
# of expected passes 36899
# of unexpected failures 1
# of unexpected successes 3
# of expected failures 97
# of untested testcases 28
# of unsupported tests 447
=== gcc Summary ===
# of expected passes 73840
# of unexpected failures 5
# of unexpected successes 6
# of expected failures 194
# of untested testcases 56
# of unsupported tests 804
/builds/gcc/misc/gcc/xgcc version 4.1.0 20050815 (experimental)
=== gfortran tests ===
Running target unix/-m32
=== gfortran Summary for unix/-m32 ===
# of expected passes 8393
# of expected failures 5
# of unsupported tests 16
Running target unix
=== gfortran Summary for unix ===
# of expected passes 8374
# of expected failures 8
# of unsupported tests 24
=== gfortran Summary ===
# of expected passes 16767
# of expected failures 13
# of unsupported tests 40
/builds/gcc/misc/gcc/testsuite/../gfortran version 4.1.0 20050815 (experimental)
=== g++ tests ===
Running target unix/-m32
XPASS: g++.old-deja/g++.other/init5.C execution test
=== g++ Summary for unix/-m32 ===
# of expected passes 11301
# of unexpected successes 1
# of expected failures 67
# of unsupported tests 68
Running target unix
XPASS: g++.old-deja/g++.other/init5.C execution test
=== g++ Summary for unix ===
# of expected passes 11226
# of unexpected successes 1
# of expected failures 67
# of unsupported tests 91
=== g++ Summary ===
# of expected passes 22527
# of unexpected successes 2
# of expected failures 134
# of unsupported tests 159
/builds/gcc/misc/gcc/testsuite/../g++ version 4.1.0 20050815 (experimental)
=== objc tests ===
Running target unix/-m32
FAIL: objc/execute/exceptions/local-variables-1.m compilation, -O1 -fgnu-runtime
UNRESOLVED: objc/execute/exceptions/local-variables-1.m execution, -O1 -fgnu-runtime
FAIL: objc/execute/exceptions/local-variables-1.m compilation, -O2 -fgnu-runtime
UNRESOLVED: objc/execute/exceptions/local-variables-1.m execution, -O2 -fgnu-runtime
FAIL: objc/execute/exceptions/local-variables-1.m compilation, -O3 -fomit-frame-pointer -fgnu-runtime
UNRESOLVED: objc/execute/exceptions/local-variables-1.m execution, -O3 -fomit-frame-pointer -fgnu-runtime
FAIL: objc/execute/exceptions/local-variables-1.m compilation, -O3 -g -fgnu-runtime
UNRESOLVED: objc/execute/exceptions/local-variables-1.m execution, -O3 -g -fgnu-runtime
FAIL: objc/execute/exceptions/local-variables-1.m compilation, -Os -fgnu-runtime
UNRESOLVED: objc/execute/exceptions/local-variables-1.m execution, -Os -fgnu-runtime
=== objc Summary for unix/-m32 ===
# of expected passes 1658
# of unexpected failures 5
# of unresolved testcases 5
# of unsupported tests 22
Running target unix
FAIL: objc/execute/exceptions/catchall-1.m execution, -Os
FAIL: objc/execute/exceptions/local-variables-1.m compilation, -O1
UNRESOLVED: objc/execute/exceptions/local-variables-1.m execution, -O1
FAIL: objc/execute/exceptions/local-variables-1.m compilation, -O2
UNRESOLVED: objc/execute/exceptions/local-variables-1.m execution, -O2
FAIL: objc/execute/exceptions/local-variables-1.m compilation, -O3 -fomit-frame-pointer
UNRESOLVED: objc/execute/exceptions/local-variables-1.m execution, -O3 -fomit-frame-pointer
FAIL: objc/execute/exceptions/local-variables-1.m compilation, -O3 -g
UNRESOLVED: objc/execute/exceptions/local-variables-1.m execution, -O3 -g
FAIL: objc/execute/exceptions/local-variables-1.m compilation, -Os
UNRESOLVED: objc/execute/exceptions/local-variables-1.m execution, -Os
=== objc Summary for unix ===
# of expected passes 1657
# of unexpected failures 6
# of unresolved testcases 5
# of unsupported tests 22
=== objc Summary ===
# of expected passes 3315
# of unexpected failures 11
# of unresolved testcases 10
# of unsupported tests 44
/builds/gcc/misc/gcc/xgcc version 4.1.0 20050815 (experimental)
=== treelang tests ===
Running target unix/-m32
=== treelang Summary for unix/-m32 ===
# of expected passes 50
Running target unix
=== treelang Summary for unix ===
# of expected passes 50
=== treelang Summary ===
# of expected passes 100
=== libffi tests ===
Running target unix/-m32
=== libffi Summary for unix/-m32 ===
# of expected passes 228
# of unsupported tests 2
Running target unix
=== libffi Summary for unix ===
# of expected passes 228
# of unsupported tests 2
=== libffi Summary ===
# of expected passes 456
# of unsupported tests 4
=== libjava tests ===
Running target unix/-m32
=== libjava Summary for unix/-m32 ===
# of expected passes 3917
# of expected failures 10
# of untested testcases 8
Running target unix
=== libjava Summary for unix ===
# of expected passes 3917
# of expected failures 10
# of untested testcases 8
=== libjava Summary ===
# of expected passes 7834
# of expected failures 20
# of untested testcases 16
=== libmudflap tests ===
Running target unix/-m32
FAIL: libmudflap.cth/pass37-frag.c (-static -DSTATIC) execution test
FAIL: libmudflap.cth/pass37-frag.c (-static -DSTATIC) output pattern test
FAIL: libmudflap.cth/pass37-frag.c (-static -DSTATIC) (rerun 1) execution test
FAIL: libmudflap.cth/pass37-frag.c (-static -DSTATIC) (rerun 1) output pattern test
FAIL: libmudflap.cth/pass37-frag.c (-static -DSTATIC) (rerun 2) execution test
FAIL: libmudflap.cth/pass37-frag.c (-static -DSTATIC) (rerun 2) output pattern test
FAIL: libmudflap.cth/pass37-frag.c (-static -DSTATIC) (rerun 3) execution test
FAIL: libmudflap.cth/pass37-frag.c (-static -DSTATIC) (rerun 3) output pattern test
FAIL: libmudflap.cth/pass37-frag.c (-static -DSTATIC) (rerun 4) execution test
FAIL: libmudflap.cth/pass37-frag.c (-static -DSTATIC) (rerun 4) output pattern test
FAIL: libmudflap.cth/pass37-frag.c (-static -DSTATIC) (rerun 5) execution test
FAIL: libmudflap.cth/pass37-frag.c (-static -DSTATIC) (rerun 5) output pattern test
FAIL: libmudflap.cth/pass37-frag.c (-static -DSTATIC) (rerun 6) execution test
FAIL: libmudflap.cth/pass37-frag.c (-static -DSTATIC) (rerun 6) output pattern test
FAIL: libmudflap.cth/pass37-frag.c (-static -DSTATIC) (rerun 7) execution test
FAIL: libmudflap.cth/pass37-frag.c (-static -DSTATIC) (rerun 7) output pattern test
FAIL: libmudflap.cth/pass37-frag.c (-static -DSTATIC) (rerun 8) execution test
FAIL: libmudflap.cth/pass37-frag.c (-static -DSTATIC) (rerun 8) output pattern test
FAIL: libmudflap.cth/pass37-frag.c (-static -DSTATIC) (rerun 9) execution test
FAIL: libmudflap.cth/pass37-frag.c (-static -DSTATIC) (rerun 9) output pattern test
FAIL: libmudflap.cth/pass37-frag.c (-static -DSTATIC) (rerun 10) execution test
FAIL: libmudflap.cth/pass37-frag.c (-static -DSTATIC) (rerun 10) output pattern test
FAIL: libmudflap.cth/pass37-frag.c (-static -DSTATIC) (rerun 11) execution test
FAIL: libmudflap.cth/pass37-frag.c (-static -DSTATIC) (rerun 11) output pattern test
FAIL: libmudflap.cth/pass37-frag.c (-static -DSTATIC) (rerun 12) execution test
FAIL: libmudflap.cth/pass37-frag.c (-static -DSTATIC) (rerun 12) output pattern test
FAIL: libmudflap.cth/pass37-frag.c (-static -DSTATIC) (rerun 13) execution test
FAIL: libmudflap.cth/pass37-frag.c (-static -DSTATIC) (rerun 13) output pattern test
FAIL: libmudflap.cth/pass37-frag.c (-static -DSTATIC) (rerun 14) execution test
FAIL: libmudflap.cth/pass37-frag.c (-static -DSTATIC) (rerun 14) output pattern test
FAIL: libmudflap.cth/pass37-frag.c (-static -DSTATIC) (rerun 15) execution test
FAIL: libmudflap.cth/pass37-frag.c (-static -DSTATIC) (rerun 15) output pattern test
FAIL: libmudflap.cth/pass37-frag.c (-static -DSTATIC) (rerun 16) execution test
FAIL: libmudflap.cth/pass37-frag.c (-static -DSTATIC) (rerun 16) output pattern test
FAIL: libmudflap.cth/pass37-frag.c (-static -DSTATIC) (rerun 17) execution test
FAIL: libmudflap.cth/pass37-frag.c (-static -DSTATIC) (rerun 17) output pattern test
FAIL: libmudflap.cth/pass37-frag.c (-static -DSTATIC) (rerun 18) execution test
FAIL: libmudflap.cth/pass37-frag.c (-static -DSTATIC) (rerun 18) output pattern test
FAIL: libmudflap.cth/pass37-frag.c (-static -DSTATIC) (rerun 19) execution test
FAIL: libmudflap.cth/pass37-frag.c (-static -DSTATIC) (rerun 19) output pattern test
FAIL: libmudflap.cth/pass39-frag.c (-static -DSTATIC) execution test
FAIL: libmudflap.cth/pass39-frag.c (-static -DSTATIC) output pattern test
FAIL: libmudflap.cth/pass39-frag.c (-static -DSTATIC) (rerun 1) execution test
FAIL: libmudflap.cth/pass39-frag.c (-static -DSTATIC) (rerun 1) output pattern test
FAIL: libmudflap.cth/pass39-frag.c (-static -DSTATIC) (rerun 2) execution test
FAIL: libmudflap.cth/pass39-frag.c (-static -DSTATIC) (rerun 2) output pattern test
FAIL: libmudflap.cth/pass39-frag.c (-static -DSTATIC) (rerun 3) execution test
FAIL: libmudflap.cth/pass39-frag.c (-static -DSTATIC) (rerun 3) output pattern test
FAIL: libmudflap.cth/pass39-frag.c (-static -DSTATIC) (rerun 4) execution test
FAIL: libmudflap.cth/pass39-frag.c (-static -DSTATIC) (rerun 4) output pattern test
FAIL: libmudflap.cth/pass39-frag.c (-static -DSTATIC) (rerun 5) execution test
FAIL: libmudflap.cth/pass39-frag.c (-static -DSTATIC) (rerun 5) output pattern test
FAIL: libmudflap.cth/pass39-frag.c (-static -DSTATIC) (rerun 6) execution test
FAIL: libmudflap.cth/pass39-frag.c (-static -DSTATIC) (rerun 6) output pattern test
FAIL: libmudflap.cth/pass39-frag.c (-static -DSTATIC) (rerun 7) execution test
FAIL: libmudflap.cth/pass39-frag.c (-static -DSTATIC) (rerun 7) output pattern test
FAIL: libmudflap.cth/pass39-frag.c (-static -DSTATIC) (rerun 8) execution test
FAIL: libmudflap.cth/pass39-frag.c (-static -DSTATIC) (rerun 8) output pattern test
FAIL: libmudflap.cth/pass39-frag.c (-static -DSTATIC) (rerun 9) execution test
FAIL: libmudflap.cth/pass39-frag.c (-static -DSTATIC) (rerun 9) output pattern test
FAIL: libmudflap.cth/pass39-frag.c (-static -DSTATIC) (rerun 10) execution test
FAIL: libmudflap.cth/pass39-frag.c (-static -DSTATIC) (rerun 10) output pattern test
FAIL: libmudflap.cth/pass39-frag.c (-static -DSTATIC) (rerun 11) execution test
FAIL: libmudflap.cth/pass39-frag.c (-static -DSTATIC) (rerun 11) output pattern test
FAIL: libmudflap.cth/pass39-frag.c (-static -DSTATIC) (rerun 12) execution test
FAIL: libmudflap.cth/pass39-frag.c (-static -DSTATIC) (rerun 12) output pattern test
FAIL: libmudflap.cth/pass39-frag.c (-static -DSTATIC) (rerun 13) execution test
FAIL: libmudflap.cth/pass39-frag.c (-static -DSTATIC) (rerun 13) output pattern test
FAIL: libmudflap.cth/pass39-frag.c (-static -DSTATIC) (rerun 14) execution test
FAIL: libmudflap.cth/pass39-frag.c (-static -DSTATIC) (rerun 14) output pattern test
FAIL: libmudflap.cth/pass39-frag.c (-static -DSTATIC) (rerun 15) execution test
FAIL: libmudflap.cth/pass39-frag.c (-static -DSTATIC) (rerun 15) output pattern test
FAIL: libmudflap.cth/pass39-frag.c (-static -DSTATIC) (rerun 16) execution test
FAIL: libmudflap.cth/pass39-frag.c (-static -DSTATIC) (rerun 16) output pattern test
FAIL: libmudflap.cth/pass39-frag.c (-static -DSTATIC) (rerun 17) execution test
FAIL: libmudflap.cth/pass39-frag.c (-static -DSTATIC) (rerun 17) output pattern test
FAIL: libmudflap.cth/pass39-frag.c (-static -DSTATIC) (rerun 18) execution test
FAIL: libmudflap.cth/pass39-frag.c (-static -DSTATIC) (rerun 18) output pattern test
FAIL: libmudflap.cth/pass39-frag.c (-static -DSTATIC) (rerun 19) execution test
FAIL: libmudflap.cth/pass39-frag.c (-static -DSTATIC) (rerun 19) output pattern test
FAIL: libmudflap.cth/pass40-frag.c (-static -DSTATIC) execution test
FAIL: libmudflap.cth/pass40-frag.c (-static -DSTATIC) output pattern test
=== libmudflap Summary for unix/-m32 ===
# of expected passes 1689
# of unexpected failures 82
Running target unix
=== libmudflap Summary for unix ===
# of expected passes 1771
=== libmudflap Summary ===
# of expected passes 3460
# of unexpected failures 82
=== libstdc++ tests ===
Running target unix/-m32
FAIL: 22_locale/messages/members/char/1.cc execution test
FAIL: 22_locale/messages/members/char/2.cc execution test
FAIL: 22_locale/messages/members/char/wrapped_env.cc execution test
FAIL: 22_locale/messages/members/char/wrapped_locale.cc execution test
FAIL: 22_locale/messages_byname/named_equivalence.cc execution test
FAIL: 23_containers/set/explicit_instantiation/2.cc (test for excess errors)
FAIL: 23_containers/set/explicit_instantiation/3.cc (test for excess errors)
XPASS: 26_numerics/cmath/c99_classification_macros_c.cc (test for excess errors)
=== libstdc++ Summary for unix/-m32 ===
# of expected passes 3861
# of unexpected failures 7
# of unexpected successes 1
# of expected failures 13
Running target unix
XPASS: 26_numerics/cmath/c99_classification_macros_c.cc (test for excess errors)
XPASS: 27_io/fpos/14320-1.cc execution test
=== libstdc++ Summary for unix ===
# of expected passes 3868
# of unexpected successes 2
# of expected failures 12
=== libstdc++ Summary ===
# of expected passes 7729
# of unexpected failures 7
# of unexpected successes 3
# of expected failures 25
Compiler version: 4.1.0 20050815 (experimental)
Platform: x86_64-suse-linux-gnu
configure flags: --prefix=/opt/gcc/4.1-devel --enable-checking=misc,tree,gc,rtl,rtlflag,assert --enable-threads=posix --enable-clocale=gnu --enable-__cxa_atexit --enable-shared --with-system-zlib x86_64-suse-linux-gnu --enable-languages=c,ada,c++,f95,java,objc,treelang
Version of binutils: GNU ld version 2.15.94.0.2.2 20041220 (SuSE Linux)
Version of glibc (/lib/libc.so.6): 2.3.4 (20050218)
Version of glibc (/lib64/libc.so.6): 2.3.4 (20050218)