This is the mail archive of the
gcc-testresults@gcc.gnu.org
mailing list for the GCC project.
Results for 4.1.0 20050814 (experimental) testsuite on hppa64-hp-hpux11.11
- From: John David Anglin <dave at hiauly3 dot hia dot nrc dot ca>
- To: dave at hiauly3 dot hia dot nrc dot ca, gcc-testresults at gcc dot gnu dot org
- Date: Sun, 14 Aug 2005 09:56:39 -0400 (EDT)
- Subject: Results for 4.1.0 20050814 (experimental) testsuite on hppa64-hp-hpux11.11
LAST_UPDATED: Sun Aug 14 02:05:26 UTC 2005
Native configuration is hppa64-hp-hpux11.11
=== g++ tests ===
Running target unix
WARNING: program timed out.
FAIL: g++.dg/eh/cleanup1.C (test for excess errors)
=== g++ Summary ===
# of expected passes 10675
# of unexpected failures 1
# of expected failures 68
# of unsupported tests 114
/test/gnu/gcc-3.3/objdir/gcc/testsuite/../g++ version 4.1.0 20050814 (experimental)
=== gcc tests ===
Running target unix
XPASS: gcc.dg/funcorder.c scan-assembler-not link_error,%r
FAIL: gcc.dg/torture/asm-subreg-1.c -O1 (test for excess errors)
FAIL: gcc.dg/torture/asm-subreg-1.c -O2 (test for excess errors)
FAIL: gcc.dg/torture/asm-subreg-1.c -O3 -fomit-frame-pointer (test for excess errors)
FAIL: gcc.dg/torture/asm-subreg-1.c -O3 -g (test for excess errors)
FAIL: gcc.dg/torture/asm-subreg-1.c -Os (test for excess errors)
FAIL: gcc.dg/tree-ssa/loop-4.c scan-tree-dump-times iter 0
=== gcc Summary ===
# of expected passes 35292
# of unexpected failures 6
# of unexpected successes 1
# of expected failures 78
# of untested testcases 28
# of unsupported tests 542
/test/gnu/gcc-3.3/objdir/gcc/xgcc version 4.1.0 20050814 (experimental)
=== gfortran tests ===
Running target unix
FAIL: gfortran.dg/large_real_kind_1.f90 -O0 execution test
FAIL: gfortran.dg/large_real_kind_1.f90 -O1 execution test
FAIL: gfortran.dg/large_real_kind_1.f90 -O2 execution test
FAIL: gfortran.dg/large_real_kind_1.f90 -O3 -fomit-frame-pointer execution test
FAIL: gfortran.dg/large_real_kind_1.f90 -O3 -fomit-frame-pointer -funroll-loops execution test
FAIL: gfortran.dg/large_real_kind_1.f90 -O3 -fomit-frame-pointer -funroll-all-loops -finline-functions execution test
FAIL: gfortran.dg/large_real_kind_1.f90 -O3 -g execution test
FAIL: gfortran.dg/large_real_kind_1.f90 -Os execution test
=== gfortran Summary ===
# of expected passes 8317
# of unexpected failures 8
# of expected failures 2
# of unsupported tests 26
/test/gnu/gcc-3.3/objdir/gcc/testsuite/../gfortran version 4.1.0 20050814 (experimental)
=== objc tests ===
Running target unix
FAIL: objc/execute/exceptions/local-variables-1.m compilation, -O1 -fgnu-runtime
UNRESOLVED: objc/execute/exceptions/local-variables-1.m execution, -O1 -fgnu-runtime
FAIL: objc/execute/exceptions/local-variables-1.m compilation, -O2 -fgnu-runtime
UNRESOLVED: objc/execute/exceptions/local-variables-1.m execution, -O2 -fgnu-runtime
FAIL: objc/execute/exceptions/local-variables-1.m compilation, -O3 -fomit-frame-pointer -fgnu-runtime
UNRESOLVED: objc/execute/exceptions/local-variables-1.m execution, -O3 -fomit-frame-pointer -fgnu-runtime
FAIL: objc/execute/exceptions/local-variables-1.m compilation, -O3 -g -fgnu-runtime
UNRESOLVED: objc/execute/exceptions/local-variables-1.m execution, -O3 -g -fgnu-runtime
FAIL: objc/execute/exceptions/local-variables-1.m compilation, -Os -fgnu-runtime
UNRESOLVED: objc/execute/exceptions/local-variables-1.m execution, -Os -fgnu-runtime
=== objc Summary ===
# of expected passes 1656
# of unexpected failures 5
# of unresolved testcases 5
# of unsupported tests 23
/test/gnu/gcc-3.3/objdir/gcc/xgcc version 4.1.0 20050814 (experimental)
=== libstdc++ tests ===
Running target unix
FAIL: ext/array_allocator/2.cc execution test
=== libstdc++ Summary ===
# of expected passes 2475
# of unexpected failures 1
# of expected failures 12
# of unsupported tests 153
Compiler version: 4.1.0 20050814 (experimental)
Platform: hppa64-hp-hpux11.11
configure flags: --with-gnu-as --with-as=/opt/gnu64/bin/as --with-ld=/usr/ccs/bin/ld --enable-shared --disable-nls --with-local-prefix=/opt/gnu64 --prefix=/opt/gnu64/gcc/gcc-4.1.0 --host=hppa64-hp-hpux11.11 --enable-threads=posix --disable-libmudflap --with-gmp=/opt/gnu64/gcc/gcc-4.1.0 --enable-languages=c,c++,f95,java,objc