This is the mail archive of the
gcc-testresults@gcc.gnu.org
mailing list for the GCC project.
Results for 4.1.0 20050813 (experimental) testsuite on x86_64-unknown-linux-gnu
- From: Al Stone <ahs3 at fc dot hp dot com>
- To: gcc-testresults at gcc dot gnu dot org
- Date: Sat, 13 Aug 2005 07:20:30 -0600 (MDT)
- Subject: Results for 4.1.0 20050813 (experimental) testsuite on x86_64-unknown-linux-gnu
LAST_UPDATED: Wed Jul 27 06:39:20 UTC 2005
Native configuration is x86_64-unknown-linux-gnu
=== g++ tests ===
Running target unix
WARNING: program timed out.
FAIL: g++.dg/parse/dtor1.C (test for excess errors)
=== g++ Summary ===
# of expected passes 11224
# of unexpected failures 1
# of expected failures 68
# of unsupported tests 91
/home/builder/nightly-build/build/amd64/obj/upstream/gcc/gcc/testsuite/../g++ version 4.1.0 20050813 (experimental)
=== gcc tests ===
Running target unix
WARNING: program timed out.
FAIL: gcc.c-torture/compile/20010226-1.c -O2 (test for excess errors)
WARNING: program timed out.
FAIL: gcc.c-torture/unsorted/xfoo.c, -O1
FAIL: gcc.dg/tree-ssa/loop-3.c scan-tree-dump-times step: 1
XPASS: gcc.dg/vect/vect-22.c scan-tree-dump-times vectorized 3 loops 1
=== gcc Summary ===
# of expected passes 36892
# of unexpected failures 3
# of unexpected successes 1
# of expected failures 99
# of untested testcases 28
# of unsupported tests 447
/home/builder/nightly-build/build/amd64/obj/upstream/gcc/gcc/xgcc version 4.1.0 20050813 (experimental)
=== libstdc++ tests ===
Running target unix
FAIL: abi_check
XPASS: 26_numerics/cmath/c99_classification_macros_c.cc (test for excess errors)
WARNING: program timed out.
FAIL: 27_io/basic_istream/extractors_arithmetic/char/10.cc (test for excess errors)
WARNING: program timed out.
FAIL: 27_io/basic_istream/peek/wchar_t/12296.cc (test for excess errors)
XPASS: 27_io/fpos/14320-1.cc execution test
=== libstdc++ Summary ===
# of expected passes 3235
# of unexpected failures 3
# of unexpected successes 2
# of expected failures 12
# of unsupported tests 315
Compiler version: 4.1.0 20050813 (experimental)
Platform: x86_64-unknown-linux-gnu
configure flags: --prefix=/opt/toolchain/tot-20050813 --with-system-zlib --enable-nls --without-included-gettext --disable-multilib --enable-languages=c,c++
Counting all warnings,
there are 0 warnings in stage3 of this bootstrap.
Number of warnings per file:
Number of warning types: