This is the mail archive of the
gcc-testresults@gcc.gnu.org
mailing list for the GCC project.
Results for 4.1.0 20050812 (experimental) testsuite on ia64-hp-hpux11.23
- From: CodeSourcery Automatic Testing System <gcc at codesourcery dot com>
- To: gcc-testresults at gcc dot gnu dot org
- Date: Fri, 12 Aug 2005 09:07:17 -0700
- Subject: Results for 4.1.0 20050812 (experimental) testsuite on ia64-hp-hpux11.23
LAST_UPDATED: Fri Aug 12 09:36:03 UTC 2005
Native configuration is ia64-hp-hpux11.23
=== g++ tests ===
Running target unix/-milp32
XPASS: g++.dg/other/packed1.C execution test
FAIL: g++.dg/warn/weak1.C (test for excess errors)
WARNING: g++.dg/warn/weak1.C compilation failed to produce executable
=== g++ Summary for unix/-milp32 ===
# of expected passes 10770
# of unexpected failures 1
# of unexpected successes 1
# of expected failures 72
# of unsupported tests 105
Running target unix/-mlp64
XPASS: g++.dg/other/packed1.C execution test
FAIL: g++.dg/warn/weak1.C (test for excess errors)
WARNING: g++.dg/warn/weak1.C compilation failed to produce executable
=== g++ Summary for unix/-mlp64 ===
# of expected passes 10738
# of unexpected failures 1
# of unexpected successes 1
# of expected failures 72
# of unsupported tests 107
=== g++ Summary ===
# of expected passes 21508
# of unexpected failures 2
# of unexpected successes 2
# of expected failures 144
# of unsupported tests 212
/scratch/gcc/nightly-2005-08-12-mainline/ia64-hp-hpux11.23/build_gcc/install/bin/c++ version 4.1.0 20050812 (experimental)
=== gcc tests ===
Running target unix/-milp32
FAIL: gcc.c-torture/execute/pr23135.c execution, -O0
FAIL: gcc.c-torture/execute/pr23135.c execution, -O1
FAIL: gcc.c-torture/execute/pr23135.c execution, -O2
FAIL: gcc.c-torture/execute/pr23135.c execution, -O3 -fomit-frame-pointer
FAIL: gcc.c-torture/execute/pr23135.c execution, -O3 -g
FAIL: gcc.c-torture/execute/pr23135.c execution, -Os
FAIL: gcc.dg/builtin-apply4.c execution test
FAIL: largefile.c -O0 -g (test for excess errors)
FAIL: largefile.c -O0 (test for excess errors)
FAIL: largefile.c -O1 (test for excess errors)
FAIL: largefile.c -O2 (test for excess errors)
FAIL: largefile.c -O3 -fomit-frame-pointer (test for excess errors)
FAIL: largefile.c -O3 -g (test for excess errors)
FAIL: largefile.c -Os (test for excess errors)
FAIL: gcc.dg/vect/vect-105.c scan-tree-dump-times vectorized 1 loops 1
XPASS: gcc.dg/vect/vect-22.c scan-tree-dump-times vectorized 3 loops 1
XPASS: gcc.dg/vect/vect-30.c scan-tree-dump-times vectorized 1 loops 2
FAIL: gcc.dg/vect/vect-76.c execution test
XPASS: gcc.dg/vect/vect-8.c scan-tree-dump-times vectorized 1 loops 1
FAIL: gcc.dg/vect/vect-reduc-1.c execution test
FAIL: gcc.dg/vect/vect-reduc-1char.c execution test
FAIL: gcc.dg/vect/vect-reduc-1short.c execution test
FAIL: gcc.dg/vect/vect-reduc-2.c execution test
FAIL: gcc.dg/vect/vect-reduc-2char.c execution test
FAIL: gcc.dg/vect/vect-reduc-2short.c execution test
FAIL: gcc.dg/vect/vect-reduc-3.c execution test
FAIL: gcc.dg/vect/vect-reduc-7.c execution test
FAIL: gcc.dg/vect/vect-reduc-8.c execution test
FAIL: gcc.dg/vect/vect-reduc-9.c execution test
=== gcc Summary for unix/-milp32 ===
# of expected passes 35873
# of unexpected failures 26
# of unexpected successes 3
# of expected failures 133
# of untested testcases 35
# of unsupported tests 534
Running target unix/-mlp64
FAIL: gcc.c-torture/execute/pr23135.c execution, -O0
FAIL: gcc.c-torture/execute/pr23135.c execution, -O1
FAIL: gcc.c-torture/execute/pr23135.c execution, -O2
FAIL: gcc.c-torture/execute/pr23135.c execution, -O3 -fomit-frame-pointer
FAIL: gcc.c-torture/execute/pr23135.c execution, -O3 -g
FAIL: gcc.c-torture/execute/pr23135.c execution, -Os
FAIL: gcc.dg/builtin-apply4.c execution test
FAIL: largefile.c -O0 -g (test for excess errors)
FAIL: largefile.c -O0 (test for excess errors)
FAIL: largefile.c -O1 (test for excess errors)
FAIL: largefile.c -O2 (test for excess errors)
FAIL: largefile.c -O3 -fomit-frame-pointer (test for excess errors)
FAIL: largefile.c -O3 -g (test for excess errors)
FAIL: largefile.c -Os (test for excess errors)
FAIL: gcc.dg/tree-ssa/loop-4.c scan-tree-dump-times iter 0
FAIL: gcc.dg/vect/vect-105.c scan-tree-dump-times vectorized 1 loops 1
XPASS: gcc.dg/vect/vect-22.c scan-tree-dump-times vectorized 3 loops 1
XPASS: gcc.dg/vect/vect-30.c scan-tree-dump-times vectorized 1 loops 2
FAIL: gcc.dg/vect/vect-76.c execution test
XPASS: gcc.dg/vect/vect-8.c scan-tree-dump-times vectorized 1 loops 1
FAIL: gcc.dg/vect/vect-reduc-1.c execution test
FAIL: gcc.dg/vect/vect-reduc-1char.c execution test
FAIL: gcc.dg/vect/vect-reduc-1short.c execution test
FAIL: gcc.dg/vect/vect-reduc-2.c execution test
FAIL: gcc.dg/vect/vect-reduc-2char.c execution test
FAIL: gcc.dg/vect/vect-reduc-2short.c execution test
FAIL: gcc.dg/vect/vect-reduc-3.c execution test
FAIL: gcc.dg/vect/vect-reduc-7.c execution test
FAIL: gcc.dg/vect/vect-reduc-8.c execution test
FAIL: gcc.dg/vect/vect-reduc-9.c execution test
=== gcc Summary for unix/-mlp64 ===
# of expected passes 35873
# of unexpected failures 27
# of unexpected successes 3
# of expected failures 133
# of untested testcases 35
# of unsupported tests 534
=== gcc Summary ===
# of expected passes 71746
# of unexpected failures 53
# of unexpected successes 6
# of expected failures 266
# of untested testcases 70
# of unsupported tests 1068
/scratch/gcc/nightly-2005-08-12-mainline/ia64-hp-hpux11.23/build_gcc/install/bin/gcc version 4.1.0 20050812 (experimental)
=== libstdc++ tests ===
Running target unix/-milp32
=== libstdc++ Summary for unix/-milp32 ===
# of expected passes 2476
# of expected failures 12
# of unsupported tests 153
Running target unix/-mlp64
=== libstdc++ Summary for unix/-mlp64 ===
# of expected passes 2476
# of expected failures 12
# of unsupported tests 153
=== libstdc++ Summary ===
# of expected passes 4952
# of expected failures 24
# of unsupported tests 306
Compiler version: 4.1.0 20050812 (experimental)
Platform: ia64-hp-hpux11.23
configure flags: --disable-nls --build=ia64-hp-hpux11.23 --host=ia64-hp-hpux11.23 --target=ia64-hp-hpux11.23 --enable-threads=posix --disable-libmudflap --disable-libssp --with-gnu-as --with-as=/scratch/gcc/nightly-2005-08-12-mainline/ia64-hp-hpux11.23/build_gcc/install/bin/as --without-gnu-ld --with-ld=/usr/ccs/bin/ld --prefix=/scratch/gcc/nightly-2005-08-12-mainline/ia64-hp-hpux11.23/build_gcc/install --enable-languages=c,c++