This is the mail archive of the
gcc-testresults@gcc.gnu.org
mailing list for the GCC project.
Results for 4.0.2 20050811(prerelease) testsuite onx86_64-unknown-linux-gnu
- From: Laurent GUERBY <laurent at guerby dot net>
- To: gcc-test <gcc-testresults at gcc dot gnu dot org>
- Date: Fri, 12 Aug 2005 08:55:52 +0200
- Subject: Results for 4.0.2 20050811(prerelease) testsuite onx86_64-unknown-linux-gnu
LAST_UPDATED: Thu Aug 11 21:30:43 UTC 2005
=== acats tests ===
=== acats Summary ===
# of expected passes 2320
# of unexpected failures 0
Native configuration is x86_64-unknown-linux-gnu
=== gcc tests ===
Running target unix
FAIL: gcc.dg/cpp/arith-3.c (test for bogus messages, line 257)
FAIL: gcc.dg/setjmp-2.c (test for excess errors)
WARNING: gcc.dg/setjmp-2.c compilation failed to produce executable
FAIL: gcc.dg/short-compare-1.c (test for excess errors)
WARNING: gcc.dg/short-compare-1.c compilation failed to produce executable
FAIL: gcc.dg/short-compare-2.c (test for excess errors)
WARNING: gcc.dg/short-compare-2.c compilation failed to produce executable
XPASS: gcc.dg/vect/vect-22.c scan-tree-dump-times vectorized 3 loops 1
=== gcc Summary ===
# of expected passes 34720
# of unexpected failures 4
# of unexpected successes 1
# of expected failures 98
# of untested testcases 28
# of unsupported tests 439
/home/guerby/work/gcc/build/build-20050811T234634/gcc/xgcc version 4.0.2 20050811 (prerelease)
Compiler version: 4.0.220050811(prerelease)
Platform: x86_64-unknown-linux-gnu
configure flags: --prefix=/home/guerby/work/gcc/install/install-20050811T234634 --enable-__cxa_atexit --disable-nls --enable-threads=posix --disable-multilib --enable-checking --enable-languages=c,ada