This is the mail archive of the
gcc-testresults@gcc.gnu.org
mailing list for the GCC project.
Results for 4.1.0 20050810 (experimental) testsuite on i686-pc-linux-gnu
- From: Al Stone <ahs3 at fc dot hp dot com>
- To: gcc-testresults at gcc dot gnu dot org
- Date: Wed, 10 Aug 2005 06:53:51 -0600 (MDT)
- Subject: Results for 4.1.0 20050810 (experimental) testsuite on i686-pc-linux-gnu
LAST_UPDATED: Wed Jul 27 06:39:20 UTC 2005
Native configuration is i686-pc-linux-gnu
=== g++ tests ===
Running target unix
=== g++ Summary ===
# of expected passes 11199
# of expected failures 68
# of unsupported tests 62
/home/builder/nightly-build/build/i686/obj/upstream/gcc/gcc/testsuite/../g++ version 4.1.0 20050810 (experimental)
=== gcc tests ===
Running target unix
FAIL: gcc.dg/cleanup-10.c execution test
FAIL: gcc.dg/cleanup-11.c execution test
FAIL: gcc.dg/cleanup-8.c execution test
FAIL: gcc.dg/cleanup-9.c execution test
FAIL: gcc.dg/vect/pr20122.c scan-tree-dump-times vectorized 1 loops 2
XPASS: gcc.dg/vect/vect-22.c scan-tree-dump-times vectorized 3 loops 1
XPASS: gcc.dg/vect/vect-67.c scan-tree-dump-times vectorized 1 loops 1
=== gcc Summary ===
# of expected passes 37034
# of unexpected failures 5
# of unexpected successes 2
# of expected failures 99
# of untested testcases 28
# of unsupported tests 335
/home/builder/nightly-build/build/i686/obj/upstream/gcc/gcc/xgcc version 4.1.0 20050810 (experimental)
=== libstdc++ tests ===
Running target unix
FAIL: abi_check
FAIL: 23_containers/set/explicit_instantiation/1.cc (test for excess errors)
FAIL: 23_containers/set/explicit_instantiation/2.cc (test for excess errors)
FAIL: 23_containers/set/explicit_instantiation/3.cc (test for excess errors)
XPASS: 26_numerics/cmath/c99_classification_macros_c.cc (test for excess errors)
=== libstdc++ Summary ===
# of expected passes 3234
# of unexpected failures 4
# of unexpected successes 1
# of expected failures 13
# of unsupported tests 315
Compiler version: 4.1.0 20050810 (experimental)
Platform: i686-pc-linux-gnu
configure flags: --prefix=/opt/toolchain/tot-20050810 --with-system-zlib --enable-nls --without-included-gettext --enable-languages=c,c++
Counting all warnings,
there are 0 warnings in stage3 of this bootstrap.
Number of warnings per file:
Number of warning types: