This is the mail archive of the
gcc-testresults@gcc.gnu.org
mailing list for the GCC project.
Results for 4.1.0 20050809 (experimental) testsuite on hppa2.0w-hp-hpux11.11
- From: John David Anglin <dave at hiauly3 dot hia dot nrc dot ca>
- To: dave at hiauly3 dot hia dot nrc dot ca, gcc-testresults at gcc dot gnu dot org
- Date: Tue, 9 Aug 2005 20:39:42 -0400 (EDT)
- Subject: Results for 4.1.0 20050809 (experimental) testsuite on hppa2.0w-hp-hpux11.11
LAST_UPDATED: Tue Aug 9 02:07:24 UTC 2005
=== acats tests ===
FAIL: a54b02a
FAIL: c32001a
FAIL: c32001e
FAIL: c34001a
FAIL: c34001c
FAIL: c34001d
FAIL: c34001f
FAIL: c34007p
FAIL: c34007r
FAIL: c34011b
FAIL: c35003a
FAIL: c35003b
FAIL: c35502b
FAIL: c35502p
FAIL: c35508a
FAIL: c35508b
FAIL: c35508e
FAIL: c35508g
FAIL: c35508l
FAIL: c35508o
FAIL: c35508p
FAIL: c36104b
FAIL: c37005a
FAIL: c393a06
FAIL: c43215a
FAIL: c43215b
FAIL: c433001
FAIL: c45242b
FAIL: c45282b
FAIL: c45651a
FAIL: c52104k
FAIL: c55b15a
FAIL: c64104k
FAIL: c64105b
FAIL: c64105c
FAIL: c95008a
FAIL: c95085k
FAIL: c95086b
FAIL: c95086c
FAIL: c954026
FAIL: ca11c01
FAIL: cc3120a
FAIL: cc3601a
FAIL: cd10002
FAIL: ce3806d
FAIL: ce3806e
FAIL: ce3810a
FAIL: cxa4034
FAIL: cxaa008
FAIL: cxaa009
FAIL: cxaa017
FAIL: cxaca01
FAIL: cxacb01
Native configuration is hppa2.0w-hp-hpux11.11
=== g++ tests ===
Running target unix
WARNING: program timed out.
FAIL: g++.dg/eh/cleanup1.C (test for excess errors)
FAIL: g++.dg/other/pr22003.C (test for excess errors)
=== g++ Summary ===
# of expected passes 10813
# of unexpected failures 2
# of expected failures 68
# of unsupported tests 137
/test/gnu/gcc-3.3/objdir/gcc/testsuite/../g++ version 4.1.0 20050809 (experimental)
=== gcc tests ===
Running target unix
=== gcc Summary ===
# of expected passes 35359
# of expected failures 77
# of untested testcases 28
# of unsupported tests 595
/test/gnu/gcc-3.3/objdir/gcc/xgcc version 4.1.0 20050809 (experimental)
=== gfortran tests ===
Running target unix
FAIL: gfortran.dg/large_real_kind_1.f90 -O0 execution test
FAIL: gfortran.dg/large_real_kind_1.f90 -O1 execution test
FAIL: gfortran.dg/large_real_kind_1.f90 -O2 execution test
FAIL: gfortran.dg/large_real_kind_1.f90 -O3 -fomit-frame-pointer execution test
FAIL: gfortran.dg/large_real_kind_1.f90 -O3 -fomit-frame-pointer -funroll-loops execution test
FAIL: gfortran.dg/large_real_kind_1.f90 -O3 -fomit-frame-pointer -funroll-all-loops -finline-functions execution test
FAIL: gfortran.dg/large_real_kind_1.f90 -O3 -g execution test
FAIL: gfortran.dg/large_real_kind_1.f90 -Os execution test
FAIL: gfortran.dg/namelist_11.f -O0 execution test
FAIL: gfortran.dg/namelist_11.f -O1 execution test
FAIL: gfortran.dg/namelist_11.f -O2 execution test
FAIL: gfortran.dg/namelist_11.f -O3 -fomit-frame-pointer execution test
FAIL: gfortran.dg/namelist_11.f -O3 -fomit-frame-pointer -funroll-loops execution test
FAIL: gfortran.dg/namelist_11.f -O3 -fomit-frame-pointer -funroll-all-loops -finline-functions execution test
FAIL: gfortran.dg/namelist_11.f -O3 -g execution test
FAIL: gfortran.dg/namelist_11.f -Os execution test
FAIL: gfortran.dg/namelist_14.f90 -O0 execution test
FAIL: gfortran.dg/namelist_14.f90 -O1 execution test
FAIL: gfortran.dg/namelist_14.f90 -O2 execution test
FAIL: gfortran.dg/namelist_14.f90 -O3 -fomit-frame-pointer execution test
FAIL: gfortran.dg/namelist_14.f90 -O3 -fomit-frame-pointer -funroll-loops execution test
FAIL: gfortran.dg/namelist_14.f90 -O3 -fomit-frame-pointer -funroll-all-loops -finline-functions execution test
FAIL: gfortran.dg/namelist_14.f90 -O3 -g execution test
FAIL: gfortran.dg/namelist_14.f90 -Os execution test
FAIL: gfortran.dg/namelist_16.f90 -O0 execution test
FAIL: gfortran.dg/namelist_16.f90 -O1 execution test
FAIL: gfortran.dg/namelist_16.f90 -O2 execution test
FAIL: gfortran.dg/namelist_16.f90 -O3 -fomit-frame-pointer execution test
FAIL: gfortran.dg/namelist_16.f90 -O3 -fomit-frame-pointer -funroll-loops execution test
FAIL: gfortran.dg/namelist_16.f90 -O3 -fomit-frame-pointer -funroll-all-loops -finline-functions execution test
FAIL: gfortran.dg/namelist_16.f90 -O3 -g execution test
FAIL: gfortran.dg/namelist_16.f90 -Os execution test
FAIL: gfortran.dg/pr18122.f90 -O0 execution test
FAIL: gfortran.dg/pr18122.f90 -O1 execution test
FAIL: gfortran.dg/pr18122.f90 -O2 execution test
FAIL: gfortran.dg/pr18122.f90 -O3 -fomit-frame-pointer execution test
FAIL: gfortran.dg/pr18122.f90 -O3 -fomit-frame-pointer -funroll-loops execution test
FAIL: gfortran.dg/pr18122.f90 -O3 -fomit-frame-pointer -funroll-all-loops -finline-functions execution test
FAIL: gfortran.dg/pr18122.f90 -O3 -g execution test
FAIL: gfortran.dg/pr18122.f90 -Os execution test
=== gfortran Summary ===
# of expected passes 8260
# of unexpected failures 40
# of expected failures 2
# of unsupported tests 26
/test/gnu/gcc-3.3/objdir/gcc/testsuite/../gfortran version 4.1.0 20050809 (experimental)
=== objc tests ===
Running target unix
=== objc Summary ===
# of expected passes 1590
# of unsupported tests 24
/test/gnu/gcc-3.3/objdir/gcc/xgcc version 4.1.0 20050809 (experimental)
=== libstdc++ tests ===
Running target unix
=== libstdc++ Summary ===
# of expected passes 2476
# of expected failures 12
# of unsupported tests 153
Compiler version: 4.1.0 20050809 (experimental)
Platform: hppa2.0w-hp-hpux11.11
configure flags: --with-gnu-as --with-as=/opt/gnu/bin/as --enable-shared --disable-nls --with-local-prefix=/opt/gnu --prefix=/opt/gnu/gcc/gcc-4.1.0 --enable-debug=no --enable-threads=posix --with-gmp=/opt/gnu --disable-libmudflap --enable-languages=c,ada,c++,f95,java,objc