This is the mail archive of the
gcc-testresults@gcc.gnu.org
mailing list for the GCC project.
Results for 4.0.2 20050804 (prerelease) testsuite on x86_64-unknown-linux-gnu
- From: Al Stone <ahs3 at fc dot hp dot com>
- To: gcc-testresults at gcc dot gnu dot org
- Date: Thu, 4 Aug 2005 08:19:50 -0600 (MDT)
- Subject: Results for 4.0.2 20050804 (prerelease) testsuite on x86_64-unknown-linux-gnu
LAST_UPDATED: Wed Jul 27 06:57:23 UTC 2005
Native configuration is x86_64-unknown-linux-gnu
=== g++ tests ===
Running target unix
WARNING: program timed out.
FAIL: g++.dg/compat/break/vbase10 cp_compat_x_tst.o compile
WARNING: program timed out.
FAIL: g++.old-deja/g++.brendan/ptrmem1.C (test for excess errors)
=== g++ Summary ===
# of expected passes 10929
# of unexpected failures 2
# of expected failures 70
# of unsupported tests 90
/home/builder/nightly-build/build/amd64/obj/upstream/gcc-4.0/gcc/testsuite/../g++ version 4.0.2 20050804 (prerelease)
=== gcc tests ===
Running target unix
FAIL: gcc.dg/setjmp-2.c (test for excess errors)
WARNING: gcc.dg/setjmp-2.c compilation failed to produce executable
FAIL: gcc.dg/short-compare-1.c (test for excess errors)
WARNING: gcc.dg/short-compare-1.c compilation failed to produce executable
FAIL: gcc.dg/short-compare-2.c (test for excess errors)
WARNING: gcc.dg/short-compare-2.c compilation failed to produce executable
WARNING: program timed out.
WARNING: program timed out.
FAIL: gcc.dg/pch/system-1.c -O3 -fomit-frame-pointer (test for excess errors)
FAIL: gcc.dg/special/gcsec-1.c (test for excess errors)
WARNING: gcc.dg/special/gcsec-1.c compilation failed to produce executable
XPASS: gcc.dg/vect/vect-22.c scan-tree-dump-times vectorized 3 loops 1
=== gcc Summary ===
# of expected passes 34683
# of unexpected failures 5
# of unexpected successes 1
# of expected failures 98
# of untested testcases 28
# of unsupported tests 439
/home/builder/nightly-build/build/amd64/obj/upstream/gcc-4.0/gcc/xgcc version 4.0.2 20050804 (prerelease)
=== libstdc++ tests ===
Running target unix
FAIL: abi_check
XPASS: 22_locale/locale/cons/12658_thread-1.cc execution test
XPASS: 26_numerics/cmath/c99_classification_macros_c.cc (test for excess errors)
XPASS: 27_io/fpos/14320-1.cc execution test
=== libstdc++ Summary ===
# of expected passes 3643
# of unexpected failures 1
# of unexpected successes 3
# of expected failures 11
Compiler version: 4.0.2 20050804 (prerelease)
Platform: x86_64-unknown-linux-gnu
configure flags: --prefix=/opt/toolchain/tot-20050804 --program-suffix=-4.0 --with-system-zlib --enable-nls --without-included-gettext --disable-multilib --enable-languages=c,c++
Counting all warnings,
there are 0 warnings in stage3 of this bootstrap.
Number of warnings per file:
Number of warning types: