This is the mail archive of the
gcc-testresults@gcc.gnu.org
mailing list for the GCC project.
Results for 4.0.2 20050803 (prerelease) testsuite on hppa2.0w-hp-hpux11.11
- From: John David Anglin <dave at hiauly3 dot hia dot nrc dot ca>
- To: dave at hiauly3 dot hia dot nrc dot ca, gcc-testresults at gcc dot gnu dot org
- Date: Wed, 3 Aug 2005 22:11:21 -0400 (EDT)
- Subject: Results for 4.0.2 20050803 (prerelease) testsuite on hppa2.0w-hp-hpux11.11
LAST_UPDATED: Wed Aug 3 16:38:42 UTC 2005
=== acats tests ===
FAIL: c393a06
FAIL: c52104k
FAIL: c954026
FAIL: cc3120a
FAIL: ce3806d
FAIL: ce3806e
FAIL: ce3810a
FAIL: cxa4034
FAIL: cxaa008
FAIL: cxaa009
FAIL: cxaca01
Native configuration is hppa2.0w-hp-hpux11.11
=== g++ tests ===
Running target unix
=== g++ Summary ===
# of expected passes 10664
# of expected failures 70
# of unsupported tests 128
/mnt/gnu/gcc-3.3/objdir/gcc/testsuite/../g++ version 4.0.2 20050803 (prerelease)
=== gcc tests ===
Running target unix
XPASS: gcc.dg/const-elim-1.c scan-assembler-not L\\\\\$?C[^A-Z]
FAIL: gcc.dg/special/weak-1.c execution test
=== gcc Summary ===
# of expected passes 33650
# of unexpected failures 1
# of unexpected successes 1
# of expected failures 69
# of untested testcases 28
# of unsupported tests 574
/mnt/gnu/gcc-3.3/objdir/gcc/xgcc version 4.0.2 20050803 (prerelease)
=== gfortran tests ===
Running target unix
=== gfortran Summary ===
# of expected passes 7801
# of expected failures 2
# of unsupported tests 17
/mnt/gnu/gcc-3.3/objdir/gcc/testsuite/../gfortran version 4.0.2 20050803 (prerelease)
=== objc tests ===
Running target unix
=== objc Summary ===
# of expected passes 1532
# of unsupported tests 11
/mnt/gnu/gcc-3.3/objdir/gcc/xgcc version 4.0.2 20050803 (prerelease)
=== libstdc++ tests ===
Running target unix
=== libstdc++ Summary ===
# of expected passes 3607
# of expected failures 12
# of unsupported tests 19
Compiler version: 4.0.2 20050803 (prerelease)
Platform: hppa2.0w-hp-hpux11.11
configure flags: --with-gnu-as --with-as=/opt/gnu/bin/as --enable-shared --disable-nls --with-local-prefix=/opt/gnu --prefix=/opt/gnu/gcc/gcc-4.0.2 --enable-debug=no --enable-threads=posix --with-gmp=/opt/gnu/gcc/gcc-4.0.2 --disable-libmudflap --enable-languages=c,ada,c++,f95,java,objc