This is the mail archive of the
gcc-testresults@gcc.gnu.org
mailing list for the GCC project.
Results for 4.1.0 20050724 (experimental) testsuite on hppa2.0w-hp-hpux11.11
- From: CodeSourcery Automatic Testing System <gcc at codesourcery dot com>
- To: gcc-testresults at gcc dot gnu dot org
- Date: Sun, 24 Jul 2005 09:14:40 -0700
- Subject: Results for 4.1.0 20050724 (experimental) testsuite on hppa2.0w-hp-hpux11.11
LAST_UPDATED: Sun Jul 24 09:21:45 UTC 2005
Native configuration is hppa2.0w-hp-hpux11.11
=== g++ tests ===
Running target unix
FAIL: g++.dg/opt/inline4.C (test for excess errors)
FAIL: g++.dg/tree-ssa/pr14814.C scan-tree-dump-times &this 0
=== g++ Summary ===
# of expected passes 10805
# of unexpected failures 2
# of expected failures 67
# of unsupported tests 136
/scratch/gcc/nightly-2005-07-24-mainline/hppa2.0w-hp-hpux11.11/build_gcc/install/bin/c++ version 4.1.0 20050724 (experimental)
=== gcc tests ===
Running target unix
FAIL: gcc.c-torture/compile/930621-1.c -O3 -fomit-frame-pointer -funroll-loops (test for excess errors)
FAIL: gcc.c-torture/compile/930621-1.c -O3 -fomit-frame-pointer -funroll-all-loops -finline-functions (test for excess errors)
FAIL: gcc.dg/fold-abs-2.c execution test
FAIL: gcc.dg/special/weak-1.c execution test
FAIL: gcc.dg/tree-ssa/flatten-2.c scan-assembler-not indirect.[: \\t\\n]
=== gcc Summary ===
# of expected passes 35033
# of unexpected failures 5
# of expected failures 71
# of untested testcases 28
# of unsupported tests 587
/scratch/gcc/nightly-2005-07-24-mainline/hppa2.0w-hp-hpux11.11/build_gcc/install/bin/gcc version 4.1.0 20050724 (experimental)
=== libstdc++ tests ===
Running target unix
=== libstdc++ Summary ===
# of expected passes 2473
# of expected failures 12
# of unsupported tests 153
Compiler version: 4.1.0 20050724 (experimental)
Platform: hppa2.0w-hp-hpux11.11
configure flags: --disable-nls --build=hppa2.0w-hp-hpux11.11 --host=hppa2.0w-hp-hpux11.11 --target=hppa2.0w-hp-hpux11.11 --enable-threads=posix --disable-libmudflap --disable-libssp --with-gnu-as --with-as=/scratch/gcc/nightly-2005-07-24-mainline/hppa2.0w-hp-hpux11.11/build_gcc/install/bin/as --without-gnu-ld --with-ld=/usr/ccs/bin/ld --prefix=/scratch/gcc/nightly-2005-07-24-mainline/hppa2.0w-hp-hpux11.11/build_gcc/install --enable-languages=c,c++