This is the mail archive of the gcc-testresults@gcc.gnu.org mailing list for the GCC project.
Index Nav: | [Date Index] [Subject Index] [Author Index] [Thread Index] | |
---|---|---|
Message Nav: | [Date Prev] [Date Next] | [Thread Prev] [Thread Next] |
Other format: | [Raw text] |
LAST_UPDATED: Wed Jul 20 18:54:52 UTC 2005 Native configuration is ia64-unknown-linux-gnu === gcc tests === Running target unix FAIL: gcc.c-torture/execute/20000603-1.c execution, -O2 FAIL: gcc.dg/builtin-apply4.c execution test XPASS: gcc.dg/tree-ssa/loop-1.c scan-assembler-times foo 5 FAIL: gcc.dg/tree-ssa/loop-4.c scan-tree-dump-times iter 0 XPASS: gcc.dg/vect/vect-22.c scan-tree-dump-times vectorized 3 loops 1 XPASS: gcc.dg/vect/vect-30.c scan-tree-dump-times vectorized 1 loops 2 XPASS: gcc.dg/vect/vect-67.c scan-tree-dump-times vectorized 1 loops 1 XPASS: gcc.dg/vect/vect-8.c scan-tree-dump-times vectorized 1 loops 1 FAIL: gcc.dg/vect/vect-reduc-1char.c (test for excess errors) FAIL: gcc.dg/vect/vect-reduc-1char.c execution test === gcc Summary === # of expected passes 35512 # of unexpected failures 5 # of unexpected successes 5 # of expected failures 127 # of untested testcases 28 # of unsupported tests 502 /export/build/gnu/gcc/build-ia64-linux/gcc/xgcc version 4.1.0 20050720 (experimental) === gfortran tests === Running target unix === gfortran Summary === # of expected passes 8083 # of expected failures 15 # of unsupported tests 17 /export/build/gnu/gcc/build-ia64-linux/gcc/testsuite/../gfortran version 4.1.0 20050720 (experimental) === g++ tests === Running target unix FAIL: g++.dg/tree-ssa/pr14814.C scan-tree-dump-times &this 0 === g++ Summary === # of expected passes 10706 # of unexpected failures 1 # of expected failures 66 # of unsupported tests 95 /export/build/gnu/gcc/build-ia64-linux/gcc/testsuite/../g++ version 4.1.0 20050720 (experimental) === objc tests === Running target unix === objc Summary === # of expected passes 1588 # of unsupported tests 24 /export/build/gnu/gcc/build-ia64-linux/gcc/xgcc version 4.1.0 20050720 (experimental) === libffi tests === Running target unix === libffi Summary === # of expected passes 228 # of unsupported tests 2 === libjava tests === Running target unix FAIL: Divide_1 output - source compiled test FAIL: Divide_1 output - gij test FAIL: Divide_1 output - bytecode->native test FAIL: Divide_1 -O3 output - source compiled test FAIL: Divide_1 output - gij test FAIL: Divide_1 -O3 output - bytecode->native test === libjava Summary === # of expected passes 3911 # of unexpected failures 6 # of expected failures 10 # of untested testcases 8 === libmudflap tests === Running target unix FAIL: libmudflap.c++/pass41-frag.cxx (test for excess errors) WARNING: libmudflap.c++/pass41-frag.cxx compilation failed to produce executable FAIL: libmudflap.c++/pass41-frag.cxx (-O) (test for excess errors) WARNING: libmudflap.c++/pass41-frag.cxx (-O) compilation failed to produce executable FAIL: libmudflap.c++/pass41-frag.cxx (-O2) (test for excess errors) WARNING: libmudflap.c++/pass41-frag.cxx (-O2) compilation failed to produce executable FAIL: libmudflap.c++/pass41-frag.cxx (-O3) (test for excess errors) WARNING: libmudflap.c++/pass41-frag.cxx (-O3) compilation failed to produce executable FAIL: ctors-12 linkage FAIL: ctors-21 linkage WARNING: program timed out. FAIL: ctors-12 execution WARNING: program timed out. FAIL: ctors-21 execution FAIL: ctors-12 linkage -static FAIL: ctors-21 linkage -static WARNING: program timed out. FAIL: ctors-12 execution -static WARNING: program timed out. FAIL: ctors-21 execution -static FAIL: ctors-12 linkage -O2 FAIL: ctors-21 linkage -O2 WARNING: program timed out. FAIL: ctors-12 execution -O2 WARNING: program timed out. FAIL: ctors-21 execution -O2 FAIL: ctors-12 linkage -O3 FAIL: ctors-21 linkage -O3 WARNING: program timed out. FAIL: ctors-12 execution -O3 WARNING: program timed out. FAIL: ctors-21 execution -O3 FAIL: libmudflap.cth/pass37-frag.c (-static -DSTATIC) execution test FAIL: libmudflap.cth/pass37-frag.c (-static -DSTATIC) output pattern test FAIL: libmudflap.cth/pass37-frag.c (-static -DSTATIC) (rerun 1) execution test FAIL: libmudflap.cth/pass37-frag.c (-static -DSTATIC) (rerun 1) output pattern test FAIL: libmudflap.cth/pass37-frag.c (-static -DSTATIC) (rerun 2) execution test FAIL: libmudflap.cth/pass37-frag.c (-static -DSTATIC) (rerun 2) output pattern test FAIL: libmudflap.cth/pass37-frag.c (-static -DSTATIC) (rerun 3) execution test FAIL: libmudflap.cth/pass37-frag.c (-static -DSTATIC) (rerun 3) output pattern test FAIL: libmudflap.cth/pass37-frag.c (-static -DSTATIC) (rerun 4) execution test FAIL: libmudflap.cth/pass37-frag.c (-static -DSTATIC) (rerun 4) output pattern test FAIL: libmudflap.cth/pass37-frag.c (-static -DSTATIC) (rerun 5) execution test FAIL: libmudflap.cth/pass37-frag.c (-static -DSTATIC) (rerun 5) output pattern test FAIL: libmudflap.cth/pass37-frag.c (-static -DSTATIC) (rerun 6) execution test FAIL: libmudflap.cth/pass37-frag.c (-static -DSTATIC) (rerun 6) output pattern test FAIL: libmudflap.cth/pass37-frag.c (-static -DSTATIC) (rerun 7) execution test FAIL: libmudflap.cth/pass37-frag.c (-static -DSTATIC) (rerun 7) output pattern test FAIL: libmudflap.cth/pass37-frag.c (-static -DSTATIC) (rerun 8) execution test FAIL: libmudflap.cth/pass37-frag.c (-static -DSTATIC) (rerun 8) output pattern test FAIL: libmudflap.cth/pass37-frag.c (-static -DSTATIC) (rerun 9) execution test FAIL: libmudflap.cth/pass37-frag.c (-static -DSTATIC) (rerun 9) output pattern test FAIL: libmudflap.cth/pass37-frag.c (-static -DSTATIC) (rerun 10) execution test FAIL: libmudflap.cth/pass37-frag.c (-static -DSTATIC) (rerun 10) output pattern test FAIL: libmudflap.cth/pass37-frag.c (-static -DSTATIC) (rerun 11) execution test FAIL: libmudflap.cth/pass37-frag.c (-static -DSTATIC) (rerun 11) output pattern test FAIL: libmudflap.cth/pass37-frag.c (-static -DSTATIC) (rerun 12) execution test FAIL: libmudflap.cth/pass37-frag.c (-static -DSTATIC) (rerun 12) output pattern test FAIL: libmudflap.cth/pass37-frag.c (-static -DSTATIC) (rerun 13) execution test FAIL: libmudflap.cth/pass37-frag.c (-static -DSTATIC) (rerun 13) output pattern test FAIL: libmudflap.cth/pass37-frag.c (-static -DSTATIC) (rerun 14) execution test FAIL: libmudflap.cth/pass37-frag.c (-static -DSTATIC) (rerun 14) output pattern test FAIL: libmudflap.cth/pass37-frag.c (-static -DSTATIC) (rerun 15) execution test FAIL: libmudflap.cth/pass37-frag.c (-static -DSTATIC) (rerun 15) output pattern test FAIL: libmudflap.cth/pass37-frag.c (-static -DSTATIC) (rerun 16) execution test FAIL: libmudflap.cth/pass37-frag.c (-static -DSTATIC) (rerun 16) output pattern test FAIL: libmudflap.cth/pass37-frag.c (-static -DSTATIC) (rerun 17) execution test FAIL: libmudflap.cth/pass37-frag.c (-static -DSTATIC) (rerun 17) output pattern test FAIL: libmudflap.cth/pass37-frag.c (-static -DSTATIC) (rerun 18) execution test FAIL: libmudflap.cth/pass37-frag.c (-static -DSTATIC) (rerun 18) output pattern test FAIL: libmudflap.cth/pass37-frag.c (-static -DSTATIC) (rerun 19) execution test FAIL: libmudflap.cth/pass37-frag.c (-static -DSTATIC) (rerun 19) output pattern test FAIL: libmudflap.cth/pass39-frag.c (-static -DSTATIC) execution test FAIL: libmudflap.cth/pass39-frag.c (-static -DSTATIC) output pattern test FAIL: libmudflap.cth/pass39-frag.c (-static -DSTATIC) (rerun 1) execution test FAIL: libmudflap.cth/pass39-frag.c (-static -DSTATIC) (rerun 1) output pattern test FAIL: libmudflap.cth/pass39-frag.c (-static -DSTATIC) (rerun 2) execution test FAIL: libmudflap.cth/pass39-frag.c (-static -DSTATIC) (rerun 2) output pattern test FAIL: libmudflap.cth/pass39-frag.c (-static -DSTATIC) (rerun 3) execution test FAIL: libmudflap.cth/pass39-frag.c (-static -DSTATIC) (rerun 3) output pattern test FAIL: libmudflap.cth/pass39-frag.c (-static -DSTATIC) (rerun 4) execution test FAIL: libmudflap.cth/pass39-frag.c (-static -DSTATIC) (rerun 4) output pattern test FAIL: libmudflap.cth/pass39-frag.c (-static -DSTATIC) (rerun 5) execution test FAIL: libmudflap.cth/pass39-frag.c (-static -DSTATIC) (rerun 5) output pattern test FAIL: libmudflap.cth/pass39-frag.c (-static -DSTATIC) (rerun 6) execution test FAIL: libmudflap.cth/pass39-frag.c (-static -DSTATIC) (rerun 6) output pattern test FAIL: libmudflap.cth/pass39-frag.c (-static -DSTATIC) (rerun 7) execution test FAIL: libmudflap.cth/pass39-frag.c (-static -DSTATIC) (rerun 7) output pattern test FAIL: libmudflap.cth/pass39-frag.c (-static -DSTATIC) (rerun 8) execution test FAIL: libmudflap.cth/pass39-frag.c (-static -DSTATIC) (rerun 8) output pattern test FAIL: libmudflap.cth/pass39-frag.c (-static -DSTATIC) (rerun 9) execution test FAIL: libmudflap.cth/pass39-frag.c (-static -DSTATIC) (rerun 9) output pattern test FAIL: libmudflap.cth/pass39-frag.c (-static -DSTATIC) (rerun 10) execution test FAIL: libmudflap.cth/pass39-frag.c (-static -DSTATIC) (rerun 10) output pattern test FAIL: libmudflap.cth/pass39-frag.c (-static -DSTATIC) (rerun 11) execution test FAIL: libmudflap.cth/pass39-frag.c (-static -DSTATIC) (rerun 11) output pattern test FAIL: libmudflap.cth/pass39-frag.c (-static -DSTATIC) (rerun 12) execution test FAIL: libmudflap.cth/pass39-frag.c (-static -DSTATIC) (rerun 12) output pattern test FAIL: libmudflap.cth/pass39-frag.c (-static -DSTATIC) (rerun 13) execution test FAIL: libmudflap.cth/pass39-frag.c (-static -DSTATIC) (rerun 13) output pattern test FAIL: libmudflap.cth/pass39-frag.c (-static -DSTATIC) (rerun 14) execution test FAIL: libmudflap.cth/pass39-frag.c (-static -DSTATIC) (rerun 14) output pattern test FAIL: libmudflap.cth/pass39-frag.c (-static -DSTATIC) (rerun 15) execution test FAIL: libmudflap.cth/pass39-frag.c (-static -DSTATIC) (rerun 15) output pattern test FAIL: libmudflap.cth/pass39-frag.c (-static -DSTATIC) (rerun 16) execution test FAIL: libmudflap.cth/pass39-frag.c (-static -DSTATIC) (rerun 16) output pattern test FAIL: libmudflap.cth/pass39-frag.c (-static -DSTATIC) (rerun 17) execution test FAIL: libmudflap.cth/pass39-frag.c (-static -DSTATIC) (rerun 17) output pattern test FAIL: libmudflap.cth/pass39-frag.c (-static -DSTATIC) (rerun 18) execution test FAIL: libmudflap.cth/pass39-frag.c (-static -DSTATIC) (rerun 18) output pattern test FAIL: libmudflap.cth/pass39-frag.c (-static -DSTATIC) (rerun 19) execution test FAIL: libmudflap.cth/pass39-frag.c (-static -DSTATIC) (rerun 19) output pattern test FAIL: libmudflap.cth/pass40-frag.c (-static -DSTATIC) execution test FAIL: libmudflap.cth/pass40-frag.c (-static -DSTATIC) output pattern test === libmudflap Summary === # of expected passes 1665 # of unexpected failures 102 === libstdc++ tests === Running target unix FAIL: 22_locale/locale/cons/12658_thread-2.cc execution test XPASS: 26_numerics/cmath/c99_classification_macros_c.cc (test for excess errors) XPASS: 27_io/fpos/14320-1.cc execution test FAIL: thread/pthread2.cc execution test FAIL: thread/pthread3.cc execution test FAIL: thread/pthread4.cc execution test === libstdc++ Summary === # of expected passes 3859 # of unexpected failures 4 # of unexpected successes 2 # of expected failures 12 Compiler version: 4.1.0 20050720 (experimental) Platform: ia64-unknown-linux-gnu configure flags: --enable-clocale=gnu --with-system-zlib --with-demangler-in-ld --enable-threads=posix --enable-haifa --disable-checking --prefix=/usr/gcc-4.1 --with-local-prefix=/usr/local --enable-languages=c,c++,f95,java,objc
Index Nav: | [Date Index] [Subject Index] [Author Index] [Thread Index] | |
---|---|---|
Message Nav: | [Date Prev] [Date Next] | [Thread Prev] [Thread Next] |