This is the mail archive of the
gcc-testresults@gcc.gnu.org
mailing list for the GCC project.
Results for 4.1.0 20050720 (experimental) testsuite on powerpc-apple-darwin8.2.0
- From: Bradley J Lucier <lucier at math dot purdue dot edu>
- To: gcc-testresults at gcc dot gnu dot org
- Date: Thu, 21 Jul 2005 21:23:53 -0500 (EST)
- Subject: Results for 4.1.0 20050720 (experimental) testsuite on powerpc-apple-darwin8.2.0
LAST_UPDATED:
Native configuration is powerpc-apple-darwin8.2.0
=== g++ tests ===
Running target unix/-mcpu=970/-m64
<much stuff removed>
=== g++ Summary for unix/-mcpu=970/-m64 ===
# of expected passes 8434
# of unexpected failures 1376
# of expected failures 60
# of unresolved testcases 69
# of unsupported tests 107
Running target unix
FAIL: g++.dg/opt/inline4.C (test for excess errors)
ERROR: g++.dg/opt/inline4.C: error executing dg-final: couldn't open "inline4.s": no such file or directory
UNRESOLVED: g++.dg/opt/inline4.C: error executing dg-final: couldn't open "inline4.s": no such file or directory
FAIL: g++.dg/tree-ssa/pr14814.C scan-tree-dump-times &this 0
FAIL: g++.dg/warn/weak1.C (test for excess errors)
WARNING: g++.dg/warn/weak1.C compilation failed to produce executable
FAIL: g++.dg/special/conpr-3.C execution test
=== g++ Summary for unix ===
# of expected passes 11060
# of unexpected failures 4
# of expected failures 66
# of unresolved testcases 1
# of unsupported tests 105
=== g++ Summary ===
# of expected passes 19494
# of unexpected failures 1380
# of expected failures 126
# of unresolved testcases 70
# of unsupported tests 212
/Users/lucier/programs/gcc/mainline/objdir64/gcc/testsuite/../g++ version 4.1.0 20050720 (experimental)
=== gcc tests ===
Running target unix/-mcpu=970/-m64
WARNING: program timed out.
FAIL: gcc.c-torture/compile/20001226-1.c -O3 -fomit-frame-pointer (test for excess errors)
WARNING: program timed out.
FAIL: gcc.c-torture/compile/20001226-1.c -O3 -g (test for excess errors)
FAIL: gcc.c-torture/execute/20000603-1.c execution, -O2
FAIL: tmpdir-gcc.dg-struct-layout-1/t001 c_compat_x_tst.o-c_compat_y_tst.o execute
FAIL: tmpdir-gcc.dg-struct-layout-1/t003 c_compat_x_tst.o-c_compat_y_tst.o execute
FAIL: tmpdir-gcc.dg-struct-layout-1/t024 c_compat_x_tst.o-c_compat_y_tst.o execute
FAIL: tmpdir-gcc.dg-struct-layout-1/t026 c_compat_x_tst.o-c_compat_y_tst.o execute
FAIL: tmpdir-gcc.dg-struct-layout-1/t027 c_compat_x_tst.o-c_compat_y_tst.o execute
FAIL: gcc.dg/debug/20020220-1.c -gdwarf-21 (test for excess errors)
WARNING: gcc.dg/debug/20020220-1.c -gdwarf-21 compilation failed to produce executable
FAIL: gcc.dg/debug/20020220-1.c -gdwarf-21 -O (test for excess errors)
WARNING: gcc.dg/debug/20020220-1.c -gdwarf-21 -O compilation failed to produce executable
FAIL: gcc.dg/debug/20020220-1.c -gdwarf-21 -O3 (test for excess errors)
WARNING: gcc.dg/debug/20020220-1.c -gdwarf-21 -O3 compilation failed to produce executable
FAIL: gcc.dg/debug/20020220-1.c -gdwarf-2 (test for excess errors)
WARNING: gcc.dg/debug/20020220-1.c -gdwarf-2 compilation failed to produce executable
FAIL: gcc.dg/debug/20020220-1.c -gdwarf-2 -O (test for excess errors)
WARNING: gcc.dg/debug/20020220-1.c -gdwarf-2 -O compilation failed to produce executable
FAIL: gcc.dg/debug/20020220-1.c -gdwarf-2 -O3 (test for excess errors)
WARNING: gcc.dg/debug/20020220-1.c -gdwarf-2 -O3 compilation failed to produce executable
FAIL: gcc.dg/debug/20020220-1.c -gdwarf-23 (test for excess errors)
WARNING: gcc.dg/debug/20020220-1.c -gdwarf-23 compilation failed to produce executable
FAIL: gcc.dg/debug/20020220-1.c -gdwarf-23 -O (test for excess errors)
WARNING: gcc.dg/debug/20020220-1.c -gdwarf-23 -O compilation failed to produce executable
FAIL: gcc.dg/debug/20020220-1.c -gdwarf-23 -O3 (test for excess errors)
WARNING: gcc.dg/debug/20020220-1.c -gdwarf-23 -O3 compilation failed to produce executable
FAIL: gcc.dg/debug/20020327-1.c -gdwarf-21 (test for excess errors)
FAIL: gcc.dg/debug/20020327-1.c -gdwarf-21 -O (test for excess errors)
FAIL: gcc.dg/debug/20020327-1.c -gdwarf-21 -O3 (test for excess errors)
FAIL: gcc.dg/debug/20020327-1.c -gdwarf-2 (test for excess errors)
FAIL: gcc.dg/debug/20020327-1.c -gdwarf-2 -O (test for excess errors)
FAIL: gcc.dg/debug/20020327-1.c -gdwarf-2 -O3 (test for excess errors)
FAIL: gcc.dg/debug/20020327-1.c -gdwarf-23 (test for excess errors)
FAIL: gcc.dg/debug/20020327-1.c -gdwarf-23 -O (test for excess errors)
FAIL: gcc.dg/debug/20020327-1.c -gdwarf-23 -O3 (test for excess errors)
FAIL: gcc.dg/debug/trivial.c -gdwarf-21 (test for excess errors)
WARNING: gcc.dg/debug/trivial.c -gdwarf-21 compilation failed to produce executable
FAIL: gcc.dg/debug/trivial.c -gdwarf-21 -O (test for excess errors)
WARNING: gcc.dg/debug/trivial.c -gdwarf-21 -O compilation failed to produce executable
FAIL: gcc.dg/debug/trivial.c -gdwarf-21 -O3 (test for excess errors)
WARNING: gcc.dg/debug/trivial.c -gdwarf-21 -O3 compilation failed to produce executable
FAIL: gcc.dg/debug/trivial.c -gdwarf-2 (test for excess errors)
WARNING: gcc.dg/debug/trivial.c -gdwarf-2 compilation failed to produce executable
FAIL: gcc.dg/debug/trivial.c -gdwarf-2 -O (test for excess errors)
WARNING: gcc.dg/debug/trivial.c -gdwarf-2 -O compilation failed to produce executable
FAIL: gcc.dg/debug/trivial.c -gdwarf-2 -O3 (test for excess errors)
WARNING: gcc.dg/debug/trivial.c -gdwarf-2 -O3 compilation failed to produce executable
FAIL: gcc.dg/debug/trivial.c -gdwarf-23 (test for excess errors)
WARNING: gcc.dg/debug/trivial.c -gdwarf-23 compilation failed to produce executable
FAIL: gcc.dg/debug/trivial.c -gdwarf-23 -O (test for excess errors)
WARNING: gcc.dg/debug/trivial.c -gdwarf-23 -O compilation failed to produce executable
FAIL: gcc.dg/debug/trivial.c -gdwarf-23 -O3 (test for excess errors)
WARNING: gcc.dg/debug/trivial.c -gdwarf-23 -O3 compilation failed to produce executable
FAIL: gcc.dg/20020919-1.c (test for errors, line 106)
FAIL: gcc.dg/20020919-1.c (test for errors, line 124)
FAIL: gcc.dg/20020919-1.c (test for errors, line 133)
FAIL: gcc.dg/20020919-1.c (test for errors, line 160)
FAIL: gcc.dg/20020919-1.c (test for errors, line 178)
FAIL: gcc.dg/20020919-1.c (test for errors, line 232)
FAIL: gcc.dg/20050603-3.c scan-assembler-not inm
FAIL: gcc.dg/altivec-14.c (test for warnings, line 7)
FAIL: gcc.dg/altivec-14.c (test for warnings, line 8)
FAIL: gcc.dg/altivec-14.c (test for warnings, line 9)
FAIL: gcc.dg/altivec-14.c (test for warnings, line 10)
FAIL: gcc.dg/altivec-14.c (test for warnings, line 11)
FAIL: gcc.dg/altivec-14.c (test for warnings, line 12)
FAIL: gcc.dg/altivec-14.c (test for warnings, line 14)
FAIL: gcc.dg/altivec-14.c (test for warnings, line 15)
FAIL: gcc.dg/altivec-14.c (test for warnings, line 16)
FAIL: gcc.dg/altivec-14.c (test for warnings, line 20)
FAIL: gcc.dg/altivec-14.c (test for warnings, line 21)
FAIL: gcc.dg/altivec-14.c (test for warnings, line 22)
FAIL: gcc.dg/altivec-14.c (test for excess errors)
FAIL: gcc.dg/altivec-nomfcr.c scan-assembler-not mfcr
FAIL: gcc.dg/asm-b.c execution test
WARNING: program timed out.
FAIL: gcc.dg/cleanup-10.c execution test
WARNING: program timed out.
FAIL: gcc.dg/cleanup-11.c execution test
WARNING: program timed out.
FAIL: gcc.dg/cleanup-8.c execution test
WARNING: program timed out.
FAIL: gcc.dg/cleanup-9.c execution test
FAIL: gcc.dg/darwin-bool-1.c (test for excess errors)
WARNING: gcc.dg/darwin-bool-1.c compilation failed to produce executable
FAIL: gcc.dg/framework-1.c (test for excess errors)
FAIL: gcc.dg/pr18096-1.c stack frame too large (test for warnings, line 11)
FAIL: gcc.dg/rs6000-fpint.c scan-assembler-not stfiwx
FAIL: gcc.dg/rs6000-power2-2.c scan-assembler-not lfd
FAIL: gcc.dg/rs6000-power2-2.c scan-assembler lfq
FAIL: gcc.dg/rs6000-power2-2.c scan-assembler stfq
FAIL: gcc.dg/simd-2.c (test for excess errors)
FAIL: gcc.dg/stabs-attrib-vect-darwin.c scan-assembler .stabs.*vi:\\\\(0,16\\\\)=@V
FAIL: gcc.dg/tree-ssa/gen-vect-11c.c scan-tree-dump-times vectorized 0 loops 1
XPASS: gcc.dg/tree-ssa/sra-2.c scan-tree-dump-times link_error 0
XPASS: gcc.dg/vect/vect-67.c scan-tree-dump-times vectorized 1 loops 1
FAIL: gcc.dg/vect/vect-reduc-1char.c (test for excess errors)
FAIL: gcc.dg/vect/vect-reduc-1char.c execution test
FAIL: gcc.misc-tests/linkage.c link
=== gcc Summary for unix/-mcpu=970/-m64 ===
# of expected passes 37102
# of unexpected failures 74
# of unexpected successes 2
# of expected failures 92
# of untested testcases 28
# of unsupported tests 469
Running target unix
FAIL: gcc.c-torture/execute/20000603-1.c execution, -O2
FAIL: gcc.dg/compat/scalar-by-value-1 c_compat_x_tst.o compile
FAIL: gcc.dg/compat/scalar-by-value-1 c_compat_y_tst.o compile
UNRESOLVED: gcc.dg/compat/scalar-by-value-1 c_compat_x_tst.o-c_compat_y_tst.o link
UNRESOLVED: gcc.dg/compat/scalar-by-value-1 c_compat_x_tst.o-c_compat_y_tst.o execute
FAIL: tmpdir-gcc.dg-struct-layout-1/t001 c_compat_x_tst.o-c_compat_y_tst.o execute
FAIL: tmpdir-gcc.dg-struct-layout-1/t025 c_compat_x_tst.o-c_compat_y_tst.o execute
FAIL: tmpdir-gcc.dg-struct-layout-1/t026 c_compat_x_tst.o-c_compat_y_tst.o execute
FAIL: tmpdir-gcc.dg-struct-layout-1/t027 c_compat_x_tst.o-c_compat_y_tst.o execute
FAIL: tmpdir-gcc.dg-struct-layout-1/t028 c_compat_x_tst.o-c_compat_y_tst.o execute
FAIL: gcc.dg/rs6000-power2-2.c scan-assembler-not lfd
FAIL: gcc.dg/rs6000-power2-2.c scan-assembler lfq
FAIL: gcc.dg/rs6000-power2-2.c scan-assembler stfq
FAIL: gcc.dg/stabs-attrib-vect-darwin.c scan-assembler .stabs.*vi:\\\\(0,16\\\\)=@V
XPASS: gcc.dg/vect/vect-67.c scan-tree-dump-times vectorized 1 loops 1
FAIL: gcc.dg/vect/vect-reduc-1char.c (test for excess errors)
FAIL: gcc.dg/vect/vect-reduc-1char.c execution test
=== gcc Summary for unix ===
# of expected passes 37154
# of unexpected failures 14
# of unexpected successes 1
# of expected failures 93
# of unresolved testcases 2
# of untested testcases 28
# of unsupported tests 467
=== gcc Summary ===
# of expected passes 74256
# of unexpected failures 88
# of unexpected successes 3
# of expected failures 185
# of unresolved testcases 2
# of untested testcases 56
# of unsupported tests 936
/Users/lucier/programs/gcc/mainline/objdir64/gcc/xgcc version 4.1.0 20050720 (experimental)
=== gfortran tests ===
Running target unix/-mcpu=970/-m64
<much stuff removed>
=== gfortran Summary for unix/-mcpu=970/-m64 ===
# of expected passes 901
# of unexpected failures 3544
# of unexpected successes 3
# of expected failures 9
# of untested testcases 1496
# of unsupported tests 33
Running target unix
=== gfortran Summary for unix ===
# of expected passes 8056
# of expected failures 9
# of unsupported tests 33
=== gfortran Summary ===
# of expected passes 8957
# of unexpected failures 3544
# of unexpected successes 3
# of expected failures 18
# of untested testcases 1496
# of unsupported tests 66
/Users/lucier/programs/gcc/mainline/objdir64/gcc/testsuite/../gfortran version 4.1.0 20050720 (experimental)
=== obj-c++ tests ===
Running target unix/-mcpu=970/-m64
FAIL: obj-c++.dg/basic.mm (test for excess errors)
WARNING: obj-c++.dg/basic.mm compilation failed to produce executable
FAIL: obj-c++.dg/bitfield-1.mm (test for excess errors)
WARNING: obj-c++.dg/bitfield-1.mm compilation failed to produce executable
FAIL: obj-c++.dg/bitfield-2.mm (test for excess errors)
WARNING: obj-c++.dg/bitfield-2.mm compilation failed to produce executable
FAIL: obj-c++.dg/bitfield-3.mm (test for excess errors)
WARNING: obj-c++.dg/bitfield-3.mm compilation failed to produce executable
FAIL: obj-c++.dg/bitfield-4.mm (test for excess errors)
WARNING: obj-c++.dg/bitfield-4.mm compilation failed to produce executable
FAIL: obj-c++.dg/const-str-10.mm scan-assembler .long\\t__NSConstantStringClassReference\\n\\t.long\\t.*\\n\\t.long\\t5\\n\\t.data
FAIL: obj-c++.dg/const-str-11.mm scan-assembler .long\\t__XStrClassReference\\n\\t.long\\t.*\\n\\t.long\\t5\\n\\t.data
FAIL: obj-c++.dg/const-str-3.mm (test for excess errors)
WARNING: obj-c++.dg/const-str-3.mm compilation failed to produce executable
FAIL: obj-c++.dg/const-str-4.mm (test for excess errors)
WARNING: obj-c++.dg/const-str-4.mm compilation failed to produce executable
FAIL: obj-c++.dg/const-str-7.mm (test for excess errors)
WARNING: obj-c++.dg/const-str-7.mm compilation failed to produce executable
FAIL: obj-c++.dg/const-str-8.mm (test for excess errors)
WARNING: obj-c++.dg/const-str-8.mm compilation failed to produce executable
FAIL: obj-c++.dg/const-str-9.mm scan-assembler .long\\t__NSConstantStringClassReference\\n\\t.long\\t.*\\n\\t.long\\t5\\n\\t.data
FAIL: obj-c++.dg/cxx-ivars-1.mm (test for excess errors)
WARNING: obj-c++.dg/cxx-ivars-1.mm compilation failed to produce executable
FAIL: obj-c++.dg/cxx-ivars-2.mm (test for excess errors)
WARNING: obj-c++.dg/cxx-ivars-2.mm compilation failed to produce executable
FAIL: obj-c++.dg/cxx-ivars-3.mm (test for excess errors)
WARNING: obj-c++.dg/cxx-ivars-3.mm compilation failed to produce executable
FAIL: obj-c++.dg/cxx-scope-1.mm (test for excess errors)
WARNING: obj-c++.dg/cxx-scope-1.mm compilation failed to produce executable
FAIL: obj-c++.dg/defs.mm (test for excess errors)
WARNING: obj-c++.dg/defs.mm compilation failed to produce executable
FAIL: obj-c++.dg/encode-3.mm (test for excess errors)
WARNING: obj-c++.dg/encode-3.mm compilation failed to produce executable
FAIL: obj-c++.dg/encode-4.mm (test for excess errors)
WARNING: obj-c++.dg/encode-4.mm compilation failed to produce executable
FAIL: obj-c++.dg/encode-5.mm (test for excess errors)
WARNING: obj-c++.dg/encode-5.mm compilation failed to produce executable
FAIL: obj-c++.dg/encode-6.mm (test for excess errors)
WARNING: obj-c++.dg/encode-6.mm compilation failed to produce executable
FAIL: obj-c++.dg/encode-8.mm (test for excess errors)
WARNING: obj-c++.dg/encode-8.mm compilation failed to produce executable
FAIL: obj-c++.dg/layout-1.mm (test for excess errors)
FAIL: obj-c++.dg/lookup-2.mm (test for excess errors)
WARNING: obj-c++.dg/lookup-2.mm compilation failed to produce executable
FAIL: obj-c++.dg/method-10.mm (test for excess errors)
WARNING: obj-c++.dg/method-10.mm compilation failed to produce executable
FAIL: obj-c++.dg/method-17.mm (test for excess errors)
WARNING: obj-c++.dg/method-17.mm compilation failed to produce executable
FAIL: obj-c++.dg/method-19.mm (test for excess errors)
WARNING: obj-c++.dg/method-19.mm compilation failed to produce executable
FAIL: obj-c++.dg/proto-lossage-3.mm (test for excess errors)
WARNING: obj-c++.dg/proto-lossage-3.mm compilation failed to produce executable
FAIL: obj-c++.dg/proto-qual-1.mm (test for excess errors)
WARNING: obj-c++.dg/proto-qual-1.mm compilation failed to produce executable
FAIL: obj-c++.dg/qual-types-1.mm (test for excess errors)
WARNING: obj-c++.dg/qual-types-1.mm compilation failed to produce executable
FAIL: obj-c++.dg/template-1.mm (test for excess errors)
WARNING: obj-c++.dg/template-1.mm compilation failed to produce executable
FAIL: obj-c++.dg/template-3.mm (test for excess errors)
WARNING: obj-c++.dg/template-3.mm compilation failed to produce executable
FAIL: obj-c++.dg/template-4.mm (test for excess errors)
WARNING: obj-c++.dg/template-4.mm compilation failed to produce executable
FAIL: obj-c++.dg/try-catch-2.mm (test for excess errors)
WARNING: obj-c++.dg/try-catch-2.mm compilation failed to produce executable
FAIL: obj-c++.dg/try-catch-9.mm (test for excess errors)
WARNING: obj-c++.dg/try-catch-9.mm compilation failed to produce executable
FAIL: obj-c++.dg/va-meth-1.mm (test for excess errors)
WARNING: obj-c++.dg/va-meth-1.mm compilation failed to produce executable
=== obj-c++ Summary for unix/-mcpu=970/-m64 ===
# of expected passes 387
# of unexpected failures 36
Running target unix
=== obj-c++ Summary for unix ===
# of expected passes 455
=== obj-c++ Summary ===
# of expected passes 842
# of unexpected failures 36
/Users/lucier/programs/gcc/mainline/objdir64/gcc/testsuite/../g++ version 4.1.0 20050720 (experimental)
=== objc tests ===
Running target unix/-mcpu=970/-m64
<much stuff removed>
=== objc Summary for unix/-mcpu=970/-m64 ===
# of expected passes 500
# of unexpected failures 581
# of unresolved testcases 533
# of unsupported tests 1
Running target unix
=== objc Summary for unix ===
# of expected passes 1642
# of unsupported tests 1
=== objc Summary ===
# of expected passes 2142
# of unexpected failures 581
# of unresolved testcases 533
# of unsupported tests 2
/Users/lucier/programs/gcc/mainline/objdir64/gcc/xgcc version 4.1.0 20050720 (experimental)
Compiler version: 4.1.0 20050720 (experimental)
Platform: powerpc-apple-darwin8.2.0
configure flags: --prefix=/pkgs/gcc-mainline --with-gmp=/pkgs/gmp-4.1.4 --with-mpfr=/pkgs/gmp-4.1.4 --enable-languages=c,c++,f95,objc,obj-c++
BOOT_CFLAGS=-g -O2 -mdynamic-no-pic
Enabled 64-bit libraries as suggested by Mike Stump in
http://gcc.gnu.org/ml/gcc/2005-06/msg00615.html
Counting all warnings,
there are 27 warnings in stage3 of this bootstrap.
Number of warnings per file:
8 gcc/config/rs6000/altivec.md
7 gcc/gcc.c
4 gcc/unwind-dw2-fde-darwin.c
3 gengtype-lex.c
3 /usr/share/bison.simple
2 gcc/objc/lang-specs.h
Number of warning types:
9 string length \`???' is greater than the length \`???' ISO C89 compilers are required to support
4 passing argument 1 of \`???' from incompatible pointer type
4 operand 3 missing mode?
4 old-style function definition
2 operand 1 missing mode?
2 comparison between signed and unsigned
1 operand 0 missing mode?
1 destination missing a mode?