This is the mail archive of the
gcc-testresults@gcc.gnu.org
mailing list for the GCC project.
Results for 4.1.0 20050720 (experimental) testsuite on x86_64-unknown-linux-gnu
- From: hjl at gnu-13 dot sc dot intel dot com (H.J. Lu)
- To: gcc-testresults at gcc dot gnu dot org
- Date: Wed, 20 Jul 2005 14:29:14 -0700 (PDT)
- Subject: Results for 4.1.0 20050720 (experimental) testsuite on x86_64-unknown-linux-gnu
LAST_UPDATED: Wed Jul 20 18:54:52 UTC 2005
Native configuration is x86_64-unknown-linux-gnu
=== gcc tests ===
Running target unix/-m32
XPASS: gcc.dg/vect/vect-22.c scan-tree-dump-times vectorized 3 loops 1
XPASS: gcc.dg/vect/vect-67.c scan-tree-dump-times vectorized 1 loops 1
=== gcc Summary for unix/-m32 ===
# of expected passes 36495
# of unexpected successes 2
# of expected failures 94
# of untested testcases 28
# of unsupported tests 348
Running target unix
FAIL: gcc.dg/tree-ssa/loop-3.c scan-tree-dump-times step: 1
XPASS: gcc.dg/vect/vect-22.c scan-tree-dump-times vectorized 3 loops 1
XPASS: gcc.dg/vect/vect-67.c scan-tree-dump-times vectorized 1 loops 1
FAIL: gcc.misc-tests/linkage.c compile
FAIL: gcc.misc-tests/mg.c
FAIL: compiler driver --coverage option(s) (compiler options)
FAIL: gcc.misc-tests/shlib/pic/protfunc-1-dso.c, -fPIC -O
FAIL: testsuite/protfunc-1-dso.o, -shared
FAIL: gcc.misc-tests/shlib/protfunc-1.c compilation, -O
UNRESOLVED: gcc.misc-tests/shlib/protfunc-1.c execution, -O
FAIL: gcc.target/i386/vect-args.c (test for excess errors)
FAIL: gcc.target/i386/vect-args.c -O (test for excess errors)
FAIL: gcc.target/i386/vect-args.c -mmmx (test for excess errors)
FAIL: gcc.target/i386/vect-args.c -mmmx -O (test for excess errors)
FAIL: gcc.target/i386/vect-args.c -m3dnow (test for excess errors)
FAIL: gcc.target/i386/vect-args.c -m3dnow -O (test for excess errors)
FAIL: gcc.target/i386/vect-args.c -msse (test for excess errors)
FAIL: gcc.target/i386/vect-args.c -msse -O (test for excess errors)
FAIL: gcc.target/i386/vect-args.c -msse2 (test for excess errors)
FAIL: gcc.target/i386/vect-args.c -msse2 -O (test for excess errors)
FAIL: gcc.target/i386/abi-1.c (test for excess errors)
ERROR: gcc.target/i386/abi-1.c: error executing dg-final: couldn't open "abi-1.s": no such file or directory
UNRESOLVED: gcc.target/i386/abi-1.c: error executing dg-final: couldn't open "abi-1.s": no such file or directory
FAIL: gcc.target/i386/amd64-abi-1.c (test for errors, line 5)
FAIL: gcc.target/i386/amd64-abi-1.c (test for excess errors)
FAIL: gcc.target/i386/asm-1.c (test for errors, line 4)
FAIL: gcc.target/i386/asm-1.c (test for excess errors)
FAIL: gcc.target/i386/defines-1.c (test for excess errors)
FAIL: gcc.target/i386/defines-2.c (test for excess errors)
FAIL: gcc.target/i386/pr13366.c (test for excess errors)
FAIL: gcc.target/i386/pr21101.c (test for excess errors)
FAIL: gcc.target/i386/sse-1.c (test for excess errors)
ERROR: gcc.target/i386/sse-1.c: error executing dg-final: couldn't open "sse-1.s": no such file or directory
UNRESOLVED: gcc.target/i386/sse-1.c: error executing dg-final: couldn't open "sse-1.s": no such file or directory
FAIL: gcc.target/i386/sse-2.c (test for excess errors)
FAIL: gcc.target/x86_64/abi/test_3_element_struct_and_unions.c compilation, -O0
UNRESOLVED: gcc.target/x86_64/abi/test_3_element_struct_and_unions.c execution, -O0
FAIL: gcc.target/x86_64/abi/test_3_element_struct_and_unions.c compilation, -O1
UNRESOLVED: gcc.target/x86_64/abi/test_3_element_struct_and_unions.c execution, -O1
FAIL: gcc.target/x86_64/abi/test_3_element_struct_and_unions.c compilation, -O2
UNRESOLVED: gcc.target/x86_64/abi/test_3_element_struct_and_unions.c execution, -O2
FAIL: gcc.target/x86_64/abi/test_3_element_struct_and_unions.c compilation, -O3 -fomit-frame-pointer
UNRESOLVED: gcc.target/x86_64/abi/test_3_element_struct_and_unions.c execution, -O3 -fomit-frame-pointer
FAIL: gcc.target/x86_64/abi/test_3_element_struct_and_unions.c compilation, -O3 -g
UNRESOLVED: gcc.target/x86_64/abi/test_3_element_struct_and_unions.c execution, -O3 -g
FAIL: gcc.target/x86_64/abi/test_3_element_struct_and_unions.c compilation, -Os
UNRESOLVED: gcc.target/x86_64/abi/test_3_element_struct_and_unions.c execution, -Os
FAIL: gcc.target/x86_64/abi/test_basic_alignment.c compilation, -O0
UNRESOLVED: gcc.target/x86_64/abi/test_basic_alignment.c execution, -O0
FAIL: gcc.target/x86_64/abi/test_basic_alignment.c compilation, -O1
UNRESOLVED: gcc.target/x86_64/abi/test_basic_alignment.c execution, -O1
FAIL: gcc.target/x86_64/abi/test_basic_alignment.c compilation, -O2
UNRESOLVED: gcc.target/x86_64/abi/test_basic_alignment.c execution, -O2
FAIL: gcc.target/x86_64/abi/test_basic_alignment.c compilation, -O3 -fomit-frame-pointer
UNRESOLVED: gcc.target/x86_64/abi/test_basic_alignment.c execution, -O3 -fomit-frame-pointer
FAIL: gcc.target/x86_64/abi/test_basic_alignment.c compilation, -O3 -g
UNRESOLVED: gcc.target/x86_64/abi/test_basic_alignment.c execution, -O3 -g
FAIL: gcc.target/x86_64/abi/test_basic_alignment.c compilation, -Os
UNRESOLVED: gcc.target/x86_64/abi/test_basic_alignment.c execution, -Os
FAIL: gcc.target/x86_64/abi/test_basic_array_size_and_align.c compilation, -O0
UNRESOLVED: gcc.target/x86_64/abi/test_basic_array_size_and_align.c execution, -O0
FAIL: gcc.target/x86_64/abi/test_basic_array_size_and_align.c compilation, -O1
UNRESOLVED: gcc.target/x86_64/abi/test_basic_array_size_and_align.c execution, -O1
FAIL: gcc.target/x86_64/abi/test_basic_array_size_and_align.c compilation, -O2
UNRESOLVED: gcc.target/x86_64/abi/test_basic_array_size_and_align.c execution, -O2
FAIL: gcc.target/x86_64/abi/test_basic_array_size_and_align.c compilation, -O3 -fomit-frame-pointer
UNRESOLVED: gcc.target/x86_64/abi/test_basic_array_size_and_align.c execution, -O3 -fomit-frame-pointer
FAIL: gcc.target/x86_64/abi/test_basic_array_size_and_align.c compilation, -O3 -g
UNRESOLVED: gcc.target/x86_64/abi/test_basic_array_size_and_align.c execution, -O3 -g
FAIL: gcc.target/x86_64/abi/test_basic_array_size_and_align.c compilation, -Os
UNRESOLVED: gcc.target/x86_64/abi/test_basic_array_size_and_align.c execution, -Os
FAIL: gcc.target/x86_64/abi/test_basic_returning.c compilation, -O0
UNRESOLVED: gcc.target/x86_64/abi/test_basic_returning.c execution, -O0
FAIL: gcc.target/x86_64/abi/test_basic_returning.c compilation, -O1
UNRESOLVED: gcc.target/x86_64/abi/test_basic_returning.c execution, -O1
FAIL: gcc.target/x86_64/abi/test_basic_returning.c compilation, -O2
UNRESOLVED: gcc.target/x86_64/abi/test_basic_returning.c execution, -O2
FAIL: gcc.target/x86_64/abi/test_basic_returning.c compilation, -O3 -fomit-frame-pointer
UNRESOLVED: gcc.target/x86_64/abi/test_basic_returning.c execution, -O3 -fomit-frame-pointer
FAIL: gcc.target/x86_64/abi/test_basic_returning.c compilation, -O3 -g
UNRESOLVED: gcc.target/x86_64/abi/test_basic_returning.c execution, -O3 -g
FAIL: gcc.target/x86_64/abi/test_basic_returning.c compilation, -Os
UNRESOLVED: gcc.target/x86_64/abi/test_basic_returning.c execution, -Os
FAIL: gcc.target/x86_64/abi/test_basic_sizes.c compilation, -O0
UNRESOLVED: gcc.target/x86_64/abi/test_basic_sizes.c execution, -O0
FAIL: gcc.target/x86_64/abi/test_basic_sizes.c compilation, -O1
UNRESOLVED: gcc.target/x86_64/abi/test_basic_sizes.c execution, -O1
FAIL: gcc.target/x86_64/abi/test_basic_sizes.c compilation, -O2
UNRESOLVED: gcc.target/x86_64/abi/test_basic_sizes.c execution, -O2
FAIL: gcc.target/x86_64/abi/test_basic_sizes.c compilation, -O3 -fomit-frame-pointer
UNRESOLVED: gcc.target/x86_64/abi/test_basic_sizes.c execution, -O3 -fomit-frame-pointer
FAIL: gcc.target/x86_64/abi/test_basic_sizes.c compilation, -O3 -g
UNRESOLVED: gcc.target/x86_64/abi/test_basic_sizes.c execution, -O3 -g
FAIL: gcc.target/x86_64/abi/test_basic_sizes.c compilation, -Os
UNRESOLVED: gcc.target/x86_64/abi/test_basic_sizes.c execution, -Os
FAIL: gcc.target/x86_64/abi/test_basic_struct_size_and_align.c compilation, -O0
UNRESOLVED: gcc.target/x86_64/abi/test_basic_struct_size_and_align.c execution, -O0
FAIL: gcc.target/x86_64/abi/test_basic_struct_size_and_align.c compilation, -O1
UNRESOLVED: gcc.target/x86_64/abi/test_basic_struct_size_and_align.c execution, -O1
FAIL: gcc.target/x86_64/abi/test_basic_struct_size_and_align.c compilation, -O2
UNRESOLVED: gcc.target/x86_64/abi/test_basic_struct_size_and_align.c execution, -O2
FAIL: gcc.target/x86_64/abi/test_basic_struct_size_and_align.c compilation, -O3 -fomit-frame-pointer
UNRESOLVED: gcc.target/x86_64/abi/test_basic_struct_size_and_align.c execution, -O3 -fomit-frame-pointer
FAIL: gcc.target/x86_64/abi/test_basic_struct_size_and_align.c compilation, -O3 -g
UNRESOLVED: gcc.target/x86_64/abi/test_basic_struct_size_and_align.c execution, -O3 -g
FAIL: gcc.target/x86_64/abi/test_basic_struct_size_and_align.c compilation, -Os
UNRESOLVED: gcc.target/x86_64/abi/test_basic_struct_size_and_align.c execution, -Os
FAIL: gcc.target/x86_64/abi/test_basic_union_size_and_align.c compilation, -O0
UNRESOLVED: gcc.target/x86_64/abi/test_basic_union_size_and_align.c execution, -O0
FAIL: gcc.target/x86_64/abi/test_basic_union_size_and_align.c compilation, -O1
UNRESOLVED: gcc.target/x86_64/abi/test_basic_union_size_and_align.c execution, -O1
FAIL: gcc.target/x86_64/abi/test_basic_union_size_and_align.c compilation, -O2
UNRESOLVED: gcc.target/x86_64/abi/test_basic_union_size_and_align.c execution, -O2
FAIL: gcc.target/x86_64/abi/test_basic_union_size_and_align.c compilation, -O3 -fomit-frame-pointer
UNRESOLVED: gcc.target/x86_64/abi/test_basic_union_size_and_align.c execution, -O3 -fomit-frame-pointer
FAIL: gcc.target/x86_64/abi/test_basic_union_size_and_align.c compilation, -O3 -g
UNRESOLVED: gcc.target/x86_64/abi/test_basic_union_size_and_align.c execution, -O3 -g
FAIL: gcc.target/x86_64/abi/test_basic_union_size_and_align.c compilation, -Os
UNRESOLVED: gcc.target/x86_64/abi/test_basic_union_size_and_align.c execution, -Os
FAIL: gcc.target/x86_64/abi/test_bitfields.c compilation, -O0
UNRESOLVED: gcc.target/x86_64/abi/test_bitfields.c execution, -O0
FAIL: gcc.target/x86_64/abi/test_bitfields.c compilation, -O1
UNRESOLVED: gcc.target/x86_64/abi/test_bitfields.c execution, -O1
FAIL: gcc.target/x86_64/abi/test_bitfields.c compilation, -O2
UNRESOLVED: gcc.target/x86_64/abi/test_bitfields.c execution, -O2
FAIL: gcc.target/x86_64/abi/test_bitfields.c compilation, -O3 -fomit-frame-pointer
UNRESOLVED: gcc.target/x86_64/abi/test_bitfields.c execution, -O3 -fomit-frame-pointer
FAIL: gcc.target/x86_64/abi/test_bitfields.c compilation, -O3 -g
UNRESOLVED: gcc.target/x86_64/abi/test_bitfields.c execution, -O3 -g
FAIL: gcc.target/x86_64/abi/test_bitfields.c compilation, -Os
UNRESOLVED: gcc.target/x86_64/abi/test_bitfields.c execution, -Os
FAIL: gcc.target/x86_64/abi/test_complex_returning.c compilation, -O0
UNRESOLVED: gcc.target/x86_64/abi/test_complex_returning.c execution, -O0
FAIL: gcc.target/x86_64/abi/test_complex_returning.c compilation, -O1
UNRESOLVED: gcc.target/x86_64/abi/test_complex_returning.c execution, -O1
FAIL: gcc.target/x86_64/abi/test_complex_returning.c compilation, -O2
UNRESOLVED: gcc.target/x86_64/abi/test_complex_returning.c execution, -O2
FAIL: gcc.target/x86_64/abi/test_complex_returning.c compilation, -O3 -fomit-frame-pointer
UNRESOLVED: gcc.target/x86_64/abi/test_complex_returning.c execution, -O3 -fomit-frame-pointer
FAIL: gcc.target/x86_64/abi/test_complex_returning.c compilation, -O3 -g
UNRESOLVED: gcc.target/x86_64/abi/test_complex_returning.c execution, -O3 -g
FAIL: gcc.target/x86_64/abi/test_complex_returning.c compilation, -Os
UNRESOLVED: gcc.target/x86_64/abi/test_complex_returning.c execution, -Os
FAIL: gcc.target/x86_64/abi/test_passing_floats.c compilation, -O0
UNRESOLVED: gcc.target/x86_64/abi/test_passing_floats.c execution, -O0
FAIL: gcc.target/x86_64/abi/test_passing_floats.c compilation, -O1
UNRESOLVED: gcc.target/x86_64/abi/test_passing_floats.c execution, -O1
FAIL: gcc.target/x86_64/abi/test_passing_floats.c compilation, -O2
UNRESOLVED: gcc.target/x86_64/abi/test_passing_floats.c execution, -O2
FAIL: gcc.target/x86_64/abi/test_passing_floats.c compilation, -O3 -fomit-frame-pointer
UNRESOLVED: gcc.target/x86_64/abi/test_passing_floats.c execution, -O3 -fomit-frame-pointer
FAIL: gcc.target/x86_64/abi/test_passing_floats.c compilation, -O3 -g
UNRESOLVED: gcc.target/x86_64/abi/test_passing_floats.c execution, -O3 -g
FAIL: gcc.target/x86_64/abi/test_passing_floats.c compilation, -Os
UNRESOLVED: gcc.target/x86_64/abi/test_passing_floats.c execution, -Os
FAIL: gcc.target/x86_64/abi/test_passing_integers.c compilation, -O0
UNRESOLVED: gcc.target/x86_64/abi/test_passing_integers.c execution, -O0
FAIL: gcc.target/x86_64/abi/test_passing_integers.c compilation, -O1
UNRESOLVED: gcc.target/x86_64/abi/test_passing_integers.c execution, -O1
FAIL: gcc.target/x86_64/abi/test_passing_integers.c compilation, -O2
UNRESOLVED: gcc.target/x86_64/abi/test_passing_integers.c execution, -O2
FAIL: gcc.target/x86_64/abi/test_passing_integers.c compilation, -O3 -fomit-frame-pointer
UNRESOLVED: gcc.target/x86_64/abi/test_passing_integers.c execution, -O3 -fomit-frame-pointer
FAIL: gcc.target/x86_64/abi/test_passing_integers.c compilation, -O3 -g
UNRESOLVED: gcc.target/x86_64/abi/test_passing_integers.c execution, -O3 -g
FAIL: gcc.target/x86_64/abi/test_passing_integers.c compilation, -Os
UNRESOLVED: gcc.target/x86_64/abi/test_passing_integers.c execution, -Os
FAIL: gcc.target/x86_64/abi/test_passing_structs.c compilation, -O0
UNRESOLVED: gcc.target/x86_64/abi/test_passing_structs.c execution, -O0
FAIL: gcc.target/x86_64/abi/test_passing_structs.c compilation, -O1
UNRESOLVED: gcc.target/x86_64/abi/test_passing_structs.c execution, -O1
FAIL: gcc.target/x86_64/abi/test_passing_structs.c compilation, -O2
UNRESOLVED: gcc.target/x86_64/abi/test_passing_structs.c execution, -O2
FAIL: gcc.target/x86_64/abi/test_passing_structs.c compilation, -O3 -fomit-frame-pointer
UNRESOLVED: gcc.target/x86_64/abi/test_passing_structs.c execution, -O3 -fomit-frame-pointer
FAIL: gcc.target/x86_64/abi/test_passing_structs.c compilation, -O3 -g
UNRESOLVED: gcc.target/x86_64/abi/test_passing_structs.c execution, -O3 -g
FAIL: gcc.target/x86_64/abi/test_passing_structs.c compilation, -Os
UNRESOLVED: gcc.target/x86_64/abi/test_passing_structs.c execution, -Os
FAIL: gcc.target/x86_64/abi/test_passing_structs_and_unions.c compilation, -O0
UNRESOLVED: gcc.target/x86_64/abi/test_passing_structs_and_unions.c execution, -O0
FAIL: gcc.target/x86_64/abi/test_passing_structs_and_unions.c compilation, -O1
UNRESOLVED: gcc.target/x86_64/abi/test_passing_structs_and_unions.c execution, -O1
FAIL: gcc.target/x86_64/abi/test_passing_structs_and_unions.c compilation, -O2
UNRESOLVED: gcc.target/x86_64/abi/test_passing_structs_and_unions.c execution, -O2
FAIL: gcc.target/x86_64/abi/test_passing_structs_and_unions.c compilation, -O3 -fomit-frame-pointer
UNRESOLVED: gcc.target/x86_64/abi/test_passing_structs_and_unions.c execution, -O3 -fomit-frame-pointer
FAIL: gcc.target/x86_64/abi/test_passing_structs_and_unions.c compilation, -O3 -g
UNRESOLVED: gcc.target/x86_64/abi/test_passing_structs_and_unions.c execution, -O3 -g
FAIL: gcc.target/x86_64/abi/test_passing_structs_and_unions.c compilation, -Os
UNRESOLVED: gcc.target/x86_64/abi/test_passing_structs_and_unions.c execution, -Os
FAIL: gcc.target/x86_64/abi/test_passing_unions.c compilation, -O0
UNRESOLVED: gcc.target/x86_64/abi/test_passing_unions.c execution, -O0
FAIL: gcc.target/x86_64/abi/test_passing_unions.c compilation, -O1
UNRESOLVED: gcc.target/x86_64/abi/test_passing_unions.c execution, -O1
FAIL: gcc.target/x86_64/abi/test_passing_unions.c compilation, -O2
UNRESOLVED: gcc.target/x86_64/abi/test_passing_unions.c execution, -O2
FAIL: gcc.target/x86_64/abi/test_passing_unions.c compilation, -O3 -fomit-frame-pointer
UNRESOLVED: gcc.target/x86_64/abi/test_passing_unions.c execution, -O3 -fomit-frame-pointer
FAIL: gcc.target/x86_64/abi/test_passing_unions.c compilation, -O3 -g
UNRESOLVED: gcc.target/x86_64/abi/test_passing_unions.c execution, -O3 -g
FAIL: gcc.target/x86_64/abi/test_passing_unions.c compilation, -Os
UNRESOLVED: gcc.target/x86_64/abi/test_passing_unions.c execution, -Os
FAIL: gcc.target/x86_64/abi/test_struct_returning.c compilation, -O0
UNRESOLVED: gcc.target/x86_64/abi/test_struct_returning.c execution, -O0
FAIL: gcc.target/x86_64/abi/test_struct_returning.c compilation, -O1
UNRESOLVED: gcc.target/x86_64/abi/test_struct_returning.c execution, -O1
FAIL: gcc.target/x86_64/abi/test_struct_returning.c compilation, -O2
UNRESOLVED: gcc.target/x86_64/abi/test_struct_returning.c execution, -O2
FAIL: gcc.target/x86_64/abi/test_struct_returning.c compilation, -O3 -fomit-frame-pointer
UNRESOLVED: gcc.target/x86_64/abi/test_struct_returning.c execution, -O3 -fomit-frame-pointer
FAIL: gcc.target/x86_64/abi/test_struct_returning.c compilation, -O3 -fomit-frame-pointer -funroll-loops
UNRESOLVED: gcc.target/x86_64/abi/test_struct_returning.c execution, -O3 -fomit-frame-pointer -funroll-loops
FAIL: gcc.target/x86_64/abi/test_struct_returning.c compilation, -O3 -fomit-frame-pointer -funroll-all-loops -finline-functions
UNRESOLVED: gcc.target/x86_64/abi/test_struct_returning.c execution, -O3 -fomit-frame-pointer -funroll-all-loops -finline-functions
FAIL: gcc.target/x86_64/abi/test_struct_returning.c compilation, -O3 -g
UNRESOLVED: gcc.target/x86_64/abi/test_struct_returning.c execution, -O3 -g
FAIL: gcc.target/x86_64/abi/test_struct_returning.c compilation, -Os
UNRESOLVED: gcc.target/x86_64/abi/test_struct_returning.c execution, -Os
FAIL: gcc.target/x86_64/abi/test_varargs.c compilation, -O0
UNRESOLVED: gcc.target/x86_64/abi/test_varargs.c execution, -O0
FAIL: gcc.target/x86_64/abi/test_varargs.c compilation, -O1
UNRESOLVED: gcc.target/x86_64/abi/test_varargs.c execution, -O1
FAIL: gcc.target/x86_64/abi/test_varargs.c compilation, -O2
UNRESOLVED: gcc.target/x86_64/abi/test_varargs.c execution, -O2
FAIL: gcc.target/x86_64/abi/test_varargs.c compilation, -O3 -fomit-frame-pointer
UNRESOLVED: gcc.target/x86_64/abi/test_varargs.c execution, -O3 -fomit-frame-pointer
FAIL: gcc.target/x86_64/abi/test_varargs.c compilation, -O3 -fomit-frame-pointer -funroll-loops
UNRESOLVED: gcc.target/x86_64/abi/test_varargs.c execution, -O3 -fomit-frame-pointer -funroll-loops
FAIL: gcc.target/x86_64/abi/test_varargs.c compilation, -O3 -fomit-frame-pointer -funroll-all-loops -finline-functions
UNRESOLVED: gcc.target/x86_64/abi/test_varargs.c execution, -O3 -fomit-frame-pointer -funroll-all-loops -finline-functions
FAIL: gcc.target/x86_64/abi/test_varargs.c compilation, -O3 -g
UNRESOLVED: gcc.target/x86_64/abi/test_varargs.c execution, -O3 -g
FAIL: gcc.target/x86_64/abi/test_varargs.c compilation, -Os
UNRESOLVED: gcc.target/x86_64/abi/test_varargs.c execution, -Os
=== gcc Summary for unix ===
# of expected passes 36218
# of unexpected failures 128
# of unexpected successes 2
# of expected failures 94
# of unresolved testcases 103
# of untested testcases 28
# of unsupported tests 438
=== gcc Summary ===
# of expected passes 72713
# of unexpected failures 128
# of unexpected successes 4
# of expected failures 188
# of unresolved testcases 103
# of untested testcases 56
# of unsupported tests 786
=== gfortran tests ===
Running target unix/-m32
FAIL: gfortran.dg/real_const_1.f -O3 -fomit-frame-pointer (test for excess errors)
WARNING: gfortran.dg/real_const_1.f -O3 -fomit-frame-pointer compilation failed to produce executable
FAIL: gfortran.dg/real_const_1.f -O3 -fomit-frame-pointer -funroll-loops (test for excess errors)
WARNING: gfortran.dg/real_const_1.f -O3 -fomit-frame-pointer -funroll-loops compilation failed to produce executable
FAIL: gfortran.dg/real_const_1.f -O3 -fomit-frame-pointer -funroll-all-loops -finline-functions (test for excess errors)
WARNING: gfortran.dg/real_const_1.f -O3 -fomit-frame-pointer -funroll-all-loops -finline-functions compilation failed to produce executable
FAIL: gfortran.dg/real_const_1.f -O3 -g (test for excess errors)
WARNING: gfortran.dg/real_const_1.f -O3 -g compilation failed to produce executable
FAIL: gfortran.dg/real_const_2.f90 -O3 -fomit-frame-pointer (test for excess errors)
WARNING: gfortran.dg/real_const_2.f90 -O3 -fomit-frame-pointer compilation failed to produce executable
FAIL: gfortran.dg/real_const_2.f90 -O3 -fomit-frame-pointer -funroll-loops (test for excess errors)
WARNING: gfortran.dg/real_const_2.f90 -O3 -fomit-frame-pointer -funroll-loops compilation failed to produce executable
FAIL: gfortran.dg/real_const_2.f90 -O3 -fomit-frame-pointer -funroll-all-loops -finline-functions (test for excess errors)
WARNING: gfortran.dg/real_const_2.f90 -O3 -fomit-frame-pointer -funroll-all-loops -finline-functions compilation failed to produce executable
FAIL: gfortran.dg/real_const_2.f90 -O3 -g (test for excess errors)
WARNING: gfortran.dg/real_const_2.f90 -O3 -g compilation failed to produce executable
FAIL: gfortran.fortran-torture/execute/elemental.f90 execution, -O3 -fomit-frame-pointer -funroll-loops
FAIL: gfortran.fortran-torture/execute/elemental.f90 execution, -O3 -fomit-frame-pointer -funroll-all-loops -finline-functions
=== gfortran Summary for unix/-m32 ===
# of expected passes 8076
# of unexpected failures 10
# of expected failures 9
# of unsupported tests 16
Running target unix
XPASS: gfortran.dg/vect/vect-5.f90 -O scan-tree-dump-times vectorized 2 loops 1
XPASS: gfortran.dg/vect/vect-5.f90 -O scan-tree-dump-times Alignment of access forced using peeling 1
XPASS: gfortran.dg/vect/vect-5.f90 -O scan-tree-dump-times Vectorizing an unaligned access 2
=== gfortran Summary for unix ===
# of expected passes 8075
# of unexpected successes 3
# of expected failures 9
# of unsupported tests 24
=== gfortran Summary ===
# of expected passes 16151
# of unexpected failures 10
# of unexpected successes 3
# of expected failures 18
# of unsupported tests 40
/export/build/gnu/gcc/build-x86_64-linux/gcc/testsuite/../gfortran version 4.1.0 20050720 (experimental)
=== g++ tests ===
Running target unix/-m32
FAIL: g++.dg/tree-ssa/pr14814.C scan-tree-dump-times &this 0
=== g++ Summary for unix/-m32 ===
# of expected passes 11160
# of unexpected failures 1
# of expected failures 66
# of unsupported tests 68
Running target unix
FAIL: g++.dg/tree-ssa/pr14814.C scan-tree-dump-times &this 0
=== g++ Summary for unix ===
# of expected passes 11085
# of unexpected failures 1
# of expected failures 66
# of unsupported tests 91
=== g++ Summary ===
# of expected passes 22245
# of unexpected failures 2
# of expected failures 132
# of unsupported tests 159
/export/build/gnu/gcc/build-x86_64-linux/gcc/testsuite/../g++ version 4.1.0 20050720 (experimental)
=== objc tests ===
Running target unix/-m32
=== objc Summary for unix/-m32 ===
# of expected passes 1590
# of unsupported tests 23
Running target unix
=== objc Summary for unix ===
# of expected passes 1590
# of unsupported tests 23
=== objc Summary ===
# of expected passes 3180
# of unsupported tests 46
/export/build/gnu/gcc/build-x86_64-linux/gcc/xgcc version 4.1.0 20050720 (experimental)
=== libffi tests ===
Running target unix/-m32
=== libffi Summary for unix/-m32 ===
# of expected passes 228
# of unsupported tests 2
Running target unix
=== libffi Summary for unix ===
# of expected passes 228
# of unsupported tests 2
=== libffi Summary ===
# of expected passes 456
# of unsupported tests 4
=== libjava tests ===
Running target unix/-m32
FAIL: PR16923.c compilation
FAIL: Divide_1 output - source compiled test
FAIL: Divide_1 output - gij test
FAIL: Divide_1 output - bytecode->native test
FAIL: Divide_1 -O3 output - source compiled test
FAIL: Divide_1 output - gij test
FAIL: Divide_1 -O3 output - bytecode->native test
=== libjava Summary for unix/-m32 ===
# of expected passes 3909
# of unexpected failures 7
# of expected failures 10
# of untested testcases 8
Running target unix
FAIL: Divide_1 output - source compiled test
FAIL: Divide_1 output - gij test
FAIL: Divide_1 output - bytecode->native test
FAIL: Divide_1 -O3 output - source compiled test
FAIL: Divide_1 output - gij test
FAIL: Divide_1 -O3 output - bytecode->native test
=== libjava Summary for unix ===
# of expected passes 3911
# of unexpected failures 6
# of expected failures 10
# of untested testcases 8
=== libjava Summary ===
# of expected passes 7820
# of unexpected failures 13
# of expected failures 20
# of untested testcases 16
=== libmudflap tests ===
Running target unix/-m32
FAIL: libmudflap.c++/pass41-frag.cxx (test for excess errors)
WARNING: libmudflap.c++/pass41-frag.cxx compilation failed to produce executable
FAIL: libmudflap.c++/pass41-frag.cxx (-O) (test for excess errors)
WARNING: libmudflap.c++/pass41-frag.cxx (-O) compilation failed to produce executable
FAIL: libmudflap.c++/pass41-frag.cxx (-O2) (test for excess errors)
WARNING: libmudflap.c++/pass41-frag.cxx (-O2) compilation failed to produce executable
FAIL: libmudflap.c++/pass41-frag.cxx (-O3) (test for excess errors)
WARNING: libmudflap.c++/pass41-frag.cxx (-O3) compilation failed to produce executable
FAIL: ctors-12 linkage
FAIL: ctors-21 linkage
WARNING: program timed out.
FAIL: ctors-12 execution
WARNING: program timed out.
FAIL: ctors-21 execution
FAIL: ctors-12 linkage -static
FAIL: ctors-21 linkage -static
WARNING: program timed out.
FAIL: ctors-12 execution -static
WARNING: program timed out.
FAIL: ctors-21 execution -static
FAIL: ctors-12 linkage -O2
FAIL: ctors-21 linkage -O2
WARNING: program timed out.
FAIL: ctors-12 execution -O2
WARNING: program timed out.
FAIL: ctors-21 execution -O2
FAIL: ctors-12 linkage -O3
FAIL: ctors-21 linkage -O3
WARNING: program timed out.
FAIL: ctors-12 execution -O3
WARNING: program timed out.
FAIL: ctors-21 execution -O3
FAIL: libmudflap.cth/pass37-frag.c (-static -DSTATIC) execution test
FAIL: libmudflap.cth/pass37-frag.c (-static -DSTATIC) output pattern test
FAIL: libmudflap.cth/pass37-frag.c (-static -DSTATIC) (rerun 1) execution test
FAIL: libmudflap.cth/pass37-frag.c (-static -DSTATIC) (rerun 1) output pattern test
FAIL: libmudflap.cth/pass37-frag.c (-static -DSTATIC) (rerun 2) execution test
FAIL: libmudflap.cth/pass37-frag.c (-static -DSTATIC) (rerun 2) output pattern test
FAIL: libmudflap.cth/pass37-frag.c (-static -DSTATIC) (rerun 3) execution test
FAIL: libmudflap.cth/pass37-frag.c (-static -DSTATIC) (rerun 3) output pattern test
FAIL: libmudflap.cth/pass37-frag.c (-static -DSTATIC) (rerun 4) execution test
FAIL: libmudflap.cth/pass37-frag.c (-static -DSTATIC) (rerun 4) output pattern test
FAIL: libmudflap.cth/pass37-frag.c (-static -DSTATIC) (rerun 5) execution test
FAIL: libmudflap.cth/pass37-frag.c (-static -DSTATIC) (rerun 5) output pattern test
FAIL: libmudflap.cth/pass37-frag.c (-static -DSTATIC) (rerun 6) execution test
FAIL: libmudflap.cth/pass37-frag.c (-static -DSTATIC) (rerun 6) output pattern test
FAIL: libmudflap.cth/pass37-frag.c (-static -DSTATIC) (rerun 7) execution test
FAIL: libmudflap.cth/pass37-frag.c (-static -DSTATIC) (rerun 7) output pattern test
FAIL: libmudflap.cth/pass37-frag.c (-static -DSTATIC) (rerun 8) execution test
FAIL: libmudflap.cth/pass37-frag.c (-static -DSTATIC) (rerun 8) output pattern test
FAIL: libmudflap.cth/pass37-frag.c (-static -DSTATIC) (rerun 9) execution test
FAIL: libmudflap.cth/pass37-frag.c (-static -DSTATIC) (rerun 9) output pattern test
FAIL: libmudflap.cth/pass37-frag.c (-static -DSTATIC) (rerun 10) execution test
FAIL: libmudflap.cth/pass37-frag.c (-static -DSTATIC) (rerun 10) output pattern test
FAIL: libmudflap.cth/pass37-frag.c (-static -DSTATIC) (rerun 11) execution test
FAIL: libmudflap.cth/pass37-frag.c (-static -DSTATIC) (rerun 11) output pattern test
FAIL: libmudflap.cth/pass37-frag.c (-static -DSTATIC) (rerun 12) execution test
FAIL: libmudflap.cth/pass37-frag.c (-static -DSTATIC) (rerun 12) output pattern test
FAIL: libmudflap.cth/pass37-frag.c (-static -DSTATIC) (rerun 13) execution test
FAIL: libmudflap.cth/pass37-frag.c (-static -DSTATIC) (rerun 13) output pattern test
FAIL: libmudflap.cth/pass37-frag.c (-static -DSTATIC) (rerun 14) execution test
FAIL: libmudflap.cth/pass37-frag.c (-static -DSTATIC) (rerun 14) output pattern test
FAIL: libmudflap.cth/pass37-frag.c (-static -DSTATIC) (rerun 15) execution test
FAIL: libmudflap.cth/pass37-frag.c (-static -DSTATIC) (rerun 15) output pattern test
FAIL: libmudflap.cth/pass37-frag.c (-static -DSTATIC) (rerun 16) execution test
FAIL: libmudflap.cth/pass37-frag.c (-static -DSTATIC) (rerun 16) output pattern test
FAIL: libmudflap.cth/pass37-frag.c (-static -DSTATIC) (rerun 17) execution test
FAIL: libmudflap.cth/pass37-frag.c (-static -DSTATIC) (rerun 17) output pattern test
FAIL: libmudflap.cth/pass37-frag.c (-static -DSTATIC) (rerun 18) execution test
FAIL: libmudflap.cth/pass37-frag.c (-static -DSTATIC) (rerun 18) output pattern test
FAIL: libmudflap.cth/pass37-frag.c (-static -DSTATIC) (rerun 19) execution test
FAIL: libmudflap.cth/pass37-frag.c (-static -DSTATIC) (rerun 19) output pattern test
FAIL: libmudflap.cth/pass39-frag.c (-static -DSTATIC) execution test
FAIL: libmudflap.cth/pass39-frag.c (-static -DSTATIC) output pattern test
FAIL: libmudflap.cth/pass39-frag.c (-static -DSTATIC) (rerun 1) execution test
FAIL: libmudflap.cth/pass39-frag.c (-static -DSTATIC) (rerun 1) output pattern test
FAIL: libmudflap.cth/pass39-frag.c (-static -DSTATIC) (rerun 2) execution test
FAIL: libmudflap.cth/pass39-frag.c (-static -DSTATIC) (rerun 2) output pattern test
FAIL: libmudflap.cth/pass39-frag.c (-static -DSTATIC) (rerun 3) execution test
FAIL: libmudflap.cth/pass39-frag.c (-static -DSTATIC) (rerun 3) output pattern test
FAIL: libmudflap.cth/pass39-frag.c (-static -DSTATIC) (rerun 4) execution test
FAIL: libmudflap.cth/pass39-frag.c (-static -DSTATIC) (rerun 4) output pattern test
FAIL: libmudflap.cth/pass39-frag.c (-static -DSTATIC) (rerun 5) execution test
FAIL: libmudflap.cth/pass39-frag.c (-static -DSTATIC) (rerun 5) output pattern test
FAIL: libmudflap.cth/pass39-frag.c (-static -DSTATIC) (rerun 6) execution test
FAIL: libmudflap.cth/pass39-frag.c (-static -DSTATIC) (rerun 6) output pattern test
FAIL: libmudflap.cth/pass39-frag.c (-static -DSTATIC) (rerun 7) execution test
FAIL: libmudflap.cth/pass39-frag.c (-static -DSTATIC) (rerun 7) output pattern test
FAIL: libmudflap.cth/pass39-frag.c (-static -DSTATIC) (rerun 8) execution test
FAIL: libmudflap.cth/pass39-frag.c (-static -DSTATIC) (rerun 8) output pattern test
FAIL: libmudflap.cth/pass39-frag.c (-static -DSTATIC) (rerun 9) execution test
FAIL: libmudflap.cth/pass39-frag.c (-static -DSTATIC) (rerun 9) output pattern test
FAIL: libmudflap.cth/pass39-frag.c (-static -DSTATIC) (rerun 10) execution test
FAIL: libmudflap.cth/pass39-frag.c (-static -DSTATIC) (rerun 10) output pattern test
FAIL: libmudflap.cth/pass39-frag.c (-static -DSTATIC) (rerun 11) execution test
FAIL: libmudflap.cth/pass39-frag.c (-static -DSTATIC) (rerun 11) output pattern test
FAIL: libmudflap.cth/pass39-frag.c (-static -DSTATIC) (rerun 12) execution test
FAIL: libmudflap.cth/pass39-frag.c (-static -DSTATIC) (rerun 12) output pattern test
FAIL: libmudflap.cth/pass39-frag.c (-static -DSTATIC) (rerun 13) execution test
FAIL: libmudflap.cth/pass39-frag.c (-static -DSTATIC) (rerun 13) output pattern test
FAIL: libmudflap.cth/pass39-frag.c (-static -DSTATIC) (rerun 14) execution test
FAIL: libmudflap.cth/pass39-frag.c (-static -DSTATIC) (rerun 14) output pattern test
FAIL: libmudflap.cth/pass39-frag.c (-static -DSTATIC) (rerun 15) execution test
FAIL: libmudflap.cth/pass39-frag.c (-static -DSTATIC) (rerun 15) output pattern test
FAIL: libmudflap.cth/pass39-frag.c (-static -DSTATIC) (rerun 16) execution test
FAIL: libmudflap.cth/pass39-frag.c (-static -DSTATIC) (rerun 16) output pattern test
FAIL: libmudflap.cth/pass39-frag.c (-static -DSTATIC) (rerun 17) execution test
FAIL: libmudflap.cth/pass39-frag.c (-static -DSTATIC) (rerun 17) output pattern test
FAIL: libmudflap.cth/pass39-frag.c (-static -DSTATIC) (rerun 18) execution test
FAIL: libmudflap.cth/pass39-frag.c (-static -DSTATIC) (rerun 18) output pattern test
FAIL: libmudflap.cth/pass39-frag.c (-static -DSTATIC) (rerun 19) execution test
FAIL: libmudflap.cth/pass39-frag.c (-static -DSTATIC) (rerun 19) output pattern test
FAIL: libmudflap.cth/pass40-frag.c (-static -DSTATIC) execution test
FAIL: libmudflap.cth/pass40-frag.c (-static -DSTATIC) output pattern test
=== libmudflap Summary for unix/-m32 ===
# of expected passes 1665
# of unexpected failures 102
Running target unix
FAIL: libmudflap.c++/pass41-frag.cxx (test for excess errors)
WARNING: libmudflap.c++/pass41-frag.cxx compilation failed to produce executable
FAIL: libmudflap.c++/pass41-frag.cxx (-O) (test for excess errors)
WARNING: libmudflap.c++/pass41-frag.cxx (-O) compilation failed to produce executable
FAIL: libmudflap.c++/pass41-frag.cxx (-O2) (test for excess errors)
WARNING: libmudflap.c++/pass41-frag.cxx (-O2) compilation failed to produce executable
FAIL: libmudflap.c++/pass41-frag.cxx (-O3) (test for excess errors)
WARNING: libmudflap.c++/pass41-frag.cxx (-O3) compilation failed to produce executable
FAIL: ctors-12 linkage
FAIL: ctors-21 linkage
WARNING: program timed out.
FAIL: ctors-12 execution
WARNING: program timed out.
FAIL: ctors-21 execution
FAIL: ctors-12 linkage -static
FAIL: ctors-21 linkage -static
WARNING: program timed out.
FAIL: ctors-12 execution -static
WARNING: program timed out.
FAIL: ctors-21 execution -static
FAIL: ctors-12 linkage -O2
FAIL: ctors-21 linkage -O2
WARNING: program timed out.
FAIL: ctors-12 execution -O2
WARNING: program timed out.
FAIL: ctors-21 execution -O2
FAIL: ctors-12 linkage -O3
FAIL: ctors-21 linkage -O3
WARNING: program timed out.
FAIL: ctors-12 execution -O3
WARNING: program timed out.
FAIL: ctors-21 execution -O3
FAIL: libmudflap.cth/pass37-frag.c (-static -DSTATIC) execution test
FAIL: libmudflap.cth/pass37-frag.c (-static -DSTATIC) output pattern test
FAIL: libmudflap.cth/pass37-frag.c (-static -DSTATIC) (rerun 1) execution test
FAIL: libmudflap.cth/pass37-frag.c (-static -DSTATIC) (rerun 1) output pattern test
FAIL: libmudflap.cth/pass37-frag.c (-static -DSTATIC) (rerun 2) execution test
FAIL: libmudflap.cth/pass37-frag.c (-static -DSTATIC) (rerun 2) output pattern test
FAIL: libmudflap.cth/pass37-frag.c (-static -DSTATIC) (rerun 3) execution test
FAIL: libmudflap.cth/pass37-frag.c (-static -DSTATIC) (rerun 3) output pattern test
FAIL: libmudflap.cth/pass37-frag.c (-static -DSTATIC) (rerun 4) execution test
FAIL: libmudflap.cth/pass37-frag.c (-static -DSTATIC) (rerun 4) output pattern test
FAIL: libmudflap.cth/pass37-frag.c (-static -DSTATIC) (rerun 5) execution test
FAIL: libmudflap.cth/pass37-frag.c (-static -DSTATIC) (rerun 5) output pattern test
FAIL: libmudflap.cth/pass37-frag.c (-static -DSTATIC) (rerun 6) execution test
FAIL: libmudflap.cth/pass37-frag.c (-static -DSTATIC) (rerun 6) output pattern test
FAIL: libmudflap.cth/pass37-frag.c (-static -DSTATIC) (rerun 7) execution test
FAIL: libmudflap.cth/pass37-frag.c (-static -DSTATIC) (rerun 7) output pattern test
FAIL: libmudflap.cth/pass37-frag.c (-static -DSTATIC) (rerun 8) execution test
FAIL: libmudflap.cth/pass37-frag.c (-static -DSTATIC) (rerun 8) output pattern test
FAIL: libmudflap.cth/pass37-frag.c (-static -DSTATIC) (rerun 9) execution test
FAIL: libmudflap.cth/pass37-frag.c (-static -DSTATIC) (rerun 9) output pattern test
FAIL: libmudflap.cth/pass37-frag.c (-static -DSTATIC) (rerun 10) execution test
FAIL: libmudflap.cth/pass37-frag.c (-static -DSTATIC) (rerun 10) output pattern test
FAIL: libmudflap.cth/pass37-frag.c (-static -DSTATIC) (rerun 11) execution test
FAIL: libmudflap.cth/pass37-frag.c (-static -DSTATIC) (rerun 11) output pattern test
FAIL: libmudflap.cth/pass37-frag.c (-static -DSTATIC) (rerun 12) execution test
FAIL: libmudflap.cth/pass37-frag.c (-static -DSTATIC) (rerun 12) output pattern test
FAIL: libmudflap.cth/pass37-frag.c (-static -DSTATIC) (rerun 13) execution test
FAIL: libmudflap.cth/pass37-frag.c (-static -DSTATIC) (rerun 13) output pattern test
FAIL: libmudflap.cth/pass37-frag.c (-static -DSTATIC) (rerun 14) execution test
FAIL: libmudflap.cth/pass37-frag.c (-static -DSTATIC) (rerun 14) output pattern test
FAIL: libmudflap.cth/pass37-frag.c (-static -DSTATIC) (rerun 15) execution test
FAIL: libmudflap.cth/pass37-frag.c (-static -DSTATIC) (rerun 15) output pattern test
FAIL: libmudflap.cth/pass37-frag.c (-static -DSTATIC) (rerun 16) execution test
FAIL: libmudflap.cth/pass37-frag.c (-static -DSTATIC) (rerun 16) output pattern test
FAIL: libmudflap.cth/pass37-frag.c (-static -DSTATIC) (rerun 17) execution test
FAIL: libmudflap.cth/pass37-frag.c (-static -DSTATIC) (rerun 17) output pattern test
FAIL: libmudflap.cth/pass37-frag.c (-static -DSTATIC) (rerun 18) execution test
FAIL: libmudflap.cth/pass37-frag.c (-static -DSTATIC) (rerun 18) output pattern test
FAIL: libmudflap.cth/pass37-frag.c (-static -DSTATIC) (rerun 19) execution test
FAIL: libmudflap.cth/pass37-frag.c (-static -DSTATIC) (rerun 19) output pattern test
FAIL: libmudflap.cth/pass39-frag.c (-static -DSTATIC) execution test
FAIL: libmudflap.cth/pass39-frag.c (-static -DSTATIC) output pattern test
FAIL: libmudflap.cth/pass39-frag.c (-static -DSTATIC) (rerun 1) execution test
FAIL: libmudflap.cth/pass39-frag.c (-static -DSTATIC) (rerun 1) output pattern test
FAIL: libmudflap.cth/pass39-frag.c (-static -DSTATIC) (rerun 2) execution test
FAIL: libmudflap.cth/pass39-frag.c (-static -DSTATIC) (rerun 2) output pattern test
FAIL: libmudflap.cth/pass39-frag.c (-static -DSTATIC) (rerun 3) execution test
FAIL: libmudflap.cth/pass39-frag.c (-static -DSTATIC) (rerun 3) output pattern test
FAIL: libmudflap.cth/pass39-frag.c (-static -DSTATIC) (rerun 4) execution test
FAIL: libmudflap.cth/pass39-frag.c (-static -DSTATIC) (rerun 4) output pattern test
FAIL: libmudflap.cth/pass39-frag.c (-static -DSTATIC) (rerun 5) execution test
FAIL: libmudflap.cth/pass39-frag.c (-static -DSTATIC) (rerun 5) output pattern test
FAIL: libmudflap.cth/pass39-frag.c (-static -DSTATIC) (rerun 6) execution test
FAIL: libmudflap.cth/pass39-frag.c (-static -DSTATIC) (rerun 6) output pattern test
FAIL: libmudflap.cth/pass39-frag.c (-static -DSTATIC) (rerun 7) execution test
FAIL: libmudflap.cth/pass39-frag.c (-static -DSTATIC) (rerun 7) output pattern test
FAIL: libmudflap.cth/pass39-frag.c (-static -DSTATIC) (rerun 8) execution test
FAIL: libmudflap.cth/pass39-frag.c (-static -DSTATIC) (rerun 8) output pattern test
FAIL: libmudflap.cth/pass39-frag.c (-static -DSTATIC) (rerun 9) execution test
FAIL: libmudflap.cth/pass39-frag.c (-static -DSTATIC) (rerun 9) output pattern test
FAIL: libmudflap.cth/pass39-frag.c (-static -DSTATIC) (rerun 10) execution test
FAIL: libmudflap.cth/pass39-frag.c (-static -DSTATIC) (rerun 10) output pattern test
FAIL: libmudflap.cth/pass39-frag.c (-static -DSTATIC) (rerun 11) execution test
FAIL: libmudflap.cth/pass39-frag.c (-static -DSTATIC) (rerun 11) output pattern test
FAIL: libmudflap.cth/pass39-frag.c (-static -DSTATIC) (rerun 12) execution test
FAIL: libmudflap.cth/pass39-frag.c (-static -DSTATIC) (rerun 12) output pattern test
FAIL: libmudflap.cth/pass39-frag.c (-static -DSTATIC) (rerun 13) execution test
FAIL: libmudflap.cth/pass39-frag.c (-static -DSTATIC) (rerun 13) output pattern test
FAIL: libmudflap.cth/pass39-frag.c (-static -DSTATIC) (rerun 14) execution test
FAIL: libmudflap.cth/pass39-frag.c (-static -DSTATIC) (rerun 14) output pattern test
FAIL: libmudflap.cth/pass39-frag.c (-static -DSTATIC) (rerun 15) execution test
FAIL: libmudflap.cth/pass39-frag.c (-static -DSTATIC) (rerun 15) output pattern test
FAIL: libmudflap.cth/pass39-frag.c (-static -DSTATIC) (rerun 16) execution test
FAIL: libmudflap.cth/pass39-frag.c (-static -DSTATIC) (rerun 16) output pattern test
FAIL: libmudflap.cth/pass39-frag.c (-static -DSTATIC) (rerun 17) execution test
FAIL: libmudflap.cth/pass39-frag.c (-static -DSTATIC) (rerun 17) output pattern test
FAIL: libmudflap.cth/pass39-frag.c (-static -DSTATIC) (rerun 18) execution test
FAIL: libmudflap.cth/pass39-frag.c (-static -DSTATIC) (rerun 18) output pattern test
FAIL: libmudflap.cth/pass39-frag.c (-static -DSTATIC) (rerun 19) execution test
FAIL: libmudflap.cth/pass39-frag.c (-static -DSTATIC) (rerun 19) output pattern test
FAIL: libmudflap.cth/pass40-frag.c (-static -DSTATIC) execution test
FAIL: libmudflap.cth/pass40-frag.c (-static -DSTATIC) output pattern test
=== libmudflap Summary for unix ===
# of expected passes 1665
# of unexpected failures 102
=== libmudflap Summary ===
# of expected passes 3330
# of unexpected failures 204
=== libstdc++ tests ===
Running target unix/-m32
FAIL: 22_locale/messages/members/char/1.cc execution test
FAIL: 22_locale/messages/members/char/2.cc execution test
FAIL: 22_locale/messages/members/char/wrapped_env.cc execution test
FAIL: 22_locale/messages/members/char/wrapped_locale.cc execution test
FAIL: 22_locale/messages_byname/named_equivalence.cc execution test
FAIL: 23_containers/set/explicit_instantiation/1.cc (test for excess errors)
FAIL: 23_containers/set/explicit_instantiation/3.cc (test for excess errors)
XPASS: 26_numerics/cmath/c99_classification_macros_c.cc (test for excess errors)
=== libstdc++ Summary for unix/-m32 ===
# of expected passes 3856
# of unexpected failures 7
# of unexpected successes 1
# of expected failures 13
Running target unix
XPASS: 26_numerics/cmath/c99_classification_macros_c.cc (test for excess errors)
XPASS: 27_io/fpos/14320-1.cc execution test
=== libstdc++ Summary for unix ===
# of expected passes 3863
# of unexpected successes 2
# of expected failures 12
=== libstdc++ Summary ===
# of expected passes 7719
# of unexpected failures 7
# of unexpected successes 3
# of expected failures 25
Compiler version: 4.1.0 20050720 (experimental)
Platform: x86_64-unknown-linux-gnu
configure flags: --enable-clocale=gnu --with-system-zlib --with-demangler-in-ld --enable-shared --enable-threads=posix --enable-haifa --disable-checking --prefix=/usr/gcc-4.1 --with-local-prefix=/usr/local --enable-languages=c,c++,f95,java,objc