This is the mail archive of the
gcc-testresults@gcc.gnu.org
mailing list for the GCC project.
Results for 4.0.2 20050712 (prerelease) testsuite on i686-pc-linux-gnu
- From: Joe Buck <Joe dot Buck at synopsys dot com>
- To: gcc-testresults at gcc dot gnu dot org
- Date: Tue, 12 Jul 2005 04:13:46 -0700
- Subject: Results for 4.0.2 20050712 (prerelease) testsuite on i686-pc-linux-gnu
This is a Red Hat Enterprise (GNU/)Linux WS release 3 system,
running on a dual 2.2 GHz Intel Xeon system.
kernel: 2.4.21-4.EL (from Red Hat)
glibc: 2.3.2-95.3 (from Red Hat)
binutils: 2.14.90.0.4-26 (from Red Hat)
Only C, C++, ObjC are tested (no Java).
LAST_UPDATED: Tue Jul 12 07:58:18 UTC 2005
Native configuration is i686-pc-linux-gnu
=== g++ tests ===
Running target unix
FAIL: g++.dg/conversion/simd2.C (test for errors, line 15)
FAIL: g++.dg/conversion/simd2.C (test for excess errors)
=== g++ Summary ===
# of expected passes 10993
# of unexpected failures 2
# of expected failures 70
# of unsupported tests 56
/var/tmp/gccbuild/4_0_branch/gcc/testsuite/../g++ version 4.0.2 20050712 (prerelease)
=== gcc tests ===
Running target unix
XPASS: gcc.dg/vect/vect-22.c scan-tree-dump-times vectorized 3 loops 1
=== gcc Summary ===
# of expected passes 34927
# of unexpected successes 1
# of expected failures 93
# of untested testcases 28
# of unsupported tests 328
/var/tmp/gccbuild/4_0_branch/gcc/xgcc version 4.0.2 20050712 (prerelease)
=== objc tests ===
Running target unix
=== objc Summary ===
# of expected passes 1534
# of unsupported tests 10
/var/tmp/gccbuild/4_0_branch/gcc/xgcc version 4.0.2 20050712 (prerelease)
=== libmudflap tests ===
Running target unix
=== libmudflap Summary ===
# of expected passes 1288
=== libstdc++ tests ===
Running target unix
XPASS: 22_locale/locale/cons/12658_thread-1.cc execution test
XPASS: 26_numerics/cmath/c99_classification_macros_c.cc (test for excess errors)
=== libstdc++ Summary ===
# of expected passes 3643
# of unexpected successes 2
# of expected failures 12
Compiler version: 4.0.2 20050712 (prerelease)
Platform: i686-pc-linux-gnu
configure flags: --prefix=/usr/localdisk/gcc-cvs/4_0_branch --enable-languages=c,c++,objc