This is the mail archive of the
gcc-testresults@gcc.gnu.org
mailing list for the GCC project.
Results for 4.1.0 20050710 (experimental) testsuite on i686-pc-linux-gnu
- From: dave at selway dot hia dot nrc dot ca (John David Anglin)
- To: dave at selway dot hia dot nrc dot ca, gcc-testresults at gcc dot gnu dot org
- Date: Sun, 10 Jul 2005 12:51:32 -0400
- Subject: Results for 4.1.0 20050710 (experimental) testsuite on i686-pc-linux-gnu
LAST_UPDATED: Sun Jul 10 00:26:27 UTC 2005
=== acats tests ===
FAIL: c32001e
FAIL: c34007p
FAIL: c34007r
FAIL: c45282b
FAIL: c52102b
FAIL: c52102d
FAIL: c64105b
FAIL: c95086b
FAIL: cd10002
FAIL: cdd2a02
=== acats Summary ===
# of expected passes 2309
# of unexpected failures 10
Native configuration is i686-pc-linux-gnu
=== gcc tests ===
Running target unix
WARNING: program timed out.
FAIL: gcc.c-torture/compile/20001226-1.c (test for excess errors)
XPASS: gcc.dg/vect/vect-22.c scan-tree-dump-times vectorized 3 loops 1
XPASS: gcc.dg/vect/vect-67.c scan-tree-dump-times vectorized 1 loops 1
=== gcc Summary ===
# of expected passes 36479
# of unexpected failures 1
# of unexpected successes 2
# of expected failures 94
# of untested testcases 28
# of unsupported tests 330
/home/dave/gnu/gcc-4.0/objdir/gcc/xgcc version 4.1.0 20050710 (experimental)
=== gfortran tests ===
Running target unix
=== gfortran Summary ===
# of expected passes 7988
# of expected failures 17
# of unsupported tests 8
/home/dave/gnu/gcc-4.0/objdir/gcc/testsuite/../gfortran version 4.1.0 20050710 (experimental)
=== g++ tests ===
Running target unix
FAIL: g++.dg/tree-ssa/pr14814.C scan-tree-dump-times &this 0
XPASS: g++.old-deja/g++.other/init5.C execution test
=== g++ Summary ===
# of expected passes 11150
# of unexpected failures 1
# of unexpected successes 1
# of expected failures 65
# of unsupported tests 62
/home/dave/gnu/gcc-4.0/objdir/gcc/testsuite/../g++ version 4.1.0 20050710 (experimental)
=== objc tests ===
Running target unix
=== objc Summary ===
# of expected passes 1590
# of unsupported tests 23
/home/dave/gnu/gcc-4.0/objdir/gcc/xgcc version 4.1.0 20050710 (experimental)
=== libffi tests ===
Running target unix
=== libffi Summary ===
# of expected passes 219
# of unsupported tests 2
=== libjava tests ===
Running target unix
FAIL: PR19674 compilation from bytecode
FAIL: PR19674 -O3 compilation from bytecode
FAIL: Divide_1 execution - source compiled test
FAIL: Divide_1 output - gij test
FAIL: Divide_1 execution - bytecode->native test
FAIL: Divide_1 -O3 output - source compiled test
FAIL: Divide_1 output - gij test
FAIL: Divide_1 -O3 output - bytecode->native test
=== libjava Summary ===
# of expected passes 3907
# of unexpected failures 8
# of expected failures 10
# of untested testcases 10
=== libmudflap tests ===
Running target unix
FAIL: libmudflap.cth/pass40-frag.c execution test
FAIL: libmudflap.cth/pass40-frag.c output pattern test
FAIL: libmudflap.cth/pass40-frag.c (-O2) execution test
FAIL: libmudflap.cth/pass40-frag.c (-O2) output pattern test
FAIL: libmudflap.cth/pass40-frag.c (-O3) execution test
FAIL: libmudflap.cth/pass40-frag.c (-O3) output pattern test
=== libmudflap Summary ===
# of expected passes 1765
# of unexpected failures 6
=== libstdc++ tests ===
Running target unix
XPASS: 26_numerics/cmath/c99_classification_macros_c.cc (test for excess errors)
=== libstdc++ Summary ===
# of expected passes 3855
# of unexpected successes 1
# of expected failures 13
Compiler version: 4.1.0 20050710 (experimental)
Platform: i686-pc-linux-gnu
configure flags: --with-gnu-as --with-gnu-ld --enable-shared --prefix=/home/dave/opt/gnu/gcc/gcc-4.1.0 --with-local-prefix=/home/dave/opt/gnu --enable-threads=posix --enable-__cxa_atexit --enable-clocale=gnu --enable-java-gc=boehm --with-jacks --enable-java-awt=xlib --enable-languages=c,ada,c++,f95,java,objc