This is the mail archive of the
gcc-testresults@gcc.gnu.org
mailing list for the GCC project.
Results for 4.0.1 20050704 (prerelease) testsuite on hppa2.0w-hp-hpux11.00
- From: John David Anglin <dave at hiauly2 dot hia dot nrc dot ca>
- To: dave at hiauly2 dot hia dot nrc dot ca, gcc-testresults at gcc dot gnu dot org
- Date: Wed, 6 Jul 2005 18:35:09 -0400 (EDT)
- Subject: Results for 4.0.1 20050704 (prerelease) testsuite on hppa2.0w-hp-hpux11.00
LAST_UPDATED: Mon Jul 4 01:33:21 UTC 2005
=== acats tests ===
Native configuration is hppa2.0w-hp-hpux11.00
=== g++ tests ===
Running target unix
=== g++ Summary ===
# of expected passes 10627
# of expected failures 70
# of unsupported tests 128
/xxx/gnu/gcc-3.4/objdir/gcc/testsuite/../g++ version 4.0.1 20050704 (prerelease)
=== gcc tests ===
Running target unix
XPASS: gcc.dg/const-elim-1.c scan-assembler-not L\\\\\$?C[^A-Z]
FAIL: gcc.dg/special/weak-1.c execution test
FAIL: gcc.dg/torture/pr21817-1.c -O0 (test for excess errors)
FAIL: gcc.dg/torture/pr21817-1.c -O1 (test for excess errors)
FAIL: gcc.dg/torture/pr21817-1.c -O2 (test for excess errors)
FAIL: gcc.dg/torture/pr21817-1.c -O3 -fomit-frame-pointer (test for excess errors)
FAIL: gcc.dg/torture/pr21817-1.c -O3 -fomit-frame-pointer -funroll-loops (test for excess errors)
FAIL: gcc.dg/torture/pr21817-1.c -O3 -fomit-frame-pointer -funroll-all-loops -finline-functions (test for excess errors)
FAIL: gcc.dg/torture/pr21817-1.c -O3 -g (test for excess errors)
FAIL: gcc.dg/torture/pr21817-1.c -Os (test for excess errors)
=== gcc Summary ===
# of expected passes 33506
# of unexpected failures 9
# of unexpected successes 1
# of expected failures 76
# of untested testcases 28
# of unsupported tests 567
/xxx/gnu/gcc-3.4/objdir/gcc/xgcc version 4.0.1 20050704 (prerelease)
=== gfortran tests ===
Running target unix
FAIL: gfortran.dg/dev_null.f90 -O0 execution test
FAIL: gfortran.dg/dev_null.f90 -O1 execution test
FAIL: gfortran.dg/dev_null.f90 -O2 execution test
FAIL: gfortran.dg/dev_null.f90 -O3 -fomit-frame-pointer execution test
FAIL: gfortran.dg/dev_null.f90 -O3 -fomit-frame-pointer -funroll-loops execution test
FAIL: gfortran.dg/dev_null.f90 -O3 -fomit-frame-pointer -funroll-all-loops -finline-functions execution test
FAIL: gfortran.dg/dev_null.f90 -O3 -g execution test
FAIL: gfortran.dg/dev_null.f90 -Os execution test
FAIL: gfortran.dg/eoshift.f90 -O0 execution test
=== gfortran Summary ===
# of expected passes 6894
# of unexpected failures 9
# of expected failures 10
# of unsupported tests 17
/xxx/gnu/gcc-3.4/objdir/gcc/testsuite/../gfortran version 4.0.1 20050704 (prerelease)
=== objc tests ===
Running target unix
=== objc Summary ===
# of expected passes 1532
# of unsupported tests 11
/xxx/gnu/gcc-3.4/objdir/gcc/xgcc version 4.0.1 20050704 (prerelease)
=== libstdc++ tests ===
Running target unix
=== libstdc++ Summary ===
# of expected passes 2539
# of expected failures 11
Compiler version: 4.0.1 20050704 (prerelease)
Platform: hppa2.0w-hp-hpux11.00
configure flags: --with-gnu-as --with-as=/opt/gnu/bin/as --enable-shared --with-local-prefix=/opt/gnu --prefix=/opt/gnu/gcc/gcc-4.0.1 --with-gmp=/opt/gnu/gcc/gcc-4.0.1 --enable-debug=no --disable-nls --disable-checking --enable-languages=c,ada,c++,f95,java,objc