This is the mail archive of the
gcc-testresults@gcc.gnu.org
mailing list for the GCC project.
Results for 4.0.1 20050629 (prerelease) testsuite on sparc-sun-solaris2.8
- From: Rainer Orth <ro at TechFak dot Uni-Bielefeld dot DE>
- To: gcc-testresults at gcc dot gnu dot org
- Date: Fri, 1 Jul 2005 19:55:33 +0200 (MEST)
- Subject: Results for 4.0.1 20050629 (prerelease) testsuite on sparc-sun-solaris2.8
LAST_UPDATED: Fri Feb 25 19:14:57 UTC 2005
=== acats tests ===
FAIL: c954025
FAIL: c954026
=== acats Summary ===
# of expected passes 2318
# of unexpected failures 2
Native configuration is sparc-sun-solaris2.8
=== g++ tests ===
Running target unix
=== g++ Summary for unix ===
# of expected passes 10840
# of expected failures 70
# of unsupported tests 117
Running target unix/-m64
=== g++ Summary for unix/-m64 ===
# of expected passes 10808
# of expected failures 70
# of unsupported tests 119
=== g++ Summary ===
# of expected passes 21648
# of expected failures 140
# of unsupported tests 236
/amnt/figaro/volumes/obj-gcc/gcc/obj.sol2/gcc-4.0.1-20050629/8-gcc/gcc/testsuite/../g++ version 4.0.1 20050629 (prerelease)
=== gcc tests ===
Running target unix
=== gcc Summary for unix ===
# of expected passes 34261
# of expected failures 101
# of untested testcases 28
# of unsupported tests 537
Running target unix/-m64
=== gcc Summary for unix/-m64 ===
# of expected passes 34256
# of expected failures 101
# of untested testcases 28
# of unsupported tests 539
=== gcc Summary ===
# of expected passes 68517
# of expected failures 202
# of untested testcases 56
# of unsupported tests 1076
/amnt/figaro/volumes/obj-gcc/gcc/obj.sol2/gcc-4.0.1-20050629/8-gcc/gcc/xgcc version 4.0.1 20050629 (prerelease)
=== gfortran tests ===
Running target unix
=== gfortran Summary for unix ===
# of expected passes 6903
# of expected failures 10
# of unsupported tests 17
Running target unix/-m64
=== gfortran Summary for unix/-m64 ===
# of expected passes 6903
# of expected failures 10
# of unsupported tests 17
=== gfortran Summary ===
# of expected passes 13806
# of expected failures 20
# of unsupported tests 34
/amnt/figaro/volumes/obj-gcc/gcc/obj.sol2/gcc-4.0.1-20050629/8-gcc/gcc/testsuite/../gfortran version 4.0.1 20050629 (prerelease)
=== objc tests ===
Running target unix
=== objc Summary for unix ===
# of expected passes 1534
# of unsupported tests 10
Running target unix/-m64
=== objc Summary for unix/-m64 ===
# of expected passes 1534
# of unsupported tests 10
=== objc Summary ===
# of expected passes 3068
# of unsupported tests 20
/amnt/figaro/volumes/obj-gcc/gcc/obj.sol2/gcc-4.0.1-20050629/8-gcc/gcc/xgcc version 4.0.1 20050629 (prerelease)
=== libffi tests ===
Running target unix
=== libffi Summary for unix ===
# of expected passes 219
# of unsupported tests 2
Running target unix/-m64
=== libffi Summary for unix/-m64 ===
# of expected passes 219
# of unsupported tests 2
=== libffi Summary ===
# of expected passes 438
# of unsupported tests 4
=== libjava tests ===
Running target unix
FAIL: Array_3 execution - gij test
FAIL: Array_3 execution - gij test
WARNING: program timed out.
FAIL: PR18699 execution - source compiled test
WARNING: program timed out.
FAIL: PR18699 execution - gij test
WARNING: program timed out.
FAIL: PR18699 execution - bytecode->native test
WARNING: program timed out.
FAIL: PR18699 -O3 execution - source compiled test
WARNING: program timed out.
FAIL: PR18699 execution - gij test
WARNING: program timed out.
FAIL: PR18699 -O3 execution - bytecode->native test
=== libjava Summary for unix ===
# of expected passes 3780
# of unexpected failures 8
# of expected failures 14
# of untested testcases 24
Running target unix/-m64
FAIL: PR16923 run
FAIL: Array_3 execution - gij test
FAIL: Array_3 execution - gij test
WARNING: program timed out.
FAIL: PR18699 execution - source compiled test
WARNING: program timed out.
FAIL: PR18699 execution - gij test
WARNING: program timed out.
FAIL: PR18699 execution - bytecode->native test
WARNING: program timed out.
FAIL: PR18699 -O3 execution - source compiled test
WARNING: program timed out.
FAIL: PR18699 execution - gij test
WARNING: program timed out.
FAIL: PR18699 -O3 execution - bytecode->native test
FAIL: Throw_2 execution - gij test
FAIL: Throw_2 execution - gij test
=== libjava Summary for unix/-m64 ===
# of expected passes 3775
# of unexpected failures 11
# of expected failures 14
# of untested testcases 27
=== libjava Summary ===
# of expected passes 7555
# of unexpected failures 19
# of expected failures 28
# of untested testcases 51
=== libstdc++ tests ===
Running target unix
=== libstdc++ Summary for unix ===
# of expected passes 3642
# of expected failures 14
Running target unix/-m64
FAIL: ext/array_allocator/2.cc execution test
=== libstdc++ Summary for unix/-m64 ===
# of expected passes 3641
# of unexpected failures 1
# of expected failures 14
=== libstdc++ Summary ===
# of expected passes 7283
# of unexpected failures 1
# of expected failures 28
Compiler version: 4.0.1 20050629 (prerelease)
Platform: sparc-sun-solaris2.8
configure flags: --prefix=/vol/gcc --with-local-prefix=/vol/gcc --disable-nls --with-gmp-dir=/vol/gnu/obj/gmp-4.1.3 --with-mpfr-dir=/vol/gnu/obj/gmp-4.1.3/mpfr --enable-languages=c,ada,c++,f95,java,objc
BOOT_CFLAGS=-g -O2