This is the mail archive of the
gcc-testresults@gcc.gnu.org
mailing list for the GCC project.
Results for 4.1.0 20050628 (experimental) testsuite on i686-pc-linux-gnu
- From: Joe Buck <Joe dot Buck at synopsys dot com>
- To: gcc-testresults at gcc dot gnu dot org
- Date: Tue, 28 Jun 2005 04:46:08 -0700
- Subject: Results for 4.1.0 20050628 (experimental) testsuite on i686-pc-linux-gnu
This is a Red Hat Enterprise (GNU/)Linux WS release 3 system,
running on a dual 2.2 GHz Intel Xeon system.
kernel: 2.4.21-4.EL (from Red Hat)
glibc: 2.3.2-95.3 (from Red Hat)
binutils: 2.14.90.0.4-26 (from Red Hat)
Only C, C++, ObjC are tested (no Java).
LAST_UPDATED: Tue Jun 28 08:26:27 UTC 2005
Native configuration is i686-pc-linux-gnu
=== g++ tests ===
Running target unix
FAIL: g++.dg/tree-ssa/pr14814.C scan-tree-dump-times &this 0
=== g++ Summary ===
# of expected passes 11143
# of unexpected failures 1
# of expected failures 66
# of unsupported tests 61
/var/tmp/gccbuild/trunk/gcc/testsuite/../g++ version 4.1.0 20050628 (experimental)
=== gcc tests ===
Running target unix
WARNING: program timed out.
FAIL: gcc.c-torture/compile/20001226-1.c (test for excess errors)
FAIL: gcc.dg/builtin-object-size-1.c (test for excess errors)
WARNING: gcc.dg/builtin-object-size-1.c compilation failed to produce executable
FAIL: gcc.dg/builtin-object-size-2.c (test for excess errors)
WARNING: gcc.dg/builtin-object-size-2.c compilation failed to produce executable
FAIL: gcc.dg/builtin-object-size-3.c (test for excess errors)
WARNING: gcc.dg/builtin-object-size-3.c compilation failed to produce executable
FAIL: gcc.dg/builtin-object-size-4.c (test for excess errors)
WARNING: gcc.dg/builtin-object-size-4.c compilation failed to produce executable
ERROR: gcc.dg/tree-ssa/20030708-1.c: error executing dg-final: no files matched glob pattern "20030708-1.c.t??.dom3"
UNRESOLVED: gcc.dg/tree-ssa/20030708-1.c: error executing dg-final: no files matched glob pattern "20030708-1.c.t??.dom3"
ERROR: gcc.dg/tree-ssa/20030709-1.c: error executing dg-final: no files matched glob pattern "20030709-1.c.t??.optimized"
UNRESOLVED: gcc.dg/tree-ssa/20030709-1.c: error executing dg-final: no files matched glob pattern "20030709-1.c.t??.optimized"
ERROR: gcc.dg/tree-ssa/20030714-1.c: error executing dg-final: no files matched glob pattern "20030714-1.c.t??.dom3"
UNRESOLVED: gcc.dg/tree-ssa/20030714-1.c: error executing dg-final: no files matched glob pattern "20030714-1.c.t??.dom3"
ERROR: gcc.dg/tree-ssa/20030807-1.c: error executing dg-final: no files matched glob pattern "20030807-1.c.t??.dom3"
UNRESOLVED: gcc.dg/tree-ssa/20030807-1.c: error executing dg-final: no files matched glob pattern "20030807-1.c.t??.dom3"
ERROR: gcc.dg/tree-ssa/20030807-5.c: error executing dg-final: no files matched glob pattern "20030807-5.c.t??.dom3"
UNRESOLVED: gcc.dg/tree-ssa/20030807-5.c: error executing dg-final: no files matched glob pattern "20030807-5.c.t??.dom3"
ERROR: gcc.dg/tree-ssa/20030807-8.c: error executing dg-final: no files matched glob pattern "20030807-8.c.t??.dom3"
UNRESOLVED: gcc.dg/tree-ssa/20030807-8.c: error executing dg-final: no files matched glob pattern "20030807-8.c.t??.dom3"
ERROR: gcc.dg/tree-ssa/20030815-1.c: error executing dg-final: no files matched glob pattern "20030815-1.c.t??.dom3"
UNRESOLVED: gcc.dg/tree-ssa/20030815-1.c: error executing dg-final: no files matched glob pattern "20030815-1.c.t??.dom3"
ERROR: gcc.dg/tree-ssa/20030922-2.c: error executing dg-final: no files matched glob pattern "20030922-2.c.t??.dom1"
UNRESOLVED: gcc.dg/tree-ssa/20030922-2.c: error executing dg-final: no files matched glob pattern "20030922-2.c.t??.dom1"
FAIL: gcc.dg/tree-ssa/loop-2.c scan-tree-dump-times iter 0
FAIL: gcc.dg/tree-ssa/loop-4.c scan-tree-dump-times iter 0
XPASS: gcc.dg/vect/vect-22.c scan-tree-dump-times vectorized 3 loops 1
XPASS: gcc.dg/vect/vect-67.c scan-tree-dump-times vectorized 1 loops 1
FAIL: gcc.dg/vect/vect-reduc-1short.c (test for excess errors)
WARNING: gcc.dg/vect/vect-reduc-1short.c compilation failed to produce executable
FAIL: gcc.dg/vect/vect-reduc-2char.c (test for excess errors)
WARNING: gcc.dg/vect/vect-reduc-2char.c compilation failed to produce executable
=== gcc Summary ===
# of expected passes 36279
# of unexpected failures 9
# of unexpected successes 2
# of expected failures 97
# of unresolved testcases 8
# of untested testcases 28
# of unsupported tests 329
/var/tmp/gccbuild/trunk/gcc/xgcc version 4.1.0 20050628 (experimental)
=== objc tests ===
Running target unix
=== objc Summary ===
# of expected passes 1586
# of unsupported tests 21
/var/tmp/gccbuild/trunk/gcc/xgcc version 4.1.0 20050628 (experimental)
=== libmudflap tests ===
Running target unix
=== libmudflap Summary ===
# of expected passes 1771
=== libstdc++ tests ===
Running target unix
XPASS: 26_numerics/cmath/c99_classification_macros_c.cc (test for excess errors)
FAIL: ext/pb_assoc/example/tree_intervals.cc (test for excess errors)
WARNING: ext/pb_assoc/example/tree_intervals.cc compilation failed to produce executable
=== libstdc++ Summary ===
# of expected passes 1451
# of unexpected failures 1
# of unexpected successes 1
# of expected failures 6
Compiler version: 4.1.0 20050628 (experimental)
Platform: i686-pc-linux-gnu
configure flags: --prefix=/usr/localdisk/gcc-cvs/trunk --enable-languages=c,c++,objc