This is the mail archive of the
gcc-testresults@gcc.gnu.org
mailing list for the GCC project.
Results for 4.1.0 20050626 (experimental) testsuite on powerpc-unknown-linux-gnu
- From: Aldy Hernandez <aldyh at cure81 dot build dot redhat dot com>
- To: aldyh at redhat dot com, gcc-testresults at gcc dot gnu dot org
- Date: Sun, 26 Jun 2005 07:28:09 -0400
- Subject: Results for 4.1.0 20050626 (experimental) testsuite on powerpc-unknown-linux-gnu
LAST_UPDATED:
Native configuration is powerpc-unknown-linux-gnu
=== g++ tests ===
Running target unix
FAIL: g++.dg/tree-ssa/pr14814.C scan-tree-dump-times &this 0
FAIL: g++.old-deja/g++.other/init5.C execution test
=== g++ Summary ===
# of expected passes 11209
# of unexpected failures 2
# of expected failures 65
# of unsupported tests 90
/tmp/aldyh/nightly-builds/powerpc-linux-gnu/cure81.build.redhat.com/gcc/testsuite/../g++ version 4.1.0 20050626 (experimental)
=== gcc tests ===
Running target unix
XPASS: gcc.c-torture/execute/20020720-1.c compilation, -O1
UNRESOLVED: gcc.c-torture/execute/20020720-1.c execution, -O2
UNRESOLVED: gcc.c-torture/execute/20020720-1.c execution, -O3 -fomit-frame-pointer
UNRESOLVED: gcc.c-torture/execute/20020720-1.c execution, -O3 -g
UNRESOLVED: gcc.c-torture/execute/20020720-1.c execution, -Os
FAIL: gcc.dg/20020103-1.c scan-assembler-not LC
FAIL: gcc.dg/altivec-nomfcr.c scan-assembler-not mfcr
FAIL: gcc.dg/cleanup-10.c execution test
FAIL: gcc.dg/cleanup-11.c execution test
FAIL: gcc.dg/cleanup-9.c execution test
ERROR: gcc.dg/tree-ssa/20030708-1.c: error executing dg-final: no files matched glob pattern "20030708-1.c.t??.dom3"
UNRESOLVED: gcc.dg/tree-ssa/20030708-1.c: error executing dg-final: no files matched glob pattern "20030708-1.c.t??.dom3"
ERROR: gcc.dg/tree-ssa/20030709-1.c: error executing dg-final: no files matched glob pattern "20030709-1.c.t??.optimized"
UNRESOLVED: gcc.dg/tree-ssa/20030709-1.c: error executing dg-final: no files matched glob pattern "20030709-1.c.t??.optimized"
ERROR: gcc.dg/tree-ssa/20030714-1.c: error executing dg-final: no files matched glob pattern "20030714-1.c.t??.dom3"
UNRESOLVED: gcc.dg/tree-ssa/20030714-1.c: error executing dg-final: no files matched glob pattern "20030714-1.c.t??.dom3"
ERROR: gcc.dg/tree-ssa/20030807-1.c: error executing dg-final: no files matched glob pattern "20030807-1.c.t??.dom3"
UNRESOLVED: gcc.dg/tree-ssa/20030807-1.c: error executing dg-final: no files matched glob pattern "20030807-1.c.t??.dom3"
ERROR: gcc.dg/tree-ssa/20030807-5.c: error executing dg-final: no files matched glob pattern "20030807-5.c.t??.dom3"
UNRESOLVED: gcc.dg/tree-ssa/20030807-5.c: error executing dg-final: no files matched glob pattern "20030807-5.c.t??.dom3"
ERROR: gcc.dg/tree-ssa/20030807-8.c: error executing dg-final: no files matched glob pattern "20030807-8.c.t??.dom3"
UNRESOLVED: gcc.dg/tree-ssa/20030807-8.c: error executing dg-final: no files matched glob pattern "20030807-8.c.t??.dom3"
ERROR: gcc.dg/tree-ssa/20030815-1.c: error executing dg-final: no files matched glob pattern "20030815-1.c.t??.dom3"
UNRESOLVED: gcc.dg/tree-ssa/20030815-1.c: error executing dg-final: no files matched glob pattern "20030815-1.c.t??.dom3"
ERROR: gcc.dg/tree-ssa/20030922-2.c: error executing dg-final: no files matched glob pattern "20030922-2.c.t??.dom1"
UNRESOLVED: gcc.dg/tree-ssa/20030922-2.c: error executing dg-final: no files matched glob pattern "20030922-2.c.t??.dom1"
FAIL: gcc.dg/tree-ssa/loop-2.c scan-tree-dump-times iter 0
FAIL: gcc.dg/tree-ssa/loop-4.c scan-tree-dump-times iter 0
XPASS: gcc.dg/vect/vect-67.c scan-tree-dump-times vectorized 1 loops 1
FAIL: gcc.dg/vect/vect-reduc-2char.c scan-tree-dump-times vectorized 3 loops 1
=== gcc Summary ===
# of expected passes 37420
# of unexpected failures 8
# of unexpected successes 2
# of expected failures 98
# of unresolved testcases 12
# of untested testcases 28
# of unsupported tests 431
/tmp/aldyh/nightly-builds/powerpc-linux-gnu/cure81.build.redhat.com/gcc/xgcc version 4.1.0 20050626 (experimental)
=== libmudflap tests ===
Running target unix
=== libmudflap Summary ===
# of expected passes 1771
=== libstdc++ tests ===
Running target unix
XPASS: 26_numerics/cmath/c99_classification_macros_c.cc (test for excess errors)
FAIL: 27_io/basic_filebuf/seekoff/char/1-io.cc execution test
FAIL: 27_io/basic_filebuf/seekoff/char/1-io.cc execution test
FAIL: 27_io/basic_filebuf/seekoff/char/2-io.cc execution test
FAIL: 27_io/basic_filebuf/seekoff/char/2-io.cc execution test
FAIL: 27_io/basic_filebuf/seekpos/char/1-io.cc execution test
FAIL: 27_io/basic_filebuf/seekpos/char/1-io.cc execution test
FAIL: 27_io/basic_filebuf/seekpos/char/2-io.cc execution test
FAIL: 27_io/basic_filebuf/seekpos/char/2-io.cc execution test
XPASS: ext/array_allocator/2.cc execution test
=== libstdc++ Summary ===
# of expected passes 9301
# of unexpected failures 8
# of unexpected successes 2
# of expected failures 34
Compiler version: 4.1.0 20050626 (experimental)
Platform: powerpc-unknown-linux-gnu
configure flags: --host=powerpc-linux-gnu --enable-languages=c,c++