This is the mail archive of the
gcc-testresults@gcc.gnu.org
mailing list for the GCC project.
Results for 4.1.0 20050608 (experimental) testsuite on x86_64-suse-linux-gnu
- From: aj at suse dot de (Andreas Jaeger)
- To: gcc-testresults at gcc dot gnu dot org
- Date: Mon, 20 Jun 2005 13:00:03 UT
- Subject: Results for 4.1.0 20050608 (experimental) testsuite on x86_64-suse-linux-gnu
Bootstrap and regtesting on x86_64-suse-linux-gnu.
CVS sources: branch: gomp-20050608-branch.
LAST_UPDATED: Mon Jun 20 11:22:50 UTC 2005
Native configuration is x86_64-suse-linux-gnu
=== gcc tests ===
Running target unix/-m32
FAIL: gcc.dg/tree-ssa/loop-2.c scan-tree-dump-times iter 0
FAIL: gcc.dg/tree-ssa/loop-4.c scan-tree-dump-times iter 0
FAIL: gcc.dg/tree-ssa/loop-9.c scan-assembler-times lea 0
XPASS: gcc.dg/vect/vect-22.c scan-tree-dump-times vectorized 3 loops 1
XPASS: gcc.dg/vect/vect-67.c scan-tree-dump-times vectorized 1 loops 1
=== gcc Summary for unix/-m32 ===
# of expected passes 35672
# of unexpected failures 3
# of unexpected successes 2
# of expected failures 106
# of untested testcases 28
# of unsupported tests 338
Running target unix
FAIL: gcc.dg/tree-ssa/loop-2.c scan-tree-dump-times iter 0
FAIL: gcc.dg/tree-ssa/loop-3.c scan-tree-dump-times step: 1
FAIL: gcc.dg/tree-ssa/loop-4.c scan-tree-dump-times iter 0
XPASS: gcc.dg/vect/vect-22.c scan-tree-dump-times vectorized 3 loops 1
XPASS: gcc.dg/vect/vect-67.c scan-tree-dump-times vectorized 1 loops 1
=== gcc Summary for unix ===
# of expected passes 35450
# of unexpected failures 3
# of unexpected successes 2
# of expected failures 106
# of untested testcases 28
# of unsupported tests 419
=== gcc Summary ===
# of expected passes 71122
# of unexpected failures 6
# of unexpected successes 4
# of expected failures 212
# of untested testcases 56
# of unsupported tests 757
/builds/gcc/misc/gcc/xgcc version 4.1.0 20050608 (experimental)
=== gfortran tests ===
Running target unix/-m32
=== gfortran Summary for unix/-m32 ===
# of expected passes 7181
# of expected failures 24
# of unsupported tests 8
Running target unix
FAIL: gfortran.dg/forall_1.f90 -O1 execution test
FAIL: gfortran.dg/forall_1.f90 -O3 -fomit-frame-pointer execution test
FAIL: gfortran.dg/forall_1.f90 -O3 -fomit-frame-pointer -funroll-loops execution test
FAIL: gfortran.dg/forall_1.f90 -O3 -fomit-frame-pointer -funroll-all-loops -finline-functions execution test
FAIL: gfortran.dg/forall_1.f90 -O3 -g execution test
FAIL: gfortran.dg/forall_1.f90 -Os execution test
XPASS: gfortran.dg/vect/vect-5.f90 -O scan-tree-dump-times vectorized 2 loops 1
XPASS: gfortran.dg/vect/vect-5.f90 -O scan-tree-dump-times Alignment of access forced using peeling 1
XPASS: gfortran.dg/vect/vect-5.f90 -O scan-tree-dump-times Vectorizing an unaligned access 2
=== gfortran Summary for unix ===
# of expected passes 7156
# of unexpected failures 6
# of unexpected successes 3
# of expected failures 24
# of unsupported tests 16
=== gfortran Summary ===
# of expected passes 14337
# of unexpected failures 6
# of unexpected successes 3
# of expected failures 48
# of unsupported tests 24
/builds/gcc/misc/gcc/testsuite/../gfortran version 4.1.0 20050608 (experimental)
=== g++ tests ===
Running target unix/-m32
FAIL: g++.dg/tree-ssa/pr14814.C scan-tree-dump-times &this 0
XPASS: g++.old-deja/g++.other/init5.C execution test
=== g++ Summary for unix/-m32 ===
# of expected passes 11105
# of unexpected failures 1
# of unexpected successes 1
# of expected failures 65
# of unsupported tests 67
Running target unix
FAIL: g++.dg/tree-ssa/pr14814.C scan-tree-dump-times &this 0
XPASS: g++.old-deja/g++.other/init5.C execution test
=== g++ Summary for unix ===
# of expected passes 11030
# of unexpected failures 1
# of unexpected successes 1
# of expected failures 65
# of unsupported tests 90
=== g++ Summary ===
# of expected passes 22135
# of unexpected failures 2
# of unexpected successes 2
# of expected failures 130
# of unsupported tests 157
/builds/gcc/misc/gcc/testsuite/../g++ version 4.1.0 20050608 (experimental)
=== objc tests ===
Running target unix/-m32
=== objc Summary for unix/-m32 ===
# of expected passes 1584
# of unsupported tests 21
Running target unix
=== objc Summary for unix ===
# of expected passes 1584
# of unsupported tests 21
=== objc Summary ===
# of expected passes 3168
# of unsupported tests 42
/builds/gcc/misc/gcc/xgcc version 4.1.0 20050608 (experimental)
=== libgomp tests ===
Running target unix/-m32
FAIL: libgomp.dg/omp_hello.c (test for excess errors)
FAIL: libgomp.dg/omp_hello.c execution test
FAIL: libgomp.dg/omp_matvec.c (test for excess errors)
FAIL: libgomp.dg/omp_matvec.c execution test
FAIL: libgomp.dg/omp_orphan.c (test for excess errors)
FAIL: libgomp.dg/omp_orphan.c execution test
FAIL: libgomp.dg/omp_reduction.c (test for excess errors)
FAIL: libgomp.dg/omp_reduction.c execution test
FAIL: libgomp.dg/omp_workshare1.c (test for excess errors)
FAIL: libgomp.dg/omp_workshare1.c execution test
FAIL: libgomp.dg/omp_workshare2.c (test for excess errors)
FAIL: libgomp.dg/omp_workshare2.c execution test
FAIL: libgomp.dg/omp_workshare3.c (test for excess errors)
FAIL: libgomp.dg/omp_workshare3.c execution test
FAIL: libgomp.dg/omp_workshare4.c (test for excess errors)
FAIL: libgomp.dg/omp_workshare4.c execution test
FAIL: libgomp.dg/ordered-2.c (test for excess errors)
WARNING: libgomp.dg/ordered-2.c compilation failed to produce executable
=== libgomp Summary for unix/-m32 ===
# of expected passes 16
# of unexpected failures 17
Running target unix
FAIL: libgomp.dg/omp_hello.c (test for excess errors)
FAIL: libgomp.dg/omp_hello.c execution test
FAIL: libgomp.dg/omp_matvec.c (test for excess errors)
FAIL: libgomp.dg/omp_matvec.c execution test
FAIL: libgomp.dg/omp_orphan.c (test for excess errors)
FAIL: libgomp.dg/omp_orphan.c execution test
FAIL: libgomp.dg/omp_reduction.c (test for excess errors)
FAIL: libgomp.dg/omp_reduction.c execution test
FAIL: libgomp.dg/omp_workshare1.c (test for excess errors)
FAIL: libgomp.dg/omp_workshare1.c execution test
FAIL: libgomp.dg/omp_workshare2.c (test for excess errors)
FAIL: libgomp.dg/omp_workshare2.c execution test
FAIL: libgomp.dg/omp_workshare3.c (test for excess errors)
FAIL: libgomp.dg/omp_workshare3.c execution test
FAIL: libgomp.dg/omp_workshare4.c (test for excess errors)
FAIL: libgomp.dg/omp_workshare4.c execution test
=== libgomp Summary for unix ===
# of expected passes 18
# of unexpected failures 16
=== libgomp Summary ===
# of expected passes 34
# of unexpected failures 33
=== libmudflap tests ===
Running target unix/-m32
FAIL: libmudflap.cth/pass40-frag.c execution test
FAIL: libmudflap.cth/pass40-frag.c output pattern test
FAIL: libmudflap.cth/pass40-frag.c (-O2) execution test
FAIL: libmudflap.cth/pass40-frag.c (-O2) output pattern test
FAIL: libmudflap.cth/pass40-frag.c (-O3) execution test
FAIL: libmudflap.cth/pass40-frag.c (-O3) output pattern test
=== libmudflap Summary for unix/-m32 ===
# of expected passes 1325
# of unexpected failures 6
Running target unix
=== libmudflap Summary for unix ===
# of expected passes 1331
=== libmudflap Summary ===
# of expected passes 2656
# of unexpected failures 6
=== libstdc++ tests ===
Running target unix/-m32
FAIL: 22_locale/messages/members/char/1.cc execution test
FAIL: 22_locale/messages/members/char/2.cc execution test
FAIL: 22_locale/messages/members/char/wrapped_env.cc execution test
FAIL: 22_locale/messages/members/char/wrapped_locale.cc execution test
FAIL: 22_locale/messages_byname/named_equivalence.cc execution test
XPASS: 26_numerics/cmath/c99_classification_macros_c.cc (test for excess errors)
=== libstdc++ Summary for unix/-m32 ===
# of expected passes 3785
# of unexpected failures 5
# of unexpected successes 1
# of expected failures 12
Running target unix
XPASS: 26_numerics/cmath/c99_classification_macros_c.cc (test for excess errors)
XPASS: 27_io/fpos/14320-1.cc execution test
=== libstdc++ Summary for unix ===
# of expected passes 3790
# of unexpected successes 2
# of expected failures 11
=== libstdc++ Summary ===
# of expected passes 7575
# of unexpected failures 5
# of unexpected successes 3
# of expected failures 23
Compiler version: 4.1.0 20050608 (experimental)
Platform: x86_64-suse-linux-gnu
configure flags: --prefix=/opt/gcc/gomp-20050608-branch --enable-checking=misc,tree,gc,rtl,rtlflag,assert --enable-threads=posix --enable-clocale=gnu --enable-__cxa_atexit --enable-shared --with-system-zlib x86_64-suse-linux-gnu --enable-languages=c,c++,f95,objc
Version of binutils: GNU ld version 2.15.94.0.2.2 20041220 (SuSE Linux)
Version of glibc (/lib/libc.so.6): 2.3.4 (20050218)
Version of glibc (/lib64/libc.so.6): 2.3.4 (20050218)