This is the mail archive of the
gcc-testresults@gcc.gnu.org
mailing list for the GCC project.
Results for 4.1.0 20050614 (experimental) gfortran testsuite on alphaev67-unknown-linux-gnu
- From: Francois-Xavier Coudert <coudert at lcp dot u-psud dot fr>
- To: gcc-testresults at gcc dot gnu dot org
- Date: Tue, 14 Jun 2005 12:37:02 +0200
- Subject: Results for 4.1.0 20050614 (experimental) gfortran testsuite on alphaev67-unknown-linux-gnu
LAST_UPDATED:
Native configuration is alphaev67-unknown-linux-gnu
=== gfortran tests ===
Running target unix
FAIL: gfortran.dg/dev_null.f90 execution test
FAIL: gfortran.dg/dev_null.f90 execution test
FAIL: gfortran.dg/dev_null.f90 execution test
FAIL: gfortran.dg/dev_null.f90 execution test
FAIL: gfortran.dg/dev_null.f90 execution test
FAIL: gfortran.dg/dev_null.f90 execution test
FAIL: gfortran.dg/dev_null.f90 execution test
FAIL: gfortran.dg/dev_null.f90 execution test
FAIL: gfortran.dg/f2c_2.f90 execution test
FAIL: gfortran.dg/f2c_2.f90 execution test
FAIL: gfortran.dg/f2c_2.f90 execution test
FAIL: gfortran.dg/f2c_2.f90 execution test
FAIL: gfortran.dg/f2c_2.f90 execution test
FAIL: gfortran.dg/f2c_2.f90 execution test
FAIL: gfortran.dg/f2c_2.f90 execution test
FAIL: gfortran.dg/f2c_2.f90 execution test
FAIL: gfortran.dg/g77/cabs.f execution test
FAIL: gfortran.dg/g77/cabs.f execution test
FAIL: gfortran.dg/g77/cabs.f execution test
FAIL: gfortran.dg/g77/cabs.f execution test
FAIL: gfortran.dg/g77/cabs.f execution test
FAIL: gfortran.dg/g77/cabs.f execution test
FAIL: gfortran.dg/g77/cabs.f execution test
FAIL: gfortran.dg/g77/cabs.f execution test
FAIL: gfortran.dg/g77/f90-intrinsic-mathematical.f execution test
FAIL: gfortran.dg/g77/f90-intrinsic-mathematical.f execution test
FAIL: gfortran.dg/g77/f90-intrinsic-mathematical.f execution test
FAIL: gfortran.dg/g77/f90-intrinsic-mathematical.f execution test
FAIL: gfortran.dg/g77/f90-intrinsic-mathematical.f execution test
FAIL: gfortran.dg/g77/f90-intrinsic-mathematical.f execution test
FAIL: gfortran.dg/g77/f90-intrinsic-mathematical.f execution test
FAIL: gfortran.dg/g77/f90-intrinsic-mathematical.f execution test
XPASS: gfortran.dg/vect/vect-5.f90 scan-tree-dump-times vectorized 2 loops 1
XPASS: gfortran.dg/vect/vect-5.f90 scan-tree-dump-times Alignment of access forced using peeling 1
XPASS: gfortran.dg/vect/vect-5.f90 scan-tree-dump-times Vectorizing an unaligned access 2
FAIL: gfortran.fortran-torture/execute/csqrt_1.f90 execution, -O0
FAIL: gfortran.fortran-torture/execute/csqrt_1.f90 execution, -O1
FAIL: gfortran.fortran-torture/execute/csqrt_1.f90 execution, -O2
FAIL: gfortran.fortran-torture/execute/csqrt_1.f90 execution, -O3 -fomit-frame-pointer
FAIL: gfortran.fortran-torture/execute/csqrt_1.f90 execution, -O3 -fomit-frame-pointer -funroll-loops
FAIL: gfortran.fortran-torture/execute/csqrt_1.f90 execution, -O3 -fomit-frame-pointer -funroll-all-loops -finline-functions
FAIL: gfortran.fortran-torture/execute/csqrt_1.f90 execution, -O3 -g
FAIL: gfortran.fortran-torture/execute/csqrt_1.f90 execution, -Os
FAIL: gfortran.fortran-torture/execute/intrinsic_abs.f90 execution, -O0
FAIL: gfortran.fortran-torture/execute/intrinsic_abs.f90 execution, -O1
FAIL: gfortran.fortran-torture/execute/intrinsic_abs.f90 execution, -O2
FAIL: gfortran.fortran-torture/execute/intrinsic_abs.f90 execution, -O3 -fomit-frame-pointer
FAIL: gfortran.fortran-torture/execute/intrinsic_abs.f90 execution, -O3 -fomit-frame-pointer -funroll-loops
FAIL: gfortran.fortran-torture/execute/intrinsic_abs.f90 execution, -O3 -fomit-frame-pointer -funroll-all-loops -finline-functions
FAIL: gfortran.fortran-torture/execute/intrinsic_abs.f90 execution, -O3 -g
FAIL: gfortran.fortran-torture/execute/intrinsic_abs.f90 execution, -Os
FAIL: gfortran.fortran-torture/execute/math.f90 execution, -O0
FAIL: gfortran.fortran-torture/execute/math.f90 execution, -O1
FAIL: gfortran.fortran-torture/execute/math.f90 execution, -O2
FAIL: gfortran.fortran-torture/execute/math.f90 execution, -O3 -fomit-frame-pointer
FAIL: gfortran.fortran-torture/execute/math.f90 execution, -O3 -fomit-frame-pointer -funroll-loops
FAIL: gfortran.fortran-torture/execute/math.f90 execution, -O3 -fomit-frame-pointer -funroll-all-loops -finline-functions
FAIL: gfortran.fortran-torture/execute/math.f90 execution, -O3 -g
FAIL: gfortran.fortran-torture/execute/math.f90 execution, -Os
FAIL: gfortran.fortran-torture/execute/power.f90 execution, -O0
FAIL: gfortran.fortran-torture/execute/power.f90 execution, -O1
FAIL: gfortran.fortran-torture/execute/power.f90 execution, -O2
FAIL: gfortran.fortran-torture/execute/power.f90 execution, -O3 -fomit-frame-pointer
FAIL: gfortran.fortran-torture/execute/power.f90 execution, -O3 -fomit-frame-pointer -funroll-loops
FAIL: gfortran.fortran-torture/execute/power.f90 execution, -O3 -fomit-frame-pointer -funroll-all-loops -finline-functions
FAIL: gfortran.fortran-torture/execute/power.f90 execution, -O3 -g
FAIL: gfortran.fortran-torture/execute/power.f90 execution, -Os
=== gfortran Summary ===
# of expected passes7134
# of unexpected failures64
# of unexpected successes3
# of expected failures18
# of unsupported tests21
/tmp/gfortran-20050614/ibin/gcc/testsuite/../gfortran version 4.1.0 20050614 (experimental)
Compiler version: 4.1.0 20050614 (experimental) gfortran
Platform: alphaev67-unknown-linux-gnu
configure flags: --prefix=/tmp/gfortran-20050614/irun --enable-languages=c,f95,;t t