This is the mail archive of the
gcc-testresults@gcc.gnu.org
mailing list for the GCC project.
Results for 4.0.1 20050612 (prerelease) testsuite on sparc-unknown-linux-gnu
- From: Christian Joensson <chj at j-son dot org>
- To: gcc-testresults at gcc dot gnu dot org
- Date: Mon, 13 Jun 2005 19:59:33 +0200
- Subject: Results for 4.0.1 20050612 (prerelease) testsuite on sparc-unknown-linux-gnu
Aurora SPARC Linux release 2.0 (Kashmir FC3) UltraSparc I (SpitFire) sun4u:
binutils-2.16.90.0.3-1
bison-1.875c-2.sparc
dejagnu-1.4.4-2.noarch
expect-5.42.1-1.sparc
gcc-3.4.2-6.fc3.sparc
gcc4-4.0.0-0.8sparc.sparc
glibc-2.3.3-99.sparcv9
glibc-2.3.3-99.sparc64
glibc-devel-2.3.3-99.sparc
glibc-devel-2.3.3-99.sparc64
glibc-headers-2.3.3-99.sparc64
glibc-kernheaders-2.6-20sparc.sparc
gmp-4.1.4-3sparc.sparc
gmp-4.1.4-3sparc.sparc64
gmp-devel-4.1.4-3sparc.sparc
gmp-devel-4.1.4-3sparc.sparc64
kernel-2.6.11-1.1166sp1.sparc64
package kernel-devel is not installed
package kernel-smp is not installed
libgcc-3.4.2-6.fc3.sparc
libgcc-3.4.2-6.fc3.sparc64
libstdc++-3.4.2-6.fc3.sparc
libstdc++-3.4.2-6.fc3.sparc64
libstdc++-devel-3.4.2-6.fc3.sparc
libstdc++-devel-3.4.2-6.fc3.sparc64
make-3.80-5.sparc
nptl-devel-2.3.3-99.sparcv9
tcl-8.4.7-2.sparc
LAST_UPDATED: Sun Jun 12 16:16:31 UTC 2005
=== acats tests ===
FAIL: c99004a
=== acats Summary ===
# of expected passes 2319
# of unexpected failures 1
Native configuration is sparc-unknown-linux-gnu
=== gcc tests ===
Running target unix
=== gcc Summary ===
# of expected passes 34317
# of expected failures 102
# of untested testcases 28
# of unsupported tests 515
/usr/local/src/branch/objdir32/gcc/xgcc version 4.0.1 20050612 (prerelease)
=== gfortran tests ===
Running target unix
=== gfortran Summary ===
# of expected passes 6815
# of expected failures 18
# of unsupported tests 17
/usr/local/src/branch/objdir32/gcc/testsuite/../gfortran version 4.0.1 20050612 (prerelease)
=== g++ tests ===
Running target unix
XPASS: g++.old-deja/g++.other/init5.C execution test
=== g++ Summary ===
# of expected passes 10927
# of unexpected successes 1
# of expected failures 69
# of unsupported tests 89
/usr/local/src/branch/objdir32/gcc/testsuite/../g++ version 4.0.1 20050612 (prerelease)
=== objc tests ===
Running target unix
=== objc Summary ===
# of expected passes 1534
# of unsupported tests 10
/usr/local/src/branch/objdir32/gcc/xgcc version 4.0.1 20050612 (prerelease)
=== treelang tests ===
Running target unix
=== treelang Summary ===
# of expected passes 47
=== libffi tests ===
Running target unix
=== libffi Summary ===
# of expected passes 219
# of unsupported tests 2
=== libjava tests ===
Running target unix
WARNING: program timed out.
FAIL: SyncTest execution - source compiled test
WARNING: program timed out.
FAIL: SyncTest execution - bytecode->native test
WARNING: program timed out.
FAIL: SyncTest -O3 execution - source compiled test
WARNING: program timed out.
FAIL: SyncTest -O3 execution - bytecode->native test
=== libjava Summary ===
# of expected passes 3788
# of unexpected failures 4
# of expected failures 14
# of untested testcases 20
=== libmudflap tests ===
Running target unix
FAIL: libmudflap.c/pass54-frag.c execution test
FAIL: libmudflap.c/pass54-frag.c (-static) execution test
=== libmudflap Summary ===
# of expected passes 1286
# of unexpected failures 2
=== libstdc++ tests ===
Running target unix
WARNING: program timed out.
WARNING: program timed out.
FAIL: 22_locale/locale/cons/12658_thread-2.cc execution test
XPASS: 26_numerics/cmath/c99_classification_macros_c.cc (test for excess errors)
=== libstdc++ Summary ===
# of expected passes 3642
# of unexpected failures 1
# of unexpected successes 1
# of expected failures 13
Compiler version: 4.0.1 20050612 (prerelease)
Platform: sparc-unknown-linux-gnu
configure flags: sparc-linux --enable-__cxa_atexit --disable-multilib --enable-shared --enable-languages=c,ada,c++,f95,java,objc,treelang