This is the mail archive of the
gcc-testresults@gcc.gnu.org
mailing list for the GCC project.
Results for 4.0.120050602(prerelease) testsuite on i686-pc-linux-gnu
- From: Georg Bauhaus <bauhaus at futureapps dot de>
- To: gcc-testresults at gcc dot gnu dot org
- Date: Sun, 05 Jun 2005 16:52:57 +0200
- Subject: Results for 4.0.120050602(prerelease) testsuite on i686-pc-linux-gnu
The compiler was built using make profiledbootstrap.
Debian/GNU testing, 2.6.8 SMP, i.e. dejagnu 1.4.4.
Boostrap compiler has been gcc 3.4.4.
Last lines of output from the make check command, which appears to
have stopped/failed at some point after the C++ check, see below
(replaced characters [#=] -> '~'):
| ~~~ libstdc++ Summary ~~~
|
|~ of expected passes 3639
|~ of unexpected failures 4
|~ of unexpected successes 2
|~ of expected failures 12
|make[3]: *** [check-DEJAGNU] Error 1
|make[3]: Leaving directory \`/home/georg/build/i686-pc-linux-gnu/libstdc++-v3/testsuite'
|make[2]: *** [check-am] Error 2
|make[2]: Leaving directory \`/home/georg/build/i686-pc-linux-gnu/libstdc++-v3/testsuite'
|make[1]: *** [check-recursive] Error 1
|make[1]: Leaving directory \`/home/georg/build/i686-pc-linux-gnu/libstdc++-v3'
|make: *** [check-target-libstdc++-v3] Error 2
|georg@sonnenregen:~/build$
LAST_UPDATED: Obtained from CVS: -rgcc-ss-4_0-20050602
=== acats tests ===
FAIL: c64106c
FAIL: c954026
=== acats Summary ===
# of expected passes 2318
# of unexpected failures 2
Native configuration is i686-pc-linux-gnu
=== g++ tests ===
Running target unix
=== g++ Summary ===
# of expected passes 10988
# of expected failures 70
# of unsupported tests 56
/home/georg/build/gcc/testsuite/../g++ version 4.0.1 20050602 (prerelease)
=== gcc tests ===
Running target unix
WARNING: program timed out.
FAIL: gcc.c-torture/compile/920410-2.c -O2 (test for excess errors)
XPASS: gcc.dg/vect/vect-22.c scan-tree-dump-times vectorized 3 loops 1
=== gcc Summary ===
# of expected passes 34785
# of unexpected failures 1
# of unexpected successes 1
# of expected failures 101
# of untested testcases 28
# of unsupported tests 328
/home/georg/build/gcc/xgcc version 4.0.1 20050602 (prerelease)
=== gfortran tests ===
Running target unix
XPASS: gfortran.dg/ret_pointer_1.f90 -O0 execution test
XPASS: gfortran.dg/ret_pointer_1.f90 -O1 execution test
XPASS: gfortran.dg/ret_pointer_1.f90 -O3 -fomit-frame-pointer execution test
XPASS: gfortran.dg/ret_pointer_1.f90 -O3 -fomit-frame-pointer -funroll-loops execution test
XPASS: gfortran.dg/ret_pointer_1.f90 -O3 -fomit-frame-pointer -funroll-all-loops -finline-functions execution test
=== gfortran Summary ===
# of expected passes 6420
# of unexpected successes 5
# of expected failures 21
/home/georg/build/gcc/testsuite/../gfortran version 4.0.1 20050602 (prerelease)
=== objc tests ===
Running target unix
=== objc Summary ===
# of expected passes 1534
# of unsupported tests 10
/home/georg/build/gcc/xgcc version 4.0.1 20050602 (prerelease)
=== libstdc++ tests ===
Running target unix
XPASS: 22_locale/locale/cons/12658_thread-1.cc execution test
FAIL: 22_locale/messages/members/char/1.cc execution test
FAIL: 22_locale/messages/members/char/2.cc execution test
FAIL: 22_locale/messages/members/char/wrapped_env.cc execution test
FAIL: 22_locale/messages_byname/named_equivalence.cc execution test
XPASS: 26_numerics/cmath/c99_classification_macros_c.cc (test for excess errors)
=== libstdc++ Summary ===
# of expected passes 3639
# of unexpected failures 4
# of unexpected successes 2
# of expected failures 12
Compiler version: 4.0.120050602(prerelease)
Platform: i686-pc-linux-gnu
configure flags: --prefix=/home/georg/opt/GCC/4 --disable-nls --enable-languages=c,ada,c++,f95,java,objc