This is the mail archive of the
gcc-testresults@gcc.gnu.org
mailing list for the GCC project.
Results for 4.1.0 20050605 (experimental) testsuite on x86_64-suse-linux-gnu
- From: aj at suse dot de (Andreas Jaeger)
- To: gcc-testresults at gcc dot gnu dot org
- Date: Sun, 5 Jun 2005 07:29:59 UT
- Subject: Results for 4.1.0 20050605 (experimental) testsuite on x86_64-suse-linux-gnu
Bootstrap and regtesting on x86_64-suse-linux-gnu.
CVS sources: mainline.
LAST_UPDATED: Sun Jun 5 05:18:19 UTC 2005
Native configuration is x86_64-suse-linux-gnu
=== gcc tests ===
Running target unix/-m32
FAIL: gcc.c-torture/execute/20050603-1.c compilation, -O0
UNRESOLVED: gcc.c-torture/execute/20050603-1.c execution, -O0
FAIL: gcc.c-torture/execute/20050603-1.c compilation, -O1
UNRESOLVED: gcc.c-torture/execute/20050603-1.c execution, -O1
FAIL: gcc.c-torture/execute/20050603-1.c compilation, -O2
UNRESOLVED: gcc.c-torture/execute/20050603-1.c execution, -O2
FAIL: gcc.c-torture/execute/20050603-1.c compilation, -O3 -fomit-frame-pointer
UNRESOLVED: gcc.c-torture/execute/20050603-1.c execution, -O3 -fomit-frame-pointer
FAIL: gcc.c-torture/execute/20050603-1.c compilation, -O3 -g
UNRESOLVED: gcc.c-torture/execute/20050603-1.c execution, -O3 -g
FAIL: gcc.c-torture/execute/20050603-1.c compilation, -Os
UNRESOLVED: gcc.c-torture/execute/20050603-1.c execution, -Os
XPASS: gcc.dg/cpp/cmdlne-dI-M.c scan-file (^|\\\\n)cmdlne-dI-M.*:[^\\\\n]*cmdlne-dI-M.c
XPASS: gcc.dg/cpp/cmdlne-dM-M.c scan-file (^|\\\\n)cmdlne-dM-M[^\\\\n]*:[^\\\\n]*cmdlne-dM-M.c
XPASS: gcc.dg/vect/vect-22.c scan-tree-dump-times vectorized 3 loops 1
XPASS: gcc.dg/vect/vect-67.c scan-tree-dump-times vectorized 1 loops 1
=== gcc Summary for unix/-m32 ===
# of expected passes 35626
# of unexpected failures 6
# of unexpected successes 4
# of expected failures 100
# of unresolved testcases 6
# of untested testcases 28
# of unsupported tests 336
Running target unix
FAIL: gcc.c-torture/execute/20050603-1.c compilation, -O0
UNRESOLVED: gcc.c-torture/execute/20050603-1.c execution, -O0
FAIL: gcc.c-torture/execute/20050603-1.c compilation, -O1
UNRESOLVED: gcc.c-torture/execute/20050603-1.c execution, -O1
FAIL: gcc.c-torture/execute/20050603-1.c compilation, -O2
UNRESOLVED: gcc.c-torture/execute/20050603-1.c execution, -O2
FAIL: gcc.c-torture/execute/20050603-1.c compilation, -O3 -fomit-frame-pointer
UNRESOLVED: gcc.c-torture/execute/20050603-1.c execution, -O3 -fomit-frame-pointer
FAIL: gcc.c-torture/execute/20050603-1.c compilation, -O3 -g
UNRESOLVED: gcc.c-torture/execute/20050603-1.c execution, -O3 -g
FAIL: gcc.c-torture/execute/20050603-1.c compilation, -Os
UNRESOLVED: gcc.c-torture/execute/20050603-1.c execution, -Os
XPASS: gcc.dg/cpp/cmdlne-dI-M.c scan-file (^|\\\\n)cmdlne-dI-M.*:[^\\\\n]*cmdlne-dI-M.c
XPASS: gcc.dg/cpp/cmdlne-dM-M.c scan-file (^|\\\\n)cmdlne-dM-M[^\\\\n]*:[^\\\\n]*cmdlne-dM-M.c
XPASS: gcc.dg/vect/vect-22.c scan-tree-dump-times vectorized 3 loops 1
XPASS: gcc.dg/vect/vect-67.c scan-tree-dump-times vectorized 1 loops 1
=== gcc Summary for unix ===
# of expected passes 35400
# of unexpected failures 6
# of unexpected successes 4
# of expected failures 104
# of unresolved testcases 6
# of untested testcases 28
# of unsupported tests 417
=== gcc Summary ===
# of expected passes 71026
# of unexpected failures 12
# of unexpected successes 8
# of expected failures 204
# of unresolved testcases 12
# of untested testcases 56
# of unsupported tests 753
/builds/gcc/misc/gcc/xgcc version 4.1.0 20050605 (experimental)
=== gfortran tests ===
Running target unix/-m32
=== gfortran Summary for unix/-m32 ===
# of expected passes 7133
# of expected failures 24
# of unsupported tests 8
Running target unix
FAIL: gfortran.dg/forall_1.f90 -O1 execution test
FAIL: gfortran.dg/forall_1.f90 -O2 execution test
FAIL: gfortran.dg/forall_1.f90 -O3 -fomit-frame-pointer execution test
FAIL: gfortran.dg/forall_1.f90 -O3 -fomit-frame-pointer -funroll-loops execution test
FAIL: gfortran.dg/forall_1.f90 -O3 -fomit-frame-pointer -funroll-all-loops -finline-functions execution test
FAIL: gfortran.dg/forall_1.f90 -O3 -g execution test
=== gfortran Summary for unix ===
# of expected passes 7108
# of unexpected failures 6
# of expected failures 27
# of unsupported tests 16
=== gfortran Summary ===
# of expected passes 14241
# of unexpected failures 6
# of expected failures 51
# of unsupported tests 24
/builds/gcc/misc/gcc/testsuite/../gfortran version 4.1.0 20050605 (experimental)
=== g++ tests ===
Running target unix/-m32
FAIL: g++.dg/tree-ssa/pr14814.C scan-tree-dump-times &this 0
XPASS: g++.old-deja/g++.other/init5.C execution test
=== g++ Summary for unix/-m32 ===
# of expected passes 11078
# of unexpected failures 1
# of unexpected successes 1
# of expected failures 65
# of unsupported tests 67
Running target unix
FAIL: g++.dg/tree-ssa/pr14814.C scan-tree-dump-times &this 0
XPASS: g++.old-deja/g++.other/init5.C execution test
=== g++ Summary for unix ===
# of expected passes 11003
# of unexpected failures 1
# of unexpected successes 1
# of expected failures 65
# of unsupported tests 90
=== g++ Summary ===
# of expected passes 22081
# of unexpected failures 2
# of unexpected successes 2
# of expected failures 130
# of unsupported tests 157
/builds/gcc/misc/gcc/testsuite/../g++ version 4.1.0 20050605 (experimental)
=== objc tests ===
Running target unix/-m32
=== objc Summary for unix/-m32 ===
# of expected passes 1584
# of unsupported tests 21
Running target unix
=== objc Summary for unix ===
# of expected passes 1584
# of unsupported tests 21
=== objc Summary ===
# of expected passes 3168
# of unsupported tests 42
/builds/gcc/misc/gcc/xgcc version 4.1.0 20050605 (experimental)
=== treelang tests ===
Running target unix/-m32
=== treelang Summary for unix/-m32 ===
# of expected passes 48
Running target unix
=== treelang Summary for unix ===
=== treelang Summary ===
# of expected passes 48
=== libffi tests ===
Running target unix/-m32
=== libffi Summary for unix/-m32 ===
# of expected passes 219
# of unsupported tests 2
Running target unix
=== libffi Summary for unix ===
# of expected passes 219
# of unsupported tests 2
=== libffi Summary ===
# of expected passes 438
# of unsupported tests 4
=== libjava tests ===
Running target unix/-m32
=== libjava Summary for unix/-m32 ===
# of expected passes 3851
# of expected failures 10
# of untested testcases 8
Running target unix
=== libjava Summary for unix ===
# of expected passes 3851
# of expected failures 10
# of untested testcases 8
=== libjava Summary ===
# of expected passes 7702
# of expected failures 20
# of untested testcases 16
=== libmudflap tests ===
Running target unix/-m32
FAIL: libmudflap.c++/pass55-frag.cxx (-O3) (test for excess errors)
WARNING: libmudflap.c++/pass55-frag.cxx (-O3) compilation failed to produce executable
FAIL: libmudflap.c++/pass57-frag.cxx (-O3) (test for excess errors)
WARNING: libmudflap.c++/pass57-frag.cxx (-O3) compilation failed to produce executable
FAIL: libmudflap.cth/pass40-frag.c execution test
FAIL: libmudflap.cth/pass40-frag.c output pattern test
FAIL: libmudflap.cth/pass40-frag.c (-O2) execution test
FAIL: libmudflap.cth/pass40-frag.c (-O2) output pattern test
FAIL: libmudflap.cth/pass40-frag.c (-O3) execution test
FAIL: libmudflap.cth/pass40-frag.c (-O3) output pattern test
=== libmudflap Summary for unix/-m32 ===
# of expected passes 1321
# of unexpected failures 8
Running target unix
FAIL: libmudflap.c++/pass57-frag.cxx (test for excess errors)
WARNING: libmudflap.c++/pass57-frag.cxx compilation failed to produce executable
FAIL: libmudflap.c++/pass57-frag.cxx (-static) (test for excess errors)
WARNING: libmudflap.c++/pass57-frag.cxx (-static) compilation failed to produce executable
FAIL: libmudflap.c++/pass57-frag.cxx (-O2) (test for excess errors)
WARNING: libmudflap.c++/pass57-frag.cxx (-O2) compilation failed to produce executable
FAIL: libmudflap.c++/pass57-frag.cxx (-O3) (test for excess errors)
WARNING: libmudflap.c++/pass57-frag.cxx (-O3) compilation failed to produce executable
=== libmudflap Summary for unix ===
# of expected passes 1323
# of unexpected failures 4
=== libmudflap Summary ===
# of expected passes 2644
# of unexpected failures 12
=== libstdc++ tests ===
Running target unix/-m32
FAIL: 22_locale/messages/members/char/1.cc execution test
FAIL: 22_locale/messages/members/char/2.cc execution test
FAIL: 22_locale/messages/members/char/wrapped_env.cc execution test
FAIL: 22_locale/messages/members/char/wrapped_locale.cc execution test
FAIL: 22_locale/messages_byname/named_equivalence.cc execution test
XPASS: 26_numerics/cmath/c99_classification_macros_c.cc (test for excess errors)
=== libstdc++ Summary for unix/-m32 ===
# of expected passes 3773
# of unexpected failures 5
# of unexpected successes 1
# of expected failures 12
Running target unix
XPASS: 26_numerics/cmath/c99_classification_macros_c.cc (test for excess errors)
XPASS: 27_io/fpos/14320-1.cc execution test
=== libstdc++ Summary for unix ===
# of expected passes 3778
# of unexpected successes 2
# of expected failures 11
=== libstdc++ Summary ===
# of expected passes 7551
# of unexpected failures 5
# of unexpected successes 3
# of expected failures 23
Compiler version: 4.1.0 20050605 (experimental)
Platform: x86_64-suse-linux-gnu
configure flags: --prefix=/opt/gcc/4.1-devel --enable-checking=misc,tree,gc,rtl,rtlflag,assert --enable-threads=posix --enable-clocale=gnu --enable-__cxa_atexit --enable-shared --with-system-zlib x86_64-suse-linux-gnu --enable-languages=c,c++,f95,java,objc,treelang
Version of binutils: GNU ld version 2.15.94.0.2.2 20041220 (SuSE Linux)
Version of glibc (/lib/libc.so.6): 2.3.4 (20050218)
Version of glibc (/lib64/libc.so.6): 2.3.4 (20050218)