This is the mail archive of the
gcc-testresults@gcc.gnu.org
mailing list for the GCC project.
Results for 4.0.1 20050526 (prerelease) testsuite on i686-pc-linux-gnu
- From: alonso dot schaich at informatik dot uni-ulm dot de (Alonso Schaich)
- To: gcc-testresults at gcc dot gnu dot org
- Date: Thu, 02 Jun 2005 17:44:38 +0200
- Subject: Results for 4.0.1 20050526 (prerelease) testsuite on i686-pc-linux-gnu
LAST_UPDATED: Obtained from CVS: -rgcc-ss-4_0-20050526
Native configuration is i686-pc-linux-gnu
=== gcc tests ===
Running target unix
FAIL: gcc.dg/compat/vector-2 c_compat_x_tst.o-c_compat_y_tst.o execute
XPASS: gcc.dg/vect/vect-22.c scan-tree-dump-times vectorized 3 loops 1
=== gcc Summary ===
# of expected passes 34774
# of unexpected failures 1
# of unexpected successes 1
# of expected failures 101
# of untested testcases 28
# of unsupported tests 328
/var/tmp/gcc/gcc/xgcc version 4.0.1 20050526 (prerelease)
=== g++ tests ===
Running target unix
=== g++ Summary ===
# of expected passes 10958
# of expected failures 70
# of unsupported tests 56
/var/tmp/gcc/gcc/testsuite/../g++ version 4.0.1 20050526 (prerelease)
=== libmudflap tests ===
Running target unix
FAIL: libmudflap.cth/pass40-frag.c execution test
FAIL: libmudflap.cth/pass40-frag.c output pattern test
FAIL: libmudflap.cth/pass40-frag.c (-O2) execution test
FAIL: libmudflap.cth/pass40-frag.c (-O2) output pattern test
FAIL: libmudflap.cth/pass40-frag.c (-O3) execution test
FAIL: libmudflap.cth/pass40-frag.c (-O3) output pattern test
=== libmudflap Summary ===
# of expected passes 1282
# of unexpected failures 6
=== libstdc++ tests ===
Running target unix
XPASS: 22_locale/locale/cons/12658_thread-1.cc execution test
XPASS: 26_numerics/cmath/c99_classification_macros_c.cc (test for excess errors)
=== libstdc++ Summary ===
# of expected passes 3641
# of unexpected successes 2
# of expected failures 12
Compiler version: 4.0.1 20050526 (prerelease)
Platform: i686-pc-linux-gnu
configure flags: --prefix=/import/share/tools --with-local-prefix=/import/share/tools --program-suffix=-4.0-cvs --disable-werror --enable-version-specific-runtime-libs --with-arch=athlon64 --enable-languages=c,c++